000
CXUS53 KMPX 012135
CLMSTC
CLIMATE REPORT
NATIONAL WEATHER SERVICE TWIN CITIES/CHANHASSEN MN
335 PM CST FRI MAR 01 2024
...................................
...THE ST CLOUD MN CLIMATE SUMMARY FOR THE MONTH OF FEBRUARY 2024...
CLIMATE NORMAL PERIOD 1991 TO 2020
CLIMATE RECORD PERIOD 1893 TO 2024
WEATHER OBSERVED NORMAL DEPART LAST YEAR`S
VALUE DATE(S) VALUE FROM VALUE DATE(S)
NORMAL
................................................................
TEMPERATURE (F)
RECORD
HIGH 59 02/17/2017
02/27/2016
LOW -40 02/02/1996
HIGHEST 58 02/26 40 18 41 02/12
LOWEST 0 02/28 -15 15 -18 02/03
AVG. MAXIMUM 40.6 25.7 14.9 27.8
AVG. MINIMUM 20.2 6.5 13.7 4.4
MEAN 30.4 16.1 14.3 16.1
DAYS MAX >= 90 0 0.0 0.0 0
DAYS MAX <= 32 5 19.2 -14.2 15
DAYS MIN <= 32 27 27.4 -0.4 28
DAYS MIN <= 0 1 9.9 -8.9 11
PRECIPITATION (INCHES)
RECORD
MAXIMUM 2.94 1922
MINIMUM 0.00 1894
TOTALS 0.99 0.76 0.23 1.76
DAILY AVG. 0.03 NAN NAN 0.06
DAYS >= .01 2 6.4 -4.4 8
DAYS >= .10 2 2.5 -0.5 6
DAYS >= .50 1 0.3 0.7 1
DAYS >= 1.00 0 0.0 0.0 0
GREATEST
24 HR. TOTAL 0.74 02/08 TO 02/08
SNOWFALL (INCHES)
RECORDS
TOTAL 27.6 2019
TOTALS 4.5 8.9 -4.4 14.0
SINCE 7/1 13.6 34.9 -21.3 MM
SNOWDEPTH AVG. 0 10
DAYS >= 1.0 1 3.0 -2.0 4
GREATEST
SNOW DEPTH 3 02/15 13 02/25
02/16
02/26
02/27
24 HR TOTAL 4.4 02/14 TO 02/14
DEGREE DAYS
HEATING TOTAL 996 1369 -373 1364
SINCE 7/1 4898 6450 -1552 MM
COOLING TOTAL 0 0 0 0
SINCE 1/1 0 0 0 MM
................................................................
WIND (MPH)
AVERAGE WIND SPEED 7.9
HIGHEST WIND SPEED/DIRECTION 28/200 DATE 02/08
HIGHEST GUST SPEED/DIRECTION 38/320 DATE 02/27
SKY COVER
POSSIBLE SUNSHINE (PERCENT) MM
AVERAGE SKY COVER 0.26
NUMBER OF DAYS FAIR 21
NUMBER OF DAYS PC 4
NUMBER OF DAYS CLOUDY 4
AVERAGE RH (PERCENT) 68
WEATHER CONDITIONS. NUMBER OF DAYS WITH
THUNDERSTORM 0 MIXED PRECIP 0
HEAVY RAIN 0 RAIN 1
LIGHT RAIN 1 FREEZING RAIN 0
LT FREEZING RAIN 0 HAIL 0
HEAVY SNOW 0 SNOW 1
LIGHT SNOW 3 SLEET 0
FOG 10 FOG W/VIS <= 1/4 MILE 1
HAZE 3
- INDICATES NEGATIVE NUMBERS.
R INDICATES RECORD WAS SET OR TIED.
MM INDICATES DATA IS MISSING.
T INDICATES TRACE AMOUNT.
$$