126
CXUS55 KSTO 092345
CF6STO
PRELIMINARY LOCAL CLIMATOLOGICAL DATA (WS FORM: F-6)
STATION: SACRAMENTO CITY
MONTH: JULY
YEAR: 2020
LATITUDE: 38 36 N
LONGITUDE: 121 23 W
TEMPERATURE IN F: :PCPN: SNOW: WIND :SUNSHINE: SKY :PK WND
================================================================================
1 2 3 4 5 6A 6B 7 8 9 10 11 12 13 14 15 16 17 18
12Z AVG MX 2MIN
DY MAX MIN AVG DEP HDD CDD WTR SNW DPTH SPD SPD DIR MIN PSBL S-S WX SPD DR
================================================================================
1 97 62 80 4 0 15 0.00 0.0 M M M M M M M M M
2 90 57 74 -2 0 9 0.00 0.0 M M M M M M M M M
3 91 56 74 -2 0 9 0.00 0.0 M M M M M M M M M
4 99 62 81 5 0 16 0.00 0.0 M M M M M M M M M
5 101 65 83 7 0 18 0.00 0.0 M M M M M M M M M
6 93 63 78 1 0 13 0.00 M M M M M M M M M M
7 94 58 76 -1 0 11 0.00 0.0 0 M M M M M M M M
8 98 63 81 4 0 16 0.00 0.0 M M M M M M M M M
9 101 61 81 4 0 16 0.00 0.0 M M M M M M M M M
10 103 67 85 8 0 20 0.00 0.0 M M M M M M M M M
11 106 67 87 10 0 22 0.00 0.0 0 M M M M M M M M
12 106 67 87 10 0 22 0.00 0.0 0 M M M M M M M M
13 96 63 80 3 0 15 0.00 M M M M M M M M M M
14 95 59 77 0 0 12 0.00 0.0 M M M M M M M M M
15 97 59 78 1 0 13 0.00 0.0 M M M M M M M M M
16 93 60 77 0 0 12 0.00 0.0 M M M M M M M M M
17 93 60 77 0 0 12 0.00 M M M M M M M M M M
18 102 62 82 5 0 17 0.00 M M M M M M M M M M
19 94 62 78 0 0 13 0.00 0.0 M M M M M M M M M
20 90 59 75 -3 0 10 0.00 0.0 M M M M M M M M M
21 89 59 74 -4 0 9 0.00 0.0 M M M M M M M M M
22 90 58 74 -4 0 9 0.00 M M M M M M M M M M
23 94 58 76 -2 0 11 0.00 M M M M M M M M M M
24 93 61 77 -1 0 12 0.00 0.0 M M M M M M M M M
25 98 58 78 0 0 13 0.00 0.0 M M M M M M M M M
26 101 62 82 5 0 17 0.00 M M M M M M M M M M
27 100 64 82 5 0 17 0.00 0.0 0 M M M M M M M M
28 101 60 81 4 0 16 0.00 0.0 0 M M M M M M M M
29 101 62 82 5 0 17 0.00 0.0 0 M M M M M M M M
30 99 60 80 3 0 15 0.00 M M M M M M M M M M
31 98 59 79 2 0 14 0.00 0.0 M M M M M M M M M
================================================================================
SM 3003 1893 0 441 0.00 0.0 M M M
================================================================================
AV 96.9 61.1 M FASTST M M 0 MAX(MPH)
MISC ----> M M M M
================================================================================
NOTES:
# LAST OF SEVERAL OCCURRENCES
COLUMN 17 PEAK WIND IN M.P.H.
PRELIMINARY LOCAL CLIMATOLOGICAL DATA (WS FORM: F-6) , PAGE 2
STATION: SACRAMENTO CITY
MONTH: JULY
YEAR: 2020
LATITUDE: 38 36 N
LONGITUDE: 121 23 W
[TEMPERATURE DATA] [PRECIPITATION DATA] SYMBOLS USED IN COLUMN 16
AVERAGE MONTHLY: 79.0 TOTAL FOR MONTH: 0.00 1 = FOG OR MIST
DPTR FM NORMAL: 1.9 DPTR FM NORMAL: 0.00 2 = FOG REDUCING VISIBILITY
HIGHEST: 106 ON 12,11 GRTST 24HR 0.00 ON 31-31 TO 1/4 MILE OR LESS
LOWEST: 56 ON 3 3 = THUNDER
SNOW, ICE PELLETS, HAIL 4 = ICE PELLETS
TOTAL MONTH: 0.0 INCH 5 = HAIL
GRTST 24HR 0.0 6 = FREEZING RAIN OR DRIZZLE
GRTST DEPTH: 0 7 = DUSTSTORM OR SANDSTORM:
VSBY 1/2 MILE OR LESS
8 = SMOKE OR HAZE
[NO. OF DAYS WITH] [WEATHER - DAYS WITH] 9 = BLOWING SNOW
X = TORNADO
MAX 32 OR BELOW: 0 0.01 INCH OR MORE: 0
MAX 90 OR ABOVE: 30 0.10 INCH OR MORE: 0
MIN 32 OR BELOW: 0 0.50 INCH OR MORE: 0
MIN 0 OR BELOW: 0 1.00 INCH OR MORE: 0
[HDD (BASE 65) ]
TOTAL THIS MO. 0 CLEAR (SCALE 0-3) 0
DPTR FM NORMAL 0 PTCLDY (SCALE 4-7) 0
TOTAL FM JUL 1 0 CLOUDY (SCALE 8-10) 0
DPTR FM NORMAL 0
[CDD (BASE 65) ]
TOTAL THIS MO. 441
DPTR FM NORMAL 66 [PRESSURE DATA]
TOTAL FM JAN 1 1075 HIGHEST SLP M ON M
DPTR FM NORMAL 289 LOWEST SLP M ON M
[REMARKS]
#FINAL-07-20#