000
CXUS51 KBGM 012332 CCA
CLSSYR
CLIMATE REPORT...CORRECTED
NATIONAL WEATHER SERVICE BINGHAMTON, NY
734 PM EDT THU SEP 01 2022
...................................
...THE SYRACUSE NY CLIMATE SUMMARY FOR THE SEASON, FROM
6/1/2022 TO 8/31/2022...
CLIMATE NORMAL PERIOD 1991 TO 2020
CLIMATE RECORD PERIOD 1902 TO 2022
WEATHER OBSERVED NORMAL DEPART LAST YEAR`S
VALUE DATE(S) VALUE FROM VALUE DATE(S)
NORMAL
................................................................
TEMPERATURE (F)
RECORD
HIGH 101 07/17/2012
08/14/2002
07/21/2011
LOW 35 06/01/1966
HIGHEST 95 07/20 79 16 96 06/28
07/23
LOWEST 44 06/05 58 -14 49 06/02
06/23
AVG. MAXIMUM 82.0 79.8 2.2 83.2
AVG. MINIMUM 61.0 59.7 1.3 63.7
MEAN 71.5 69.7 1.8 73.4
DAYS MAX >= 90 14 8.7 5.3 15
DAYS MAX <= 32 0 0.0 0.0 0
DAYS MIN <= 32 0 0.0 0.0 0
DAYS MIN <= 0 0 0.0 0.0 0
PRECIPITATION (INCHES)
RECORD
MAXIMUM 19.93 2021
MINIMUM 5.33 1965
TOTALS 11.52 11.12 0.40 19.93
DAILY AVG. 0.13 0.12 0.01 0.21
DAYS >= .01 31 34.4 -3.4 27
DAYS >= .10 24 21.5 2.5 17
DAYS >= .50 7 7.5 -0.5 9
DAYS >= 1.00 3 2.2 0.8 4
GREATEST
24 HR. TOTAL 1.78 06/16 TO 06/16 3.64 08/18 TO 08/19
SNOWFALL (INCHES)
RECORDS
TOTAL T 2016
24 HR TOTAL T 06/07/2016 TO 06/07/2016
08/07/2008 TO 08/07/2008
08/07/2008 TO 06/16/2008
SNOW DEPTH T 06/07/2016
TOTALS 0.0 0.0 0.0 0.0
SINCE 7/1 0.0 0.0 0.0 0.0
SNOWDEPTH AVG. 0 0
DAYS >= TRACE 0 0.0 0.0 0
DAYS >= 1.0 0 0.0 0.0 0
GREATEST
SNOW DEPTH 0 0
24 HR TOTAL 0.0 0.0
DEGREE DAYS
HEATING TOTAL 42 75 -33 20
SINCE 7/1 0 15 -15 3
COOLING TOTAL 662 513 149 813
SINCE 1/1 728 551 177 872
FREEZE DATES
RECORD
EARLIEST 09/23/1963
LATEST 05/24/1963
EARLIEST MM
LATEST 05/01
................................................................
WIND (MPH)
AVERAGE WIND SPEED 7.0
RESULTANT WIND SPEED/DIRECTION 3/260
HIGHEST WIND SPEED/DIRECTION 38/230 DATE 06/16
HIGHEST GUST SPEED/DIRECTION 55/230 DATE 07/24
SKY COVER
POSSIBLE SUNSHINE (PERCENT) MM
AVERAGE SKY COVER 0.60
AVERAGE RH (PERCENT) 65
WEATHER CONDITIONS. NUMBER OF DAYS WITH
THUNDERSTORM 21 MIXED PRECIP 0
HEAVY RAIN 9 RAIN 16
LIGHT RAIN 43 FREEZING RAIN 0
LT FREEZING RAIN 0 HAIL 0
HEAVY SNOW 0 SNOW 0
LIGHT SNOW 0 SLEET 0
FOG 26 FOG W/VIS <= 1/4 MILE 0
HAZE 3
- INDICATES NEGATIVE NUMBERS.
R INDICATES RECORD WAS SET OR TIED.
MM INDICATES DATA IS MISSING.
T INDICATES TRACE AMOUNT.
&&
14TH WARMEST JUNE TO AUGUST
CORRECTED AVERAGE MINIMUM TEMPERATURE
$$
TAC