000
CXUS55 KPUB 022211
CF6TAD
PRELIMINARY LOCAL CLIMATOLOGICAL DATA (WS FORM: F-6)
STATION: TRINIDAD CO
MONTH: JUNE
YEAR: 2023
LATITUDE: 37 16 N
LONGITUDE: 104 20 W
TEMPERATURE IN F: :PCPN: SNOW: WIND :SUNSHINE: SKY :PK WND
================================================================================
1 2 3 4 5 6A 6B 7 8 9 10 11 12 13 14 15 16 17 18
12Z AVG MX 2MIN
DY MAX MIN AVG DEP HDD CDD WTR SNW DPTH SPD SPD DIR MIN PSBL S-S WX SPD DR
================================================================================
1 78 51 65 -1 0 0 0.02 M M 14.0 32 190 M M 3 42 190
2 74 47 61 -5 4 0 0.08 M M 11.6 36 190 M M 3 3 52 200
3 70 45 58 -8 7 0 0.04 M M 7.3 17 60 M M 6 1 24 40
4 70 47 59 -8 6 0 0.31 M M 8.4 22 30 M M 9 13 29 30
5 68 51 60 -7 5 0 0.15 M M 6.4 16 260 M M 7 1 22 130
6 78 49 64 -4 1 0 T M M 9.7 32 250 M M 1 3 42 250
7 78 46 62 -6 3 0 0.03 M M 7.2 26 250 M M 3 3 37 270
8 80 51 66 -2 0 1 0.00 M M 8.1 16 260 M M 0 20 250
9 78 50 64 -4 1 0 0.04 M M 8.6 26 120 M M 1 3 38 130
10 81 47 64 -5 1 0 0.00 M M 8.3 20 180 M M 0 3 26 170
11 75 49 62 -7 3 0 0.05 M M 8.5 36 340 M M 4 13 47 330
12 74 50 62 -7 3 0 0.15 M M 11.2 36 350 M M 5 13 56 350
13 75 45 60 -10 5 0 0.02 M M 7.2 32 20 M M 2 13 40 20
14 78 47 63 -7 2 0 0.36 M M 10.1 20 330 M M 1 3 38 330
15 79 48 64 -6 1 0 T M M 6.8 26 180 M M 1 3 36 180
16 83 46 65 -5 0 0 0.00 M M 10.5 26 180 M M 0 3 35 160
17 77 45 61 -10 4 0 0.07 M M 8.6 32 280 M M 1 38 45 300
18 89 46 68 -3 0 3 0.00 M M 10.5 21 250 M M 0 31 230
19 91 55 73 2 0 8 0.00 M M 9.1 21 240 M M 0 32 230
20 89 60 75 3 0 10 0.00 M M 12.3 26 250 M M 0 37 240
21 92 53 73 1 0 8 0.00 M M 13.0 29 140 M M 0 39 130
22 76 57 67 -5 0 2 0.02 M M 10.1 23 120 M M 4 123 32 120
23 95 56 76 4 0 11 0.00 M M 14.4 35 260 M M 0 52 270
24 93 45 69 -3 0 4 0.00 M M 10.9 23 260 M M 0 32 270
25 89 55 72 -1 0 7 0.00 M M 10.1 24 140 M M 0 35 140
26 99 63 81 8 0 16 0.00 M M 13.9 30 260 M M 0 41 250
27 97 62 80 7 0 15 T M M 14.1 39 250 M M 0 53 240
28 99 64 82 9 0 17 0.00 M M 14.2 26 240 M M 0 37 260
29 79 61 70 -4 0 5 0.21 M M 9.9 28 250 M M 3 38 33 260
30 78 54 66 -8 0 1 0.21 M M 8.0 23 130 M M 4 13 31 130
================================================================================
SM 2462 1545 46 108 1.76 0.0 303.0 M 58
================================================================================
AV 82.1 51.5 10.1 FASTST M M 2 MAX(MPH)
MISC ----> 39 250 56 350
================================================================================
NOTES:
COLUMN 7; 6/29 0.18 INCHES WAS RECORDED BEFORE ASOS CRASHED. RADAR INDICATED
LIGHT PRECIP BETWEEN CRASH AND RESTORE TIME...WITH RADAR ESTIMATES BETWEEN A
TRACE AND 0.10 INCHES. OPTED TO KEEP 0.18 TOTALS IN
COLUMN 17 PEAK WIND IN M.P.H.
PRELIMINARY LOCAL CLIMATOLOGICAL DATA (WS FORM: F-6) , PAGE 2
STATION: TRINIDAD CO
MONTH: JUNE
YEAR: 2023
LATITUDE: 37 16 N
LONGITUDE: 104 20 W
[TEMPERATURE DATA] [PRECIPITATION DATA] SYMBOLS USED IN COLUMN 16
AVERAGE MONTHLY: 66.8 TOTAL FOR MONTH: 1.76 1 = FOG OR MIST
DPTR FM NORMAL: -3.3 DPTR FM NORMAL: 0.57 2 = FOG REDUCING VISIBILITY
HIGHEST: 99 ON 28,26 GRTST 24HR 0.46 ON 4- 5 TO 1/4 MILE OR LESS
LOWEST: 45 ON 24,17 3 = THUNDER
SNOW, ICE PELLETS, HAIL 4 = ICE PELLETS
TOTAL MONTH: 0.0 INCH 5 = HAIL
GRTST 24HR 0.0 6 = FREEZING RAIN OR DRIZZLE
GRTST DEPTH: 0 7 = DUSTSTORM OR SANDSTORM:
VSBY 1/2 MILE OR LESS
8 = SMOKE OR HAZE
[NO. OF DAYS WITH] [WEATHER - DAYS WITH] 9 = BLOWING SNOW
X = TORNADO
MAX 32 OR BELOW: 0 0.01 INCH OR MORE: 15
MAX 90 OR ABOVE: 7 0.10 INCH OR MORE: 6
MIN 32 OR BELOW: 0 0.50 INCH OR MORE: 0
MIN 0 OR BELOW: 0 1.00 INCH OR MORE: 0
[HDD (BASE 65) ]
TOTAL THIS MO. 46 CLEAR (SCALE 0-3) 23
DPTR FM NORMAL 19 PTCLDY (SCALE 4-7) 6
TOTAL FM JUL 1 5591 CLOUDY (SCALE 8-10) 1
DPTR FM NORMAL 321
[CDD (BASE 65) ]
TOTAL THIS MO. 108
DPTR FM NORMAL -72 [PRESSURE DATA]
TOTAL FM JAN 1 113 HIGHEST SLP 30.12 ON 5
DPTR FM NORMAL -104 LOWEST SLP 29.59 ON 23
[REMARKS]
#FINAL-06-23#