000
CXUS55 KPUB 011210
CF6TAD
PRELIMINARY LOCAL CLIMATOLOGICAL DATA (WS FORM: F-6)
STATION: TRINIDAD CO
MONTH: MAY
YEAR: 2021
LATITUDE: 37 16 N
LONGITUDE: 104 20 W
TEMPERATURE IN F: :PCPN: SNOW: WIND :SUNSHINE: SKY :PK WND
================================================================================
1 2 3 4 5 6A 6B 7 8 9 10 11 12 13 14 15 16 17 18
12Z AVG MX 2MIN
DY MAX MIN AVG DEP HDD CDD WTR SNW DPTH SPD SPD DIR MIN PSBL S-S WX SPD DR
================================================================================
1 85 49 67 13 0 2 0.00 M M 12.5 24 250 M M 0 29 250
2 83 48 66 12 0 1 0.00 M M 14.7 36 20 M M 1 49 20
3 51 39 45 -10 20 0 0.42 M M 11.9 25 10 M M 10 1 33 20
4 65 38 52 -3 13 0 0.00 M M 7.3 18 310 M M 7 24 70
5 71 41 56 0 9 0 0.00 M M 10.0 29 60 M M 1 39 50
6 79 39 59 3 6 0 0.00 M M 9.8 22 200 M M 0 29 190
7 85 54 70 14 0 5 0.00 M M 13.8 36 250 M M 0 47 240
8 84 47 66 9 0 1 0.00 M M 16.1 36 300 M M 1 8 47 310
9 49 40 45 -12 20 0 0.06 M M 7.8 21 70 M M 8 38 27 60
10 63 33 48 -10 17 0 0.27 M M 10.8 26 320 M M 9 13 34 320
11 43 33 38 -20 27 0 0.34 M M 7.8 18 340 M M 10 18 22 300
12 61 39 50 -8 15 0 0.00 M M 8.0 21 260 M M 5 26 260
13 77 43 60 1 5 0 T M M 10.2 23 280 M M 1 39 310
14 79 47 63 4 2 0 0.01 M M 10.2 22 210 M M 0 3 31 200
15 73 51 62 3 3 0 T M M 9.6 25 200 M M 4 42 30
16 76 52 64 4 1 0 0.06 M M 7.8 24 340 M M 3 3 32 340
17 68 46 57 -3 8 0 0.88 M M 9.2 24 330 M M 7 13 37 350
18 64 45 55 -6 10 0 0.25 M M 9.4 26 90 M M 8 3 36 90
19 68 42 55 -6 10 0 0.00 M M 8.3 17 250 M M 0 23 240
20 82 47 65 4 0 0 0.00 M M 12.0 26 260 M M 0 37 260
21 81 57 69 7 0 4 0.00 M M 16.6 43 230 M M 1 59 230
22 76 48 62 0 3 0 2.11 M M 18.6 36 180 M M 5 13 47 180
23 79 49 64 2 1 0 0.40 M M 16.4 38 190 M M 2 13 52 160
24 80 44 62 -1 3 0 0.00 M M 9.1 16 50 M M 0 21 50
25 75 45 60 -3 5 0 0.00 M M 9.5 20 250 M M 0 24 30
26 83 52 68 4 0 3 0.00 M M 10.0 26 240 M M 0 36 250
27 78 50 64 0 1 0 0.00 M M 9.7 24 190 M M 0 31 200
28 77 48 63 -1 2 0 0.00 M M 11.3 31 220 M M 0 40 220
29 81 56 69 4 0 4 T M M 13.3 28 320 M M 1 3 40 320
30 70 49 60 -5 5 0 1.08 M M 8.2 24 310 M M 9 13 37 310
31 56 49 53 -12 12 0 0.12 M M 6.6 23 150 M M 10 1 30 140
================================================================================
SM 2242 1420 198 20 6.00 M 336.5 M 103
================================================================================
AV 72.3 45.8 10.9 FASTST M M 3 MAX(MPH)
MISC ----> 43 230 59 230
================================================================================
NOTES:
# LAST OF SEVERAL OCCURRENCES
COLUMN 17 PEAK WIND IN M.P.H.
PRELIMINARY LOCAL CLIMATOLOGICAL DATA (WS FORM: F-6) , PAGE 2
STATION: TRINIDAD CO
MONTH: MAY
YEAR: 2021
LATITUDE: 37 16 N
LONGITUDE: 104 20 W
[TEMPERATURE DATA] [PRECIPITATION DATA] SYMBOLS USED IN COLUMN 16
AVERAGE MONTHLY: 59.1 TOTAL FOR MONTH: 6.00 1 = FOG OR MIST
DPTR FM NORMAL: -0.7 DPTR FM NORMAL: 4.52 2 = FOG REDUCING VISIBILITY
HIGHEST: 85 ON 7, 1 GRTST 24HR 2.51 ON 22-23 TO 1/4 MILE OR LESS
LOWEST: 33 ON 11,10 3 = THUNDER
SNOW, ICE PELLETS, HAIL 4 = ICE PELLETS
TOTAL MONTH: M 5 = HAIL
GRTST 24HR M ON M 6 = FREEZING RAIN OR DRIZZLE
GRTST DEPTH: M ON M 7 = DUSTSTORM OR SANDSTORM:
VSBY 1/2 MILE OR LESS
8 = SMOKE OR HAZE
[NO. OF DAYS WITH] [WEATHER - DAYS WITH] 9 = BLOWING SNOW
X = TORNADO
MAX 32 OR BELOW: 0 0.01 INCH OR MORE: 12
MAX 90 OR ABOVE: 0 0.10 INCH OR MORE: 9
MIN 32 OR BELOW: 0 0.50 INCH OR MORE: 3
MIN 0 OR BELOW: 0 1.00 INCH OR MORE: 2
[HDD (BASE 65) ]
TOTAL THIS MO. 198 CLEAR (SCALE 0-3) 19
DPTR FM NORMAL 1 PTCLDY (SCALE 4-7) 6
TOTAL FM JUL 1 5349 CLOUDY (SCALE 8-10) 6
DPTR FM NORMAL 104
[CDD (BASE 65) ]
TOTAL THIS MO. 20
DPTR FM NORMAL -15 [PRESSURE DATA]
TOTAL FM JAN 1 22 HIGHEST SLP 30.32 ON 11
DPTR FM NORMAL -15 LOWEST SLP 29.26 ON 2
[REMARKS]
#FINAL-05-21#