000
CXUS52 KTBW 021139
CF6TBW
PRELIMINARY LOCAL CLIMATOLOGICAL DATA (WS FORM: F-6)
STATION: RUSKIN WFO
MONTH: SEPTEMBER
YEAR: 2021
LATITUDE: 27 42 N
LONGITUDE: 82 24 W
TEMPERATURE IN F: :PCPN: SNOW: WIND :SUNSHINE: SKY :PK WND
================================================================================
1 2 3 4 5 6A 6B 7 8 9 10 11 12 13 14 15 16 17 18
12Z AVG MX 2MIN
DY MAX MIN AVG DEP HDD CDD WTR SNW DPTH SPD SPD DIR MIN PSBL S-S WX SPD DR
================================================================================
1 82 73 78 -4 0 13 2.32 0.0 0 M M M M M M 123 M M
2 87 74 81 -1 0 16 0.50 0.0 0 M M M M M M 13 M M
3 89 74 82 0 0 17 0.01 0.0 0 M M M M M M 3 M M
4 91 73 82 0 0 17 T 0.0 0 M M M M M M M M
5 90 73 82 0 0 17 0.00 0.0 0 M M M M M M M M
6 90 75 83 1 0 18 0.01 0.0 0 M M M M M M M M
7 88 75 82 0 0 17 0.22 0.0 0 M M M M M M 3 M M
8 91 72 82 0 0 17 0.54 0.0 0 M M M M M M 13 M M
9 88 74 81 -1 0 16 1.07 0.0 0 M M M M M M 13 M M
10 88 74 81 -1 0 16 0.61 0.0 0 M M M M M M 13 M M
11 84 74 79 -3 0 14 0.10 0.0 0 M M M M M M 3 M M
12 95 73 84 2 0 19 T 0.0 0 M M M M M M 3 M M
13 93 76 85 3 0 20 0.10 0.0 0 M M M M M M 3 M M
14 92 71 82 0 0 17 1.37 0.0 0 M M M M M M 13 M M
15 91 71 81 0 0 16 0.73 0.0 0 M M M M M M 13 M M
16 86 73 80 -1 0 15 0.21 0.0 0 M M M M M M 13 M M
17 85 73 79 -2 0 14 1.89 0.0 0 M M M M M M 13 M M
18 84 74 79 -2 0 14 0.01 0.0 0 M M M M M M M M
19 89 74 82 1 0 17 0.08 0.0 0 M M M M M M M M
20 88 74 81 0 0 16 0.00 0.0 0 M M M M M M M M
21 92 72 82 1 0 17 0.10 0.0 0 M M M M M M 3 M M
22 89 72 81 0 0 16 0.00 0.0 0 M M M M M M M M
23 90 74 82 1 0 17 0.00 0.0 0 M M M M M M M M
24 92 75 84 4 0 19 0.00 0.0 0 M M M M M M M M
25 93 73 83 3 0 18 0.00 0.0 0 M M M M M M M M
26 92 73 83 3 0 18 T 0.0 0 M M M M M M M M
27 90 70 80 0 0 15 0.00 0.0 0 M M M M M M M M
28 89 68 79 -1 0 14 0.00 0.0 0 M M M M M M M M
29 89 67 78 -2 0 13 0.00 0.0 0 M M M M M M M M
30 92 70 81 1 0 16 0.00 0.0 0 M M M M M M M M
================================================================================
SM 2679 2184 0 489 9.87 0.0 M M M
================================================================================
AV 89.3 72.8 M FASTST M M M MAX(MPH)
MISC ----> M M M M
================================================================================
NOTES:
# LAST OF SEVERAL OCCURRENCES
COLUMN 17 PEAK WIND IN M.P.H.
PRELIMINARY LOCAL CLIMATOLOGICAL DATA (WS FORM: F-6) , PAGE 2
STATION: RUSKIN WFO
MONTH: SEPTEMBER
YEAR: 2021
LATITUDE: 27 42 N
LONGITUDE: 82 24 W
[TEMPERATURE DATA] [PRECIPITATION DATA] SYMBOLS USED IN COLUMN 16
AVERAGE MONTHLY: 81.1 TOTAL FOR MONTH: 9.87 1 = FOG OR MIST
DPTR FM NORMAL: -0.1 DPTR FM NORMAL: 2.17 2 = FOG REDUCING VISIBILITY
HIGHEST: 95 ON 12 GRTST 24HR 2.32 ON 1- 1 TO 1/4 MILE OR LESS
LOWEST: 67 ON 29 3 = THUNDER
SNOW, ICE PELLETS, HAIL 4 = ICE PELLETS
TOTAL MONTH: 0.0 INCH 5 = HAIL
GRTST 24HR 0.0 6 = FREEZING RAIN OR DRIZZLE
GRTST DEPTH: 0 7 = DUSTSTORM OR SANDSTORM:
VSBY 1/2 MILE OR LESS
8 = SMOKE OR HAZE
[NO. OF DAYS WITH] [WEATHER - DAYS WITH] 9 = BLOWING SNOW
X = TORNADO
MAX 32 OR BELOW: 0 0.01 INCH OR MORE: 17
MAX 90 OR ABOVE: 15 0.10 INCH OR MORE: 13
MIN 32 OR BELOW: 0 0.50 INCH OR MORE: 8
MIN 0 OR BELOW: 0 1.00 INCH OR MORE: 4
[HDD (BASE 65) ]
TOTAL THIS MO. 0 CLEAR (SCALE 0-3) 0
DPTR FM NORMAL 0 PTCLDY (SCALE 4-7) 0
TOTAL FM JUL 1 0 CLOUDY (SCALE 8-10) 30
DPTR FM NORMAL 0
[CDD (BASE 65) ]
TOTAL THIS MO. 489
DPTR FM NORMAL 3 [PRESSURE DATA]
TOTAL FM JAN 1 3176 HIGHEST SLP M ON M
DPTR FM NORMAL 277 LOWEST SLP M ON M
[REMARKS]
#FINAL-09-21#