000
CXUS54 KBMX 011010
CF6TCL
PRELIMINARY LOCAL CLIMATOLOGICAL DATA (WS FORM: F-6)
STATION: TUSCALOOSA
MONTH: APRIL
YEAR: 2023
LATITUDE: 33 13 N
LONGITUDE: 87 37 W
TEMPERATURE IN F: :PCPN: SNOW: WIND :SUNSHINE: SKY :PK WND
================================================================================
1 2 3 4 5 6A 6B 7 8 9 10 11 12 13 14 15 16 17 18
12Z AVG MX 2MIN
DY MAX MIN AVG DEP HDD CDD WTR SNW DPTH SPD SPD DIR MIN PSBL S-S WX SPD DR
================================================================================
1 84 60 72 12 0 7 0.02 0.0 0 11.8 18 250 M M 4 39 270
2 74 43 59 -2 6 0 0.00 0.0 0 3.6 14 200 M M M 18 200
3 77 54 66 5 0 1 0.70 0.0 M 5.2 13 140 M M 5 1 20 150
4 87 67 77 16 0 12 0.00 0.0 0 9.4 18 180 M M 5 18 32 170
5 86 63 75 14 0 10 0.00 0.0 0 7.7 18 190 M M 3 1 27 160
6 78 58 68 6 0 3 T 0.0 0 5.2 21 300 M M 7 31 290
7 67 54 61 -1 4 0 0.27 0.0 0 9.0 17 20 M M 9 13 21 20
8 58 50 54 -8 11 0 2.45 0.0 0 9.1 16 60 M M 10 1 23 70
9 72 50 61 -1 4 0 0.00 0.0 0 5.9 15 60 M M 8 23 70
10 72 48 60 -2 5 0 0.00 0.0 0 6.2 14 60 M M 0 23 50
11 76 44 60 -3 5 0 0.00 0.0 0 3.9 14 50 M M 1 20 60
12 78 43 61 -2 4 0 0.00 0.0 0 1.5 12 40 M M 0 17 50
13 75 56 66 3 0 1 0.16 0.0 0 10.1 29 170 M M 8 1 50 190
14 74 56 65 2 0 0 0.07 0.0 0 4.8 15 240 M M 8 1 23 280
15 81 52 67 3 0 2 T 0.0 0 3.9 13 160 M M 1 12 20 180
16 71 48 60 -4 5 0 0.00 0.0 0 7.6 20 260 M M 4 29 250
17 74 43 59 -5 6 0 0.00 0.0 0 4.7 21 320 M M 0 34 320
18 81 41 61 -3 4 0 0.00 0.0 0 2.2 13 200 M M 0 19 230
19 84 46 65 1 0 0 0.00 0.0 0 3.4 16 210 M M 0 1 22 160
20 85 49 67 2 0 2 0.00 0.0 0 5.5 18 180 M M 0 1 28 170
21 76 55 66 1 0 1 0.61 0.0 0 6.1 20 180 M M 3 13 27 190
22 74 51 63 -2 2 0 T 0.0 0 4.9 18 350 M M 2 32 340
23 67 51 59 -7 6 0 T 0.0 0 8.5 17 30 M M 3 24 360
24 70 48 59 -7 6 0 0.00 0.0 0 8.1 18 40 M M 3 24 30
25 74 44 59 -7 6 0 0.00 0.0 M 4.7 10 30 M M 2 16 50
26 75 56 66 0 0 1 0.71 0.0 0 9.7 23 70 M M 7 13 29 50
27 72 58 65 -2 0 0 0.10 0.0 0 4.7 14 310 M M 9 13 20 310
28 77 56 67 0 0 2 0.00 0.0 0 5.6 13 270 M M 5 1 19 240
29 77 52 65 -2 0 0 0.43 0.0 0 4.4 24 270 M M 2 13 37 270
30 71 53 62 -6 3 0 0.19 0.0 0 8.0 20 270 M M 4 1 31 260
================================================================================
SM 2267 1549 77 42 5.71 0.0 185.4 M 113
================================================================================
AV 75.6 51.6 6.2 FASTST M M 4 MAX(MPH)
MISC ----> 29 170 50 190
================================================================================
NOTES:
# LAST OF SEVERAL OCCURRENCES
COLUMN 17 PEAK WIND IN M.P.H.
PRELIMINARY LOCAL CLIMATOLOGICAL DATA (WS FORM: F-6) , PAGE 2
STATION: TUSCALOOSA
MONTH: APRIL
YEAR: 2023
LATITUDE: 33 13 N
LONGITUDE: 87 37 W
[TEMPERATURE DATA] [PRECIPITATION DATA] SYMBOLS USED IN COLUMN 16
AVERAGE MONTHLY: 63.6 TOTAL FOR MONTH: 5.71 1 = FOG OR MIST
DPTR FM NORMAL: -0.2 DPTR FM NORMAL: 0.71 2 = FOG REDUCING VISIBILITY
HIGHEST: 87 ON 4 GRTST 24HR 2.71 ON 7- 8 TO 1/4 MILE OR LESS
LOWEST: 41 ON 18 3 = THUNDER
SNOW, ICE PELLETS, HAIL 4 = ICE PELLETS
TOTAL MONTH: 0.0 INCH 5 = HAIL
GRTST 24HR 0.0 6 = FREEZING RAIN OR DRIZZLE
GRTST DEPTH: 0 7 = DUSTSTORM OR SANDSTORM:
VSBY 1/2 MILE OR LESS
8 = SMOKE OR HAZE
[NO. OF DAYS WITH] [WEATHER - DAYS WITH] 9 = BLOWING SNOW
X = TORNADO
MAX 32 OR BELOW: 0 0.01 INCH OR MORE: 11
MAX 90 OR ABOVE: 0 0.10 INCH OR MORE: 9
MIN 32 OR BELOW: 0 0.50 INCH OR MORE: 4
MIN 0 OR BELOW: 0 1.00 INCH OR MORE: 1
[HDD (BASE 65) ]
TOTAL THIS MO. 77 CLEAR (SCALE 0-3) 14
DPTR FM NORMAL -31 PTCLDY (SCALE 4-7) 10
TOTAL FM JUL 1 1877 CLOUDY (SCALE 8-10) 6
DPTR FM NORMAL -517
[CDD (BASE 65) ]
TOTAL THIS MO. 42
DPTR FM NORMAL -28 [PRESSURE DATA]
TOTAL FM JAN 1 136 HIGHEST SLP 30.38 ON 10
DPTR FM NORMAL 36 LOWEST SLP 29.60 ON 30
[REMARKS]
#FINAL-04-23#