000
CXUS52 KTAE 010800
CF6TLH
PRELIMINARY LOCAL CLIMATOLOGICAL DATA (WS FORM: F-6)
STATION: TALLAHASSEE
MONTH: AUGUST
YEAR: 2022
LATITUDE: 30 22 N
LONGITUDE: 84 22 W
TEMPERATURE IN F: :PCPN: SNOW: WIND :SUNSHINE: SKY :PK WND
================================================================================
1 2 3 4 5 6A 6B 7 8 9 10 11 12 13 14 15 16 17 18
12Z AVG MX 2MIN
DY MAX MIN AVG DEP HDD CDD WTR SNW DPTH SPD SPD DIR MIN PSBL S-S WX SPD DR
================================================================================
1 94 71 83 0 0 18 0.14 0.0 0 3.3 21 220 M M 4 38 26 220
2 93 72 83 0 0 18 0.00 0.0 M 5.3 22 250 M M 4 3 26 250
3 93 72 83 0 0 18 0.00 0.0 M 4.0 16 220 M M 5 20 220
4 92 73 83 0 0 18 T 0.0 0 4.3 15 70 M M 3 3 19 70
5 94 73 84 1 0 19 1.15 0.0 0 4.7 33 120 M M 4 13 47 120
6 92 74 83 0 0 18 0.41 0.0 M 5.0 25 100 M M 5 13 30 100
7 91 73 82 -1 0 17 0.00 0.0 M 4.5 21 210 M M 5 3 30 130
8 92 73 83 0 0 18 0.03 0.0 M 4.3 18 100 M M 6 3 22 110
9 89 72 81 -2 0 16 0.01 0.0 0 5.3 20 100 M M 5 3 23 110
10 90 71 81 -2 0 16 0.08 0.0 0 3.8 25 180 M M 5 13 37 190
11 84 72 78 -5 0 13 T 0.0 M 6.9 22 200 M M 6 31 220
12 89 72 81 -2 0 16 1.22 0.0 M 4.9 18 240 M M 7 13 25 230
13 90 74 82 -1 0 17 1.30 0.0 M 5.6 15 330 M M 9 13 20 350
14 90 74 82 0 0 17 0.00 0.0 0 5.3 13 100 M M 5 17 120
15 92 70 81 -1 0 16 0.00 0.0 0 2.6 13 170 M M 3 1 15 160
16 91 75 83 1 0 18 T 0.0 0 4.2 10 20 M M 5 3 16 20
17 96 72 84 2 0 19 0.00 0.0 0 3.7 25 340 M M 2 3 33 330
18 83 75 79 -3 0 14 0.12 0.0 M 3.2 13 300 M M 6 13 16 300
19 92 73 83 1 0 18 0.00 0.0 0 3.3 15 100 M M 5 3 20 220
20 91 72 82 0 0 17 0.04 0.0 0 2.9 14 340 M M 5 3 18 350
21 90 74 82 0 0 17 0.05 0.0 0 1.8 22 230 M M 6 138 30 220
22 92 72 82 0 0 17 T 0.0 0 3.3 14 330 M M 5 3 19 310
23 90 74 82 0 0 17 0.10 0.0 0 2.7 12 150 M M 5 3 15 150
24 88 74 81 -1 0 16 0.00 0.0 0 3.3 10 80 M M 5 14 80
25 91 74 83 1 0 18 1.43 0.0 M 3.9 17 220 M M 7 13 30 220
26 91 73 82 0 0 17 0.04 0.0 0 3.4 13 160 M M 5 3 15 200
27 90 73 82 0 0 17 1.15 0.0 0 3.8 25 30 M M 6 13 34 20
28 90 73 82 0 0 17 0.16 M M 3.5 17 140 M M 5 13 26 110
29 90 75 83 1 0 18 0.57 0.0 0 3.7 23 110 M M 6 13 28 110
30 95 74 85 3 0 20 0.42 0.0 0 3.1 20 350 M M 5 13 22 350
31 91 74 83 1 0 18 0.05 0.0 0 3.5 17 110 M M 4 38 22 250
================================================================================
SM 2816 2263 0 533 8.47 0.0 123.1 M 158
================================================================================
AV 90.8 73.0 4.0 FASTST M M 5 MAX(MPH)
MISC ----> 33 120 47 120
================================================================================
NOTES:
# LAST OF SEVERAL OCCURRENCES
COLUMN 17 PEAK WIND IN M.P.H.
PRELIMINARY LOCAL CLIMATOLOGICAL DATA (WS FORM: F-6) , PAGE 2
STATION: TALLAHASSEE
MONTH: AUGUST
YEAR: 2022
LATITUDE: 30 22 N
LONGITUDE: 84 22 W
[TEMPERATURE DATA] [PRECIPITATION DATA] SYMBOLS USED IN COLUMN 16
AVERAGE MONTHLY: 81.9 TOTAL FOR MONTH: 8.47 1 = FOG OR MIST
DPTR FM NORMAL: -0.5 DPTR FM NORMAL: 0.87 2 = FOG REDUCING VISIBILITY
HIGHEST: 96 ON 17 GRTST 24HR 1.52 ON 5- 6 TO 1/4 MILE OR LESS
LOWEST: 70 ON 15 3 = THUNDER
SNOW, ICE PELLETS, HAIL 4 = ICE PELLETS
TOTAL MONTH: 0.0 INCH 5 = HAIL
GRTST 24HR 0.0 6 = FREEZING RAIN OR DRIZZLE
GRTST DEPTH: 0 7 = DUSTSTORM OR SANDSTORM:
VSBY 1/2 MILE OR LESS
8 = SMOKE OR HAZE
[NO. OF DAYS WITH] [WEATHER - DAYS WITH] 9 = BLOWING SNOW
X = TORNADO
MAX 32 OR BELOW: 0 0.01 INCH OR MORE: 19
MAX 90 OR ABOVE: 26 0.10 INCH OR MORE: 12
MIN 32 OR BELOW: 0 0.50 INCH OR MORE: 6
MIN 0 OR BELOW: 0 1.00 INCH OR MORE: 5
[HDD (BASE 65) ]
TOTAL THIS MO. 0 CLEAR (SCALE 0-3) 2
DPTR FM NORMAL 0 PTCLDY (SCALE 4-7) 28
TOTAL FM JUL 1 0 CLOUDY (SCALE 8-10) 1
DPTR FM NORMAL 0
[CDD (BASE 65) ]
TOTAL THIS MO. 533
DPTR FM NORMAL -5 [PRESSURE DATA]
TOTAL FM JAN 1 2241 HIGHEST SLP M ON M
DPTR FM NORMAL 171 LOWEST SLP 29.87 ON 15
[REMARKS]
#FINAL-08-22#