000
CXUS54 KBMX 031519
CF6TOI
PRELIMINARY LOCAL CLIMATOLOGICAL DATA (WS FORM: F-6)
STATION: TROY
MONTH: JUNE
YEAR: 2023
LATITUDE: 31 51 N
LONGITUDE: 86 1 W
TEMPERATURE IN F: :PCPN: SNOW: WIND :SUNSHINE: SKY :PK WND
================================================================================
1 2 3 4 5 6A 6B 7 8 9 10 11 12 13 14 15 16 17 18
12Z AVG MX 2MIN
DY MAX MIN AVG DEP HDD CDD WTR SNW DPTH SPD SPD DIR MIN PSBL S-S WX SPD DR
================================================================================
1 87 69 78 2 0 13 0.00 0.0 0 5.5 15 110 M M 5 24 80
2 91 65 78 2 0 13 0.00 0.0 0 4.0 17 20 M M 1 18 21 30
3 92 64 78 2 0 13 0.00 0.0 0 3.6 14 340 M M 1 18 21 350
4 91 67 79 3 0 14 T 0.0 0 5.0 15 40 M M 3 3 23 10
5 89 66 78 2 0 13 0.00 0.0 0 2.6 10 140 M M 2 13 140
6 93 64 79 2 0 14 1.05 0.0 0 2.5 26 250 M M 1 138 40 240
7 90 67 79 2 0 14 0.03 0.0 0 2.2 16 350 M M 1 138 20 350
8 94 68 81 4 0 16 0.00 0.0 0 4.1 17 360 M M 0 138 22 360
9 90 66 78 1 0 13 0.00 0.0 0 3.2 14 340 M M 1 18 19 340
10 93 62 78 1 0 13 0.00 0.0 0 3.4 12 310 M M 3 18 19 220
11 89 74 82 4 0 17 0.13 0.0 M 5.5 13 220 M M 3 138 21 230
12 95 73 84 6 0 19 0.24 0.0 0 5.6 16 260 M M 5 13 28 270
13 86 69 78 0 0 13 0.66 0.0 0 2.2 25 310 M M 2 13 38 320
14 93 69 81 3 0 16 1.32 0.0 0 7.8 35 290 M M 7 1238 53 280
15 78 67 73 -5 0 8 3.67 0.0 M 5.0 29 300 M M 5 138 43 290
16 88 69 79 1 0 14 1.27 0.0 0 4.6 33 330 M M 3 123 48 320
17 89 66 78 0 0 13 0.00 0.0 0 2.6 9 180 M M 1 12 13 220
18 89 71 80 1 0 15 0.03 0.0 0 3.7 15 340 M M 4 123 20 340
19 84 69 77 -2 0 12 0.77 0.0 0 6.8 29 230 M M 4 123 60 250
20 92 68 80 1 0 15 0.23 0.0 0 4.2 14 230 M M 5 123 19 210
21 85 71 78 -1 0 13 T 0.0 0 2.6 9 210 M M 4 138 13 270
22 90 72 81 2 0 16 T 0.0 0 3.4 10 300 M M 7 18 21 310
23 92 69 81 2 0 16 0.00 0.0 0 3.9 15 320 M M 2 18 21 310
24 93 66 80 1 0 15 0.00 0.0 0 2.0 10 300 M M 1 18 15 300
25 96 69 83 3 0 18 0.53 0.0 0 3.9 24 340 M M 1 138 38 350
26 95 71 83 3 0 18 T 0.0 M 5.4 16 240 M M 1 3 24 290
27 96 73 85 5 0 20 0.00 0.0 0 4.3 12 300 M M 3 1 M M
28 96 71 84 4 0 19 0.00 0.0 0 1.9 10 360 M M M 1 15 360
29 97 70 84 4 0 19 0.00 0.0 0 1.8 9 10 M M M 12 40
30 99 73 86 6 0 21 0.00 0.0 M 2.0 10 70 M M 1 18 15 50
================================================================================
SM 2732 2058 0 453 9.93 0.0 115.3 M 77
================================================================================
AV 91.1 68.6 3.8 FASTST M M 3 MAX(MPH)
MISC ----> 35 290 60 250
================================================================================
NOTES:
# LAST OF SEVERAL OCCURRENCES
COLUMN 17 PEAK WIND IN M.P.H.
PRELIMINARY LOCAL CLIMATOLOGICAL DATA (WS FORM: F-6) , PAGE 2
STATION: TROY
MONTH: JUNE
YEAR: 2023
LATITUDE: 31 51 N
LONGITUDE: 86 1 W
[TEMPERATURE DATA] [PRECIPITATION DATA] SYMBOLS USED IN COLUMN 16
AVERAGE MONTHLY: 79.8 TOTAL FOR MONTH: 9.93 1 = FOG OR MIST
DPTR FM NORMAL: 1.7 DPTR FM NORMAL: 4.89 2 = FOG REDUCING VISIBILITY
HIGHEST: 99 ON 30 GRTST 24HR 3.71 ON 14-15 TO 1/4 MILE OR LESS
LOWEST: 62 ON 10 3 = THUNDER
SNOW, ICE PELLETS, HAIL 4 = ICE PELLETS
TOTAL MONTH: 0.0 INCH 5 = HAIL
GRTST 24HR 0.0 6 = FREEZING RAIN OR DRIZZLE
GRTST DEPTH: 0 7 = DUSTSTORM OR SANDSTORM:
VSBY 1/2 MILE OR LESS
8 = SMOKE OR HAZE
[NO. OF DAYS WITH] [WEATHER - DAYS WITH] 9 = BLOWING SNOW
X = TORNADO
MAX 32 OR BELOW: 0 0.01 INCH OR MORE: 12
MAX 90 OR ABOVE: 20 0.10 INCH OR MORE: 10
MIN 32 OR BELOW: 0 0.50 INCH OR MORE: 7
MIN 0 OR BELOW: 0 1.00 INCH OR MORE: 4
[HDD (BASE 65) ]
TOTAL THIS MO. 0 CLEAR (SCALE 0-3) 17
DPTR FM NORMAL 0 PTCLDY (SCALE 4-7) 11
TOTAL FM JUL 1 1302 CLOUDY (SCALE 8-10) 2
DPTR FM NORMAL -878
[CDD (BASE 65) ]
TOTAL THIS MO. 453
DPTR FM NORMAL 60 [PRESSURE DATA]
TOTAL FM JAN 1 1042 HIGHEST SLP 30.07 ON 30
DPTR FM NORMAL 325 LOWEST SLP 29.70 ON 14
[REMARKS]
#FINAL-06-23#