000
CXUS54 KBMX 011110
CF6TOI
PRELIMINARY LOCAL CLIMATOLOGICAL DATA (WS FORM: F-6)
STATION: TROY
MONTH: DECEMBER
YEAR: 2021
LATITUDE: 31 51 N
LONGITUDE: 86 1 W
TEMPERATURE IN F: :PCPN: SNOW: WIND :SUNSHINE: SKY :PK WND
================================================================================
1 2 3 4 5 6A 6B 7 8 9 10 11 12 13 14 15 16 17 18
12Z AVG MX 2MIN
DY MAX MIN AVG DEP HDD CDD WTR SNW DPTH SPD SPD DIR MIN PSBL S-S WX SPD DR
================================================================================
1 75 38 57 5 8 0 0.00 0.0 0 1.4 10 240 M M 0 14 250
2 78 41 60 8 5 0 0.00 0.0 0 2.3 12 270 M M 1 12 17 250
3 77 45 61 10 4 0 0.00 0.0 0 1.6 10 220 M M 4 128 14 240
4 77 48 63 12 2 0 0.00 0.0 0 1.5 9 230 M M 5 12 11 220
5 77 49 63 12 2 0 0.00 0.0 0 3.1 12 190 M M 4 12 15 200
6 79 59 69 18 0 4 0.55 0.0 0 6.8 16 230 M M 8 138 23 220
7 61 49 55 4 10 0 0.00 0.0 0 4.4 12 350 M M 10 18 14 350
8 65 41 53 2 12 0 0.46 0.0 0 4.9 21 300 M M 7 128 30 270
9 65 37 51 1 14 0 0.01 0.0 0 4.7 14 200 M M 6 128 17 190
10 82 60 71 21 0 6 0.44 0.0 0 6.8 16 190 M M 8 1 22 190
11 85 52 69 19 0 4 0.65 0.0 0 9.6 21 220 M M 9 1 31 220
12 65 39 52 2 13 0 T 0.0 0 4.4 14 340 M M 0 18 340
13 69 35 52 2 13 0 0.00 0.0 0 2.0 9 70 M M 0 18 14 80
14 73 39 56 6 9 0 0.00 0.0 M 1.6 8 30 M M 2 12 11 50
15 73 41 57 7 8 0 0.00 0.0 0 3.2 8 100 M M 3 12 12 100
16 76 51 64 15 1 0 0.00 0.0 0 1.2 8 140 M M 5 128 10 130
17 75 58 67 18 0 2 T 0.0 0 3.0 12 140 M M 9 128 18 140
18 76 64 70 21 0 5 1.11 0.0 0 4.6 15 250 M M 9 138 19 240
19 65 42 54 5 11 0 T 0.0 0 9.4 18 340 M M 8 12 24 340
20 51 41 46 -3 19 0 0.02 M M 6.2 12 100 M M 8 18 17 70
21 47 39 43 -6 22 0 0.10 M M 6.4 13 10 M M 9 18 16 10
22 63 35 49 0 16 0 0.00 0.0 0 5.2 17 310 M M 0 1 22 310
23 67 30 49 1 16 0 0.00 0.0 0 1.1 8 170 M M 0 11 170
24 73 33 53 5 12 0 0.00 0.0 0 4.7 15 190 M M 0 19 200
25 78 49 64 16 1 0 0.00 0.0 0 6.3 18 220 M M 3 12 24 230
26 79 59 69 21 0 4 0.00 0.0 M 3.2 13 240 M M 6 12 19 250
27 79 61 70 22 0 5 0.00 0.0 0 6.3 16 240 M M 7 12 22 220
28 82 65 74 26 0 9 0.00 0.0 0 8.4 21 210 M M 9 1 26 190
29 81 71 76 28 0 11 0.18 0.0 0 9.4 17 190 M M 8 24 200
30 84 64 74 26 0 9 0.05 0.0 0 5.2 18 250 M M 7 123 29 240
31 84 64 74 26 0 9 T 0.0 0 6.9 18 210 M M 8 1 23 210
================================================================================
SM 2261 1499 198 68 3.57 0.0 145.8 M 163
================================================================================
AV 72.9 48.4 4.7 FASTST M M 5 MAX(MPH)
MISC ----> # 21 300 31 220
================================================================================
NOTES:
# LAST OF SEVERAL OCCURRENCES
COLUMN 17 PEAK WIND IN M.P.H.
PRELIMINARY LOCAL CLIMATOLOGICAL DATA (WS FORM: F-6) , PAGE 2
STATION: TROY
MONTH: DECEMBER
YEAR: 2021
LATITUDE: 31 51 N
LONGITUDE: 86 1 W
[TEMPERATURE DATA] [PRECIPITATION DATA] SYMBOLS USED IN COLUMN 16
AVERAGE MONTHLY: 60.6 TOTAL FOR MONTH: 3.57 1 = FOG OR MIST
DPTR FM NORMAL: 11.1 DPTR FM NORMAL: -1.27 2 = FOG REDUCING VISIBILITY
HIGHEST: 85 ON 11 GRTST 24HR 1.11 ON 18-18 TO 1/4 MILE OR LESS
LOWEST: 30 ON 23 3 = THUNDER
SNOW, ICE PELLETS, HAIL 4 = ICE PELLETS
TOTAL MONTH: 0.0 INCH 5 = HAIL
GRTST 24HR 0.0 6 = FREEZING RAIN OR DRIZZLE
GRTST DEPTH: 0 7 = DUSTSTORM OR SANDSTORM:
VSBY 1/2 MILE OR LESS
8 = SMOKE OR HAZE
[NO. OF DAYS WITH] [WEATHER - DAYS WITH] 9 = BLOWING SNOW
X = TORNADO
MAX 32 OR BELOW: 0 0.01 INCH OR MORE: 10
MAX 90 OR ABOVE: 0 0.10 INCH OR MORE: 7
MIN 32 OR BELOW: 1 0.50 INCH OR MORE: 3
MIN 0 OR BELOW: 0 1.00 INCH OR MORE: 1
[HDD (BASE 65) ]
TOTAL THIS MO. 198 CLEAR (SCALE 0-3) 8
DPTR FM NORMAL -288 PTCLDY (SCALE 4-7) 14
TOTAL FM JUL 1 528 CLOUDY (SCALE 8-10) 9
DPTR FM NORMAL -361
[CDD (BASE 65) ]
TOTAL THIS MO. 68
DPTR FM NORMAL 63 [PRESSURE DATA]
TOTAL FM JAN 1 2576 HIGHEST SLP 30.43 ON 14
DPTR FM NORMAL 444 LOWEST SLP 29.85 ON 29
[REMARKS]
#FINAL-12-21#