000
CXUS54 KBMX 011010
CF6TOI
PRELIMINARY LOCAL CLIMATOLOGICAL DATA (WS FORM: F-6)
STATION: TROY
MONTH: OCTOBER
YEAR: 2021
LATITUDE: 31 51 N
LONGITUDE: 86 1 W
TEMPERATURE IN F: :PCPN: SNOW: WIND :SUNSHINE: SKY :PK WND
================================================================================
1 2 3 4 5 6A 6B 7 8 9 10 11 12 13 14 15 16 17 18
12Z AVG MX 2MIN
DY MAX MIN AVG DEP HDD CDD WTR SNW DPTH SPD SPD DIR MIN PSBL S-S WX SPD DR
================================================================================
1 90 64 77 6 0 12 0.00 0.0 0 1.8 10 120 M M 1 128 14 120
2 90 66 78 7 0 13 0.00 0.0 0 3.3 10 140 M M 2 18 14 130
3 82 70 76 5 0 11 0.13 0.0 0 2.8 14 220 M M 7 138 19 210
4 81 71 76 6 0 11 0.15 0.0 0 3.5 14 220 M M 9 13 19 200
5 81 68 75 5 0 10 1.57 0.0 0 6.1 14 150 M M 7 13 20 140
6 86 71 79 9 0 14 0.07 0.0 0 5.9 16 140 M M 7 13 21 140
7 85 72 79 10 0 14 1.19 0.0 0 1.9 8 190 M M 8 18 12 190
8 88 64 76 7 0 11 0.00 0.0 0 4.4 13 350 M M 5 12 17 10
9 88 61 75 7 0 10 0.00 0.0 0 2.6 13 10 M M 0 18 16 10
10 88 63 76 8 0 11 0.00 0.0 0 1.7 8 70 M M 0 18 13 120
11 86 62 74 6 0 9 0.00 0.0 0 2.6 12 160 M M 1 18 14 120
12 87 64 76 9 0 11 0.00 0.0 0 2.3 10 30 M M 2 18 13 40
13 86 61 74 7 0 9 0.00 0.0 0 1.9 10 100 M M 2 18 13 80
14 88 61 75 9 0 10 0.00 0.0 0 1.3 8 130 M M 0 18 10 130
15 90 62 76 10 0 11 0.00 0.0 0 1.5 8 200 M M 1 18 12 260
16 76 51 64 -2 1 0 T 0.0 0 9.5 23 330 M M 4 18 29 330
17 74 46 60 -5 5 0 0.00 0.0 0 5.9 17 30 M M 0 23 20
18 74 42 58 -7 7 0 0.00 0.0 0 1.3 8 80 M M 0 18 11 130
19 81 43 62 -2 3 0 0.00 0.0 0 1.1 9 110 M M 0 18 13 140
20 84 53 69 5 0 4 0.00 0.0 0 2.6 12 110 M M 1 16 140
21 82 63 73 9 0 8 0.12 0.0 0 3.7 9 210 M M 5 18 13 170
22 84 56 70 7 0 5 0.16 0.0 0 2.6 13 340 M M 4 123 15 330
23 81 51 66 3 0 1 0.00 0.0 0 1.4 8 360 M M 0 18 12 60
24 78 52 65 3 0 0 0.00 0.0 0 2.3 10 140 M M 2 13 150
25 86 63 75 13 0 10 0.00 0.0 0 4.2 14 280 M M 5 18 19 270
26 75 52 64 2 1 0 0.00 0.0 0 5.5 14 300 M M 0 20 330
27 79 49 64 3 1 0 0.53 0.0 0 3.3 12 260 M M 1 1 16 150
28 76 56 66 5 0 1 0.58 0.0 0 9.8 22 210 M M 7 13 29 220
29 63 54 59 -1 6 0 T 0.0 0 8.1 16 260 M M 9 23 280
30 62 54 58 -2 7 0 0.01 0.0 0 6.1 14 250 M M 10 18 21 250
31 73 49 61 1 4 0 0.00 0.0 0 5.1 15 350 M M 4 1 22 320
================================================================================
SM 2524 1814 35 196 4.51 0.0 116.1 M 104
================================================================================
AV 81.4 58.5 3.7 FASTST M M 3 MAX(MPH)
MISC ----> 23 330 # 29 330
================================================================================
NOTES:
# LAST OF SEVERAL OCCURRENCES
COLUMN 17 PEAK WIND IN M.P.H.
PRELIMINARY LOCAL CLIMATOLOGICAL DATA (WS FORM: F-6) , PAGE 2
STATION: TROY
MONTH: OCTOBER
YEAR: 2021
LATITUDE: 31 51 N
LONGITUDE: 86 1 W
[TEMPERATURE DATA] [PRECIPITATION DATA] SYMBOLS USED IN COLUMN 16
AVERAGE MONTHLY: 70.0 TOTAL FOR MONTH: 4.51 1 = FOG OR MIST
DPTR FM NORMAL: 4.5 DPTR FM NORMAL: 1.38 2 = FOG REDUCING VISIBILITY
HIGHEST: 90 ON 15, 2 GRTST 24HR 1.69 ON 4- 5 TO 1/4 MILE OR LESS
LOWEST: 42 ON 18 3 = THUNDER
SNOW, ICE PELLETS, HAIL 4 = ICE PELLETS
TOTAL MONTH: 0.0 INCH 5 = HAIL
GRTST 24HR 0.0 6 = FREEZING RAIN OR DRIZZLE
GRTST DEPTH: 0 7 = DUSTSTORM OR SANDSTORM:
VSBY 1/2 MILE OR LESS
8 = SMOKE OR HAZE
[NO. OF DAYS WITH] [WEATHER - DAYS WITH] 9 = BLOWING SNOW
X = TORNADO
MAX 32 OR BELOW: 0 0.01 INCH OR MORE: 10
MAX 90 OR ABOVE: 3 0.10 INCH OR MORE: 8
MIN 32 OR BELOW: 0 0.50 INCH OR MORE: 4
MIN 0 OR BELOW: 0 1.00 INCH OR MORE: 2
[HDD (BASE 65) ]
TOTAL THIS MO. 35 CLEAR (SCALE 0-3) 17
DPTR FM NORMAL -56 PTCLDY (SCALE 4-7) 11
TOTAL FM JUL 1 35 CLOUDY (SCALE 8-10) 3
DPTR FM NORMAL -60
[CDD (BASE 65) ]
TOTAL THIS MO. 196
DPTR FM NORMAL 90 [PRESSURE DATA]
TOTAL FM JAN 1 2507 HIGHEST SLP 30.27 ON 20
DPTR FM NORMAL 397 LOWEST SLP 29.53 ON 28
[REMARKS]
#FINAL-10-21#