000
CXUS55 KCYS 060426
CLATOR
CLIMATE REPORT
NATIONAL WEATHER SERVICE CHEYENNE WY
926 PM MST THU JAN 05 2023
...................................
...THE TORRINGTON WY AIRPORT CLIMATE SUMMARY FOR THE YEAR OF 2022...
CLIMATE NORMAL PERIOD 1991 TO 2020
CLIMATE RECORD PERIOD 1998 TO 2023
WEATHER OBSERVED NORMAL DEPART LAST YEAR`S
VALUE DATE(S) VALUE FROM VALUE DATE(S)
NORMAL
................................................................
TEMPERATURE (F)
RECORD
HIGH 107 07/16/2006
07/15/2006
LOW -30 02/18/2006
HIGHEST 107R 07/18 MM MM 103 06/15
LOWEST -19 12/22 MM MM -18 02/14
AVG. MAXIMUM 64.4 63.9 0.5 65.1
AVG. MINIMUM 33.4 34.3 -0.9 35.3
MEAN 48.9 49.1 -0.2 50.2
DAYS MAX >= 90 69 52.5 16.5 65
DAYS MAX <= 32 36 25.8 10.2 19
DAYS MIN <= 32 181 171.8 9.2 168
DAYS MIN <= 0 21 10.9 10.1 12
PRECIPITATION (INCHES)
RECORD
MAXIMUM 18.77 2014
MINIMUM 5.74 2022
TOTALS MM 12.82 MM 9.33
DAILY AVG. T 0.04 -0.04 T
DAYS >= .01 41 80.8 -39.8 64
DAYS >= .10 17 31.2 -14.2 24
DAYS >= .50 1 6.2 -5.2 6
DAYS >= 1.00 0 1.5 -1.5 0
GREATEST
24 HR. TOTAL 0.90 0MM08 TO 05/08 1.21
STORM TOTAL 0.90 0.98
(MM/DD(HH)) MM
DEGREE DAYS
HEATING TOTAL 6708 6480 228 6087
SINCE 7/1 2753 2675 78 MM
COOLING TOTAL 1004 725 279 951
SINCE 1/1 1004 725 279 MM
................................................................
WIND (MPH)
AVERAGE WIND SPEED 9.8
HIGHEST WIND SPEED/DIRECTION 49/280 DATE 01/31
HIGHEST GUST SPEED/DIRECTION 72/270 DATE 01/31
SKY COVER
POSSIBLE SUNSHINE (PERCENT) MM
AVERAGE SKY COVER 0.21
NUMBER OF DAYS FAIR 275
NUMBER OF DAYS PC 72
NUMBER OF DAYS CLOUDY 17
AVERAGE RH (PERCENT) 56
WEATHER CONDITIONS. NUMBER OF DAYS WITH
THUNDERSTORM 32 MIXED PRECIP 0
HEAVY RAIN 10 RAIN 14
LIGHT RAIN 76 FREEZING RAIN 0
LT FREEZING RAIN 3 HAIL 0
HEAVY SNOW 5 SNOW 8
LIGHT SNOW 44 SLEET 0
FOG 52 FOG W/VIS <= 1/4 MILE 17
HAZE 15
- INDICATES NEGATIVE NUMBERS.
R INDICATES RECORD WAS SET OR TIED.
MM INDICATES DATA IS MISSING.
T INDICATES TRACE AMOUNT.
$$