000
CXUS52 KTBW 011000
CF6TPA
PRELIMINARY LOCAL CLIMATOLOGICAL DATA (WS FORM: F-6)
STATION: TAMPA
MONTH: MAY
YEAR: 2023
LATITUDE: 27 58 N
LONGITUDE: 82 32 W
TEMPERATURE IN F: :PCPN: SNOW: WIND :SUNSHINE: SKY :PK WND
================================================================================
1 2 3 4 5 6A 6B 7 8 9 10 11 12 13 14 15 16 17 18
12Z AVG MX 2MIN
DY MAX MIN AVG DEP HDD CDD WTR SNW DPTH SPD SPD DIR MIN PSBL S-S WX SPD DR
================================================================================
1 81 68 75 -2 0 10 0.00 0.0 0 9.6 17 260 M M 3 29 250
2 82 71 77 0 0 12 0.00 0.0 0 11.5 16 270 M M 3 30 260
3 85 69 77 0 0 12 0.00 0.0 0 10.1 20 330 M M 4 32 290
4 84 65 75 -3 0 10 0.00 0.0 0 6.3 14 270 M M 2 8 21 300
5 87 64 76 -2 0 11 0.00 0.0 0 6.2 15 270 M M 5 20 260
6 89 73 81 3 0 16 0.43 0.0 0 6.9 21 360 M M 6 13 32 270
7 88 69 79 1 0 14 0.00 0.0 0 6.2 16 110 M M 3 23 120
8 86 68 77 -1 0 12 0.00 0.0 0 7.0 15 280 M M 1 24 260
9 88 71 80 2 0 15 0.00 0.0 0 5.2 14 270 M M 4 28 270
10 90 72 81 3 0 16 0.00 0.0 0 5.8 15 350 M M 3 23 260
11 94 74 84 5 0 19 T 0.0 0 7.5 14 290 M M 5 3 27 290
12 92 75 84 5 0 19 0.00 0.0 0 7.0 16 350 M M 6 21 90
13 88 74 81 2 0 16 0.23 0.0 0 5.8 14 240 M M 5 13 22 80
14 90 72 81 2 0 16 0.00 0.0 0 5.1 16 290 M M 5 37 280
15 92 72 82 3 0 17 0.00 0.0 0 5.8 14 330 M M 2 27 290
16 89 74 82 2 0 17 0.00 0.0 0 7.0 16 260 M M 2 29 260
17 89 75 82 2 0 17 0.00 0.0 0 5.9 16 260 M M 3 22 260
18 90 74 82 2 0 17 0.00 0.0 0 5.6 14 270 M M 4 22 280
19 90 74 82 2 0 17 0.00 0.0 0 6.2 16 250 M M 4 30 280
20 94 74 84 4 0 19 0.72 0.0 0 6.3 16 30 M M 4 38 24 280
21 89 77 83 3 0 18 0.00 0.0 0 5.5 18 250 M M 7 3 30 250
22 92 75 84 4 0 19 0.00 0.0 0 7.4 18 50 M M 3 3 29 40
23 91 72 82 1 0 17 0.10 0.0 0 6.2 15 90 M M 6 13 27 100
24 89 70 80 -1 0 15 2.14 0.0 0 6.6 25 30 M M 7 123 38 10
25 86 70 78 -3 0 13 0.27 0.0 0 5.9 16 20 M M 6 3 29 70
26 88 68 78 -3 0 13 T 0.0 0 8.0 18 30 M M 5 3 30 40
27 85 64 75 -6 0 10 0.00 0.0 0 8.1 15 270 M M 2 30 290
28 86 68 77 -4 0 12 0.00 0.0 0 7.8 16 280 M M 2 26 290
29 86 67 77 -4 0 12 0.00 0.0 0 6.9 15 320 M M 5 26 290
30 87 69 78 -4 0 13 0.00 0.0 0 5.4 13 360 M M 7 24 280
31 88 73 81 -1 0 16 0.22 0.0 0 5.1 16 110 M M 7 13 28 120
================================================================================
SM 2735 2201 0 460 4.11 0.0 209.9 M 131
================================================================================
AV 88.2 71.0 6.8 FASTST M M 4 MAX(MPH)
MISC ----> 25 30 38 10
================================================================================
NOTES:
# LAST OF SEVERAL OCCURRENCES
COLUMN 17 PEAK WIND IN M.P.H.
PRELIMINARY LOCAL CLIMATOLOGICAL DATA (WS FORM: F-6) , PAGE 2
STATION: TAMPA
MONTH: MAY
YEAR: 2023
LATITUDE: 27 58 N
LONGITUDE: 82 32 W
[TEMPERATURE DATA] [PRECIPITATION DATA] SYMBOLS USED IN COLUMN 16
AVERAGE MONTHLY: 79.6 TOTAL FOR MONTH: 4.11 1 = FOG OR MIST
DPTR FM NORMAL: 0.1 DPTR FM NORMAL: 1.51 2 = FOG REDUCING VISIBILITY
HIGHEST: 94 ON 20,11 GRTST 24HR 2.40 ON 24-25 TO 1/4 MILE OR LESS
LOWEST: 64 ON 27, 5 3 = THUNDER
SNOW, ICE PELLETS, HAIL 4 = ICE PELLETS
TOTAL MONTH: 0.0 INCH 5 = HAIL
GRTST 24HR 0.0 6 = FREEZING RAIN OR DRIZZLE
GRTST DEPTH: 0 7 = DUSTSTORM OR SANDSTORM:
VSBY 1/2 MILE OR LESS
8 = SMOKE OR HAZE
[NO. OF DAYS WITH] [WEATHER - DAYS WITH] 9 = BLOWING SNOW
X = TORNADO
MAX 32 OR BELOW: 0 0.01 INCH OR MORE: 7
MAX 90 OR ABOVE: 10 0.10 INCH OR MORE: 7
MIN 32 OR BELOW: 0 0.50 INCH OR MORE: 2
MIN 0 OR BELOW: 0 1.00 INCH OR MORE: 1
[HDD (BASE 65) ]
TOTAL THIS MO. 0 CLEAR (SCALE 0-3) 11
DPTR FM NORMAL 0 PTCLDY (SCALE 4-7) 20
TOTAL FM JUL 1 266 CLOUDY (SCALE 8-10) 0
DPTR FM NORMAL -167
[CDD (BASE 65) ]
TOTAL THIS MO. 460
DPTR FM NORMAL 12 [PRESSURE DATA]
TOTAL FM JAN 1 1337 HIGHEST SLP 30.17 ON 7
DPTR FM NORMAL 319 LOWEST SLP 29.74 ON 25
[REMARKS]
#FINAL-05-23#