000
CXUS52 KTBW 021530
CF6TPA
PRELIMINARY LOCAL CLIMATOLOGICAL DATA (WS FORM: F-6)
STATION: TAMPA
MONTH: MARCH
YEAR: 2021
LATITUDE: 27 58 N
LONGITUDE: 82 32 W
TEMPERATURE IN F: :PCPN: SNOW: WIND :SUNSHINE: SKY :PK WND
================================================================================
1 2 3 4 5 6A 6B 7 8 9 10 11 12 13 14 15 16 17 18
12Z AVG MX 2MIN
DY MAX MIN AVG DEP HDD CDD WTR SNW DPTH SPD SPD DIR MIN PSBL S-S WX SPD DR
================================================================================
1 83 71 77 12 0 12 0.00 0.0 0 7.2 18 180 M M 4 23 180
2 82 71 77 12 0 12 T 0.0 0 7.0 15 190 M M 7 19 190
3 75 58 67 1 0 2 0.17 0.0 0 11.9 24 260 M M 8 1 34 260
4 75 57 66 0 0 1 0.00 0.0 0 8.1 18 330 M M 5 22 320
5 77 54 66 0 0 1 0.00 0.0 0 5.8 14 280 M M 5 21 270
6 71 59 65 -1 0 0 0.15 0.0 0 7.7 17 30 M M 8 18 27 30
7 71 53 62 -4 3 0 0.00 0.0 0 10.4 18 360 M M 3 26 360
8 72 49 61 -5 4 0 0.00 0.0 0 8.0 16 30 M M 1 24 20
9 77 54 66 0 0 1 0.00 0.0 0 7.7 17 40 M M 2 29 30
10 80 56 68 2 0 3 0.00 0.0 0 7.8 16 120 M M 3 23 110
11 84 59 72 5 0 7 0.00 0.0 0 6.2 14 120 M M 2 20 100
12 81 60 71 4 0 6 0.00 0.0 0 6.0 15 260 M M 1 20 250
13 81 60 71 4 0 6 0.00 0.0 0 5.1 15 270 M M 4 24 290
14 80 63 72 5 0 7 0.00 0.0 0 5.6 12 250 M M 2 17 240
15 82 62 72 5 0 7 0.00 0.0 0 3.8 12 270 M M 4 15 250
16 81 69 75 8 0 10 0.00 0.0 0 9.1 18 200 M M 3 22 200
17 82 67 75 8 0 10 0.00 0.0 0 8.0 20 200 M M 1 26 190
18 82 70 76 8 0 11 0.43 0.0 0 12.2 26 230 M M 6 13 35 210
19 71 57 64 -4 1 0 0.00 0.0 0 11.1 20 270 M M 3 27 270
20 71 55 63 -5 2 0 0.00 0.0 0 9.1 17 360 M M 7 22 30
21 64 53 59 -9 6 0 0.00 0.0 0 9.1 15 320 M M 9 20 320
22 73 59 66 -2 0 1 T 0.0 0 6.9 14 350 M M 10 1 18 290
23 75 62 69 1 0 4 0.00 0.0 0 4.7 13 220 M M 6 16 250
24 80 60 70 2 0 5 0.00 0.0 0 4.6 14 180 M M 4 8 19 170
25 88 68 78 10 0 13 0.00 0.0 0 8.1 20 190 M M 4 25 200
26 86 72 79 10 0 14 0.00 0.0 0 6.8 15 180 M M 6 23 170
27 90 72 81 12 0 16 0.00 0.0 0 5.2 14 180 M M 4 18 140
28 84 72 78 9 0 13 0.00 0.0 0 9.2 21 190 M M 5 27 190
29 85 73 79 10 0 14 0.30 0.0 0 5.5 13 350 M M 8 1 19 270
30 88 71 80 11 0 15 0.01 0.0 0 6.7 13 270 M M 6 1 21 270
31 86 73 80 11 0 15 0.01 0.0 0 7.1 13 290 M M 7 1 18 250
================================================================================
SM 2457 1939 16 206 1.07 0.0 231.7 M 148
================================================================================
AV 79.3 62.5 7.5 FASTST M M 5 MAX(MPH)
MISC ----> 26 230 35 210
================================================================================
NOTES:
# LAST OF SEVERAL OCCURRENCES
COLUMN 17 PEAK WIND IN M.P.H.
PRELIMINARY LOCAL CLIMATOLOGICAL DATA (WS FORM: F-6) , PAGE 2
STATION: TAMPA
MONTH: MARCH
YEAR: 2021
LATITUDE: 27 58 N
LONGITUDE: 82 32 W
[TEMPERATURE DATA] [PRECIPITATION DATA] SYMBOLS USED IN COLUMN 16
AVERAGE MONTHLY: 70.9 TOTAL FOR MONTH: 1.07 1 = FOG OR MIST
DPTR FM NORMAL: 3.6 DPTR FM NORMAL: -1.96 2 = FOG REDUCING VISIBILITY
HIGHEST: 90 ON 27 GRTST 24HR 0.43 ON 18-18 TO 1/4 MILE OR LESS
LOWEST: 49 ON 8 3 = THUNDER
SNOW, ICE PELLETS, HAIL 4 = ICE PELLETS
TOTAL MONTH: 0.0 INCH 5 = HAIL
GRTST 24HR 0.0 6 = FREEZING RAIN OR DRIZZLE
GRTST DEPTH: 0 7 = DUSTSTORM OR SANDSTORM:
VSBY 1/2 MILE OR LESS
8 = SMOKE OR HAZE
[NO. OF DAYS WITH] [WEATHER - DAYS WITH] 9 = BLOWING SNOW
X = TORNADO
MAX 32 OR BELOW: 0 0.01 INCH OR MORE: 6
MAX 90 OR ABOVE: 1 0.10 INCH OR MORE: 4
MIN 32 OR BELOW: 0 0.50 INCH OR MORE: 0
MIN 0 OR BELOW: 0 1.00 INCH OR MORE: 0
[HDD (BASE 65) ]
TOTAL THIS MO. 16 CLEAR (SCALE 0-3) 8
DPTR FM NORMAL -40 PTCLDY (SCALE 4-7) 19
TOTAL FM JUL 1 355 CLOUDY (SCALE 8-10) 4
DPTR FM NORMAL -173
[CDD (BASE 65) ]
TOTAL THIS MO. 206
DPTR FM NORMAL 80 [PRESSURE DATA]
TOTAL FM JAN 1 377 HIGHEST SLP 30.51 ON 9
DPTR FM NORMAL 138 LOWEST SLP 29.85 ON 3
[REMARKS]
#FINAL-03-21#