000
CXUS52 KTBW 020418
CF6TPA
PRELIMINARY LOCAL CLIMATOLOGICAL DATA (WS FORM: F-6)
STATION: TAMPA
MONTH: JANUARY
YEAR: 2024
LATITUDE: 27 58 N
LONGITUDE: 82 32 W
TEMPERATURE IN F: :PCPN: SNOW: WIND :SUNSHINE: SKY :PK WND
================================================================================
1 2 3 4 5 6A 6B 7 8 9 10 11 12 13 14 15 16 17 18
12Z AVG MX 2MIN
DY MAX MIN AVG DEP HDD CDD WTR SNW DPTH SPD SPD DIR MIN PSBL S-S WX SPD DR
================================================================================
1 71 50 61 -2 4 0 0.00 0.0 0 3.4 9 240 M M 6 18 13 250
2 66 52 59 -3 6 0 0.00 0.0 0 5.4 15 10 M M 6 21 350
3 69 49 59 -3 6 0 0.26 0.0 0 5.8 15 180 M M 8 1 20 180
4 66 52 59 -3 6 0 0.02 0.0 0 8.0 20 330 M M 8 1 25 280
5 76 50 63 1 2 0 0.00 0.0 0 8.1 16 120 M M 6 25 80
6 75 65 70 8 0 5 0.99 0.0 0 9.4 20 170 M M 7 3 30 180
7 67 53 60 -2 5 0 0.27 0.0 0 7.6 18 310 M M 6 1 31 290
8 67 51 59 -3 6 0 0.00 0.0 0 8.9 17 110 M M 8 33 110
9 79 61 70 8 0 5 0.87 0.0 0 14.4 29 260 M M 9 13 43 180
10 65 52 59 -3 6 0 0.00 0.0 0 7.5 20 280 M M 6 30 290
11 63 50 57 -5 8 0 0.04 0.0 0 5.2 10 110 M M 7 16 110
12 74 57 66 4 0 1 0.21 0.0 0 9.7 20 190 M M 10 1 29 190
13 72 52 62 0 3 0 0.01 0.0 0 11.2 20 330 M M 8 1 32 280
14 58 51 55 -7 10 0 0.00 0.0 0 6.8 14 30 M M 8 22 10
15 71 54 63 1 2 0 T 0.0 0 3.2 12 260 M M 9 19 290
16 73 55 64 2 1 0 0.09 0.0 0 9.4 17 280 M M 10 12 28 270
17 62 43 53 -9 12 0 0.00 0.0 0 8.2 16 330 M M 6 22 330
18 67 48 58 -4 7 0 0.10 0.0 0 5.3 15 280 M M 10 1 19 290
19 70 56 63 1 2 0 0.18 0.0 0 5.3 14 340 M M 9 1 23 320
20 61 45 53 -9 12 0 0.00 0.0 0 9.5 14 330 M M 5 21 270
21 62 37 50 -12 15 0 0.00 0.0 0 9.1 14 40 M M 5 24 40
22 68 46 57 -5 8 0 0.00 0.0 0 6.8 13 90 M M 8 22 80
23 79 59 69 7 0 4 0.00 0.0 0 7.2 18 100 M M 7 25 110
24 81 68 75 13 0 10 0.00 0.0 0 7.7 15 110 M M 7 26 110
25 82 68 75 13 0 10 0.07 0.0 0 5.4 14 170 M M 7 22 160
26 79 68 74 12 0 9 0.00 0.0 0 3.4 10 180 M M 7 16 160
27 81 63 72 10 0 7 0.00 0.0 0 7.2 16 200 M M 5 1 22 200
28 72 56 64 2 1 0 0.01 0.0 0 11.2 22 320 M M 6 1 33 320
29 58 49 54 -8 11 0 0.00 0.0 0 10.0 18 320 M M 6 32 290
30 65 46 56 -7 9 0 0.00 0.0 0 4.7 15 270 M M 2 22 260
31 71 52 62 -1 3 0 0.00 0.0 0 7.8 20 290 M M 3 35 300
================================================================================
SM 2170 1658 145 51 3.12 0.0 232.8 M 215
================================================================================
AV 70.0 53.5 7.5 FASTST M M 7 MAX(MPH)
MISC ----> 29 260 43 180
================================================================================
NOTES:
# LAST OF SEVERAL OCCURRENCES
COLUMN 17 PEAK WIND IN M.P.H.
PRELIMINARY LOCAL CLIMATOLOGICAL DATA (WS FORM: F-6) , PAGE 2
STATION: TAMPA
MONTH: JANUARY
YEAR: 2024
LATITUDE: 27 58 N
LONGITUDE: 82 32 W
[TEMPERATURE DATA] [PRECIPITATION DATA] SYMBOLS USED IN COLUMN 16
AVERAGE MONTHLY: 61.7 TOTAL FOR MONTH: 3.12 1 = FOG OR MIST
DPTR FM NORMAL: -0.3 DPTR FM NORMAL: 0.47 2 = FOG REDUCING VISIBILITY
HIGHEST: 82 ON 25 GRTST 24HR 0.99 ON 6- 6 TO 1/4 MILE OR LESS
LOWEST: 37 ON 21 3 = THUNDER
SNOW, ICE PELLETS, HAIL 4 = ICE PELLETS
TOTAL MONTH: 0.0 INCH 5 = HAIL
GRTST 24HR 0.0 6 = FREEZING RAIN OR DRIZZLE
GRTST DEPTH: 0 7 = DUSTSTORM OR SANDSTORM:
VSBY 1/2 MILE OR LESS
8 = SMOKE OR HAZE
[NO. OF DAYS WITH] [WEATHER - DAYS WITH] 9 = BLOWING SNOW
X = TORNADO
MAX 32 OR BELOW: 0 0.01 INCH OR MORE: 13
MAX 90 OR ABOVE: 0 0.10 INCH OR MORE: 7
MIN 32 OR BELOW: 0 0.50 INCH OR MORE: 2
MIN 0 OR BELOW: 0 1.00 INCH OR MORE: 0
[HDD (BASE 65) ]
TOTAL THIS MO. 145 CLEAR (SCALE 0-3) 2
DPTR FM NORMAL -7 PTCLDY (SCALE 4-7) 23
TOTAL FM JUL 1 250 CLOUDY (SCALE 8-10) 6
DPTR FM NORMAL -41
[CDD (BASE 65) ]
TOTAL THIS MO. 51
DPTR FM NORMAL -10 [PRESSURE DATA]
TOTAL FM JAN 1 51 HIGHEST SLP 30.47 ON 21
DPTR FM NORMAL -10 LOWEST SLP 29.66 ON 9
[REMARKS]
#FINAL-01-24#