000
CXUS54 KMRX 011301
CF6TRI
PRELIMINARY LOCAL CLIMATOLOGICAL DATA (WS FORM: F-6)
STATION: TRI-CITIES AIRPORT
MONTH: AUGUST
YEAR: 2020
LATITUDE: 36 28 N
LONGITUDE: 82 24 W
TEMPERATURE IN F: :PCPN: SNOW: WIND :SUNSHINE: SKY :PK WND
================================================================================
1 2 3 4 5 6A 6B 7 8 9 10 11 12 13 14 15 16 17 18
12Z AVG MX 2MIN
DY MAX MIN AVG DEP HDD CDD WTR SNW DPTH SPD SPD DIR MIN PSBL S-S WX SPD DR
================================================================================
1 90 67 79 5 0 14 0.07 0.0 0 3.6 14 260 M M 7 18 30 250
2 84 67 76 2 0 11 0.00 0.0 0 7.9 20 220 M M 6 27 230
3 78 65 72 -2 0 7 0.24 0.0 0 1.5 9 150 M M 7 13 12 110
4 82 65 74 0 0 9 T 0.0 0 3.6 13 240 M M 7 12 16 240
5 88 62 75 1 0 10 0.00 0.0 0 2.1 10 180 M M 6 128 15 180
6 88 66 77 3 0 12 0.09 0.0 0 2.2 18 320 M M 5 13 23 330
7 87 65 76 2 0 11 0.00 0.0 0 1.9 10 250 M M 6 128 17 270
8 88 64 76 2 0 11 0.00 0.0 0 2.2 10 250 M M 3 128 16 240
9 89 60 75 1 0 10 0.00 0.0 0 1.7 9 230 M M 2 18 13 300
10 87 61 74 0 0 9 0.00 0.0 0 3.2 10 260 M M 4 1 16 250
11 89 66 78 4 0 13 T 0.0 0 3.5 18 350 M M 7 3 29 350
12 90 69 80 6 0 15 0.11 0.0 0 1.5 14 80 M M 7 13 22 70
13 91 67 79 5 0 14 T 0.0 0 2.6 14 280 M M 6 13 21 80
14 84 69 77 3 0 12 0.29 0.0 0 1.4 21 190 M M 8 1238 25 200
15 78 69 74 0 0 9 0.75 0.0 0 2.2 9 240 M M 10 13 12 240
16 85 67 76 2 0 11 0.02 0.0 0 2.4 17 310 M M 7 18 22 310
17 85 62 74 0 0 9 T 0.0 0 3.5 14 300 M M 6 1 19 280
18 86 59 73 -1 0 8 0.00 0.0 0 1.7 14 360 M M 2 1 22 360
19 83 65 74 0 0 9 0.00 0.0 0 2.3 13 340 M M 6 16 340
20 83 63 73 -1 0 8 0.01 0.0 0 1.3 14 180 M M 7 13 20 170
21 80 67 74 0 0 9 0.07 0.0 0 0.9 9 90 M M 9 1 16 90
22 85 67 76 2 0 11 0.00 0.0 0 1.5 10 200 M M 8 14 160
23 85 64 75 1 0 10 0.01 0.0 0 2.5 10 300 M M 6 17 300
24 88 67 78 5 0 13 0.00 0.0 0 2.4 10 290 M M 7 12 15 270
25 90 66 78 5 0 13 0.00 0.0 0 3.2 17 230 M M 4 1 23 230
26 91 65 78 5 0 13 0.00 0.0 0 2.1 10 260 M M 4 1 13 260
27 88 66 77 4 0 12 0.00 0.0 0 2.9 13 240 M M 7 1 21 260
28 88 68 78 5 0 13 0.25 0.0 0 2.4 13 180 M M 8 13 19 170
29 85 70 78 6 0 13 0.52 0.0 0 7.5 18 270 M M 8 1 25 250
30 84 68 76 4 0 11 T 0.0 0 2.2 7 290 M M 8 1 10 230
31 84 70 77 5 0 12 0.18 0.0 0 1.9 10 220 M M 8 1 13 210
================================================================================
SM 2663 2036 0 342 2.61 0.0 81.8 M 196
================================================================================
AV 85.9 65.7 2.6 FASTST M M 6 MAX(MPH)
MISC ----> 21 190 30 250
================================================================================
NOTES:
# LAST OF SEVERAL OCCURRENCES
COLUMN 17 PEAK WIND IN M.P.H.
PRELIMINARY LOCAL CLIMATOLOGICAL DATA (WS FORM: F-6) , PAGE 2
STATION: TRI-CITIES AIRPORT
MONTH: AUGUST
YEAR: 2020
LATITUDE: 36 28 N
LONGITUDE: 82 24 W
[TEMPERATURE DATA] [PRECIPITATION DATA] SYMBOLS USED IN COLUMN 16
AVERAGE MONTHLY: 75.8 TOTAL FOR MONTH: 2.61 1 = FOG OR MIST
DPTR FM NORMAL: 2.0 DPTR FM NORMAL: -0.86 2 = FOG REDUCING VISIBILITY
HIGHEST: 91 ON 26,13 GRTST 24HR 0.77 ON 28-29 TO 1/4 MILE OR LESS
LOWEST: 59 ON 18 3 = THUNDER
SNOW, ICE PELLETS, HAIL 4 = ICE PELLETS
TOTAL MONTH: 0.0 INCH 5 = HAIL
GRTST 24HR 0.0 6 = FREEZING RAIN OR DRIZZLE
GRTST DEPTH: 0 7 = DUSTSTORM OR SANDSTORM:
VSBY 1/2 MILE OR LESS
8 = SMOKE OR HAZE
[NO. OF DAYS WITH] [WEATHER - DAYS WITH] 9 = BLOWING SNOW
X = TORNADO
MAX 32 OR BELOW: 0 0.01 INCH OR MORE: 13
MAX 90 OR ABOVE: 5 0.10 INCH OR MORE: 7
MIN 32 OR BELOW: 0 0.50 INCH OR MORE: 2
MIN 0 OR BELOW: 0 1.00 INCH OR MORE: 0
[HDD (BASE 65) ]
TOTAL THIS MO. 0 CLEAR (SCALE 0-3) 3
DPTR FM NORMAL -1 PTCLDY (SCALE 4-7) 25
TOTAL FM JUL 1 0 CLOUDY (SCALE 8-10) 3
DPTR FM NORMAL 0
[CDD (BASE 65) ]
TOTAL THIS MO. 342
DPTR FM NORMAL 68 [PRESSURE DATA]
TOTAL FM JAN 1 1043 HIGHEST SLP 30.17 ON 9
DPTR FM NORMAL 191 LOWEST SLP 29.68 ON 29
[REMARKS]
#FINAL-08-20#