000
CXUS56 KSGX 011045
CF6TRM
PRELIMINARY LOCAL CLIMATOLOGICAL DATA (WS FORM: F-6)
STATION: THERMAL AIRPORT CA
MONTH: APRIL
YEAR: 2023
LATITUDE: 33 37 N
LONGITUDE: 116 10 W
TEMPERATURE IN F: :PCPN: SNOW: WIND :SUNSHINE: SKY :PK WND
================================================================================
1 2 3 4 5 6A 6B 7 8 9 10 11 12 13 14 15 16 17 18
12Z AVG MX 2MIN
DY MAX MIN AVG DEP HDD CDD WTR SNW DPTH SPD SPD DIR MIN PSBL S-S WX SPD DR
================================================================================
1 83 33 58 -10 7 0 0.00 M M 5.7 16 330 M M 0 21 320
2 83 42 63 -5 2 0 0.00 M M 8.4 26 330 M M 0 8 32 340
3 74 50 62 -6 3 0 0.00 M M 14.3 26 330 M M 1 8 36 240
4 69 47 58 -11 7 0 0.00 M M 8.0 16 330 M M 0 20 330
5 73 37 55 -14 10 0 0.00 M M 4.4 12 190 M M 0 17 150
6 79 39 59 -10 6 0 0.00 M M 5.7 14 310 M M 0 19 270
7 85 42 64 -5 1 0 0.00 M M 5.6 15 330 M M 0 8 21 330
8 88 63 76 7 0 11 0.00 M M 8.6 16 300 M M 0 8 23 310
9 95 52 74 4 0 9 0.00 M M 5.2 14 340 M M 0 18 340
10 100 50 75 5 0 10 0.00 M M 6.9 15 320 M M 0 8 23 160
11 98 54 76 6 0 11 0.00 M M 7.9 22 330 M M 0 8 28 340
12 89 57 73 3 0 8 0.00 M M 9.0 26 330 M M 0 8 35 330
13 78 60 69 -1 0 4 0.00 M M 19.7 31 330 M M 1 8 39 330
14 81 58 70 0 0 5 0.00 M M 10.5 24 330 M M 0 8 31 320
15 88 53 71 0 0 6 0.00 M M 7.4 18 140 M M 0 8 23 140
16 90 48 69 -2 0 4 0.00 M M 6.3 15 310 M M 0 8 21 310
17 92 66 79 8 0 14 0.00 M M 13.2 29 330 M M 0 8 35 340
18 85 63 74 3 0 9 0.00 M M 15.0 28 340 M M 0 8 35 330
19 82 59 71 -1 0 6 0.00 M M 10.6 22 310 M M 0 8 28 310
20 88 51 70 -2 0 5 0.00 M M 4.6 13 220 M M 0 8 18 240
21 95 45 70 -2 0 5 0.00 M M 4.4 12 150 M M 0 8 15 140
22 98 57 78 6 0 13 0.00 M M 4.6 12 320 M M 0 17 130
23 97 61 79 6 0 14 0.00 M M 8.0 28 330 M M 0 8 34 340
24 95 70 83 10 0 18 0.00 M M 10.0 18 300 M M 0 8 26 310
25 97 59 78 5 0 13 0.00 M M 6.8 17 320 M M 0 8 24 320
26 96 52 74 1 0 9 0.00 M M 6.8 15 320 M M 0 8 21 350
27 103 63 83 9 0 18 0.00 M M 7.7 17 330 M M 0 25 320
28 105 66 86 12 0 21 0.00 M M 7.7 16 320 M M 0 21 310
29 105 58 82 8 0 17 0.00 M M 7.2 15 140 M M 0 8 20 150
30 104 57 81 7 0 16 0.00 M M 9.1 22 330 M M 0 29 320
================================================================================
SM 2695 1612 36 246 0.00 M 249.3 M 2
================================================================================
AV 89.8 53.7 8.3 FASTST M M 0 MAX(MPH)
MISC ----> 31 330 39 330
================================================================================
NOTES:
# LAST OF SEVERAL OCCURRENCES
COLUMN 17 PEAK WIND IN M.P.H.
PRELIMINARY LOCAL CLIMATOLOGICAL DATA (WS FORM: F-6) , PAGE 2
STATION: THERMAL AIRPORT CA
MONTH: APRIL
YEAR: 2023
LATITUDE: 33 37 N
LONGITUDE: 116 10 W
[TEMPERATURE DATA] [PRECIPITATION DATA] SYMBOLS USED IN COLUMN 16
AVERAGE MONTHLY: 71.8 TOTAL FOR MONTH: 0.00 1 = FOG OR MIST
DPTR FM NORMAL: 0.8 DPTR FM NORMAL: -0.08 2 = FOG REDUCING VISIBILITY
HIGHEST: 105 ON 29,28 GRTST 24HR 0.00 ON 1- 1 TO 1/4 MILE OR LESS
LOWEST: 33 ON 1 3 = THUNDER
SNOW, ICE PELLETS, HAIL 4 = ICE PELLETS
TOTAL MONTH: M 5 = HAIL
GRTST 24HR M ON M 6 = FREEZING RAIN OR DRIZZLE
GRTST DEPTH: M ON M 7 = DUSTSTORM OR SANDSTORM:
VSBY 1/2 MILE OR LESS
8 = SMOKE OR HAZE
[NO. OF DAYS WITH] [WEATHER - DAYS WITH] 9 = BLOWING SNOW
X = TORNADO
MAX 32 OR BELOW: 0 0.01 INCH OR MORE: 0
MAX 90 OR ABOVE: 15 0.10 INCH OR MORE: 0
MIN 32 OR BELOW: 0 0.50 INCH OR MORE: 0
MIN 0 OR BELOW: 0 1.00 INCH OR MORE: 0
[HDD (BASE 65) ]
TOTAL THIS MO. 36 CLEAR (SCALE 0-3) 30
DPTR FM NORMAL 18 PTCLDY (SCALE 4-7) 0
TOTAL FM JUL 1 1519 CLOUDY (SCALE 8-10) 0
DPTR FM NORMAL 417
[CDD (BASE 65) ]
TOTAL THIS MO. 246
DPTR FM NORMAL 48 [PRESSURE DATA]
TOTAL FM JAN 1 266 HIGHEST SLP 30.15 ON 5
DPTR FM NORMAL -24 LOWEST SLP 29.56 ON 12
[REMARKS]
#FINAL-04-23#