000
CXUS56 KPQR 011201
CF6TTD
PRELIMINARY LOCAL CLIMATOLOGICAL DATA (WS FORM: F-6)
STATION: TROUTDALE OR
MONTH: SEPTEMBER
YEAR: 2023
LATITUDE: 45 33 N
LONGITUDE: 122 25 W
TEMPERATURE IN F: :PCPN: SNOW: WIND :SUNSHINE: SKY :PK WND
================================================================================
1 2 3 4 5 6A 6B 7 8 9 10 11 12 13 14 15 16 17 18
12Z AVG MX 2MIN
DY MAX MIN AVG DEP HDD CDD WTR SNW DPTH SPD SPD DIR MIN PSBL S-S WX SPD DR
================================================================================
1 83 63 73 5 0 8 0.00 M M 4.2 17 90 M M 4 24 80
2 91 59 75 7 0 10 0.00 M M 3.3 18 200 M M 1 26 220
3 73 61 67 0 0 2 0.05 M M 6.0 13 220 M M 8 1 16 220
4 67 59 63 -4 2 0 T M M 2.5 12 230 M M 10 14 210
5 73 51 62 -5 3 0 0.00 M M 2.3 13 260 M M 2 16 250
6 81 49 65 -2 0 0 0.00 M M 3.1 8 260 M M 3 8 13 320
7 77 59 68 1 0 3 0.00 M M 2.3 9 320 M M 8 16 320
8 81 53 67 1 0 2 0.00 M M 2.8 10 250 M M 3 16 250
9 88 51 70 4 0 5 0.00 M M 3.5 12 250 M M 0 8 14 230
10 85 55 70 4 0 5 0.00 M M 2.6 8 320 M M 0 11 220
11 79 56 68 2 0 3 0.00 M M 2.4 8 310 M M 4 13 290
12 81 54 68 2 0 3 0.00 M M 2.7 9 320 M M 4 14 320
13 82 58 70 5 0 5 0.00 M M 3.1 10 240 M M 5 15 240
14 90 51 71 6 0 6 0.00 M M 2.5 10 80 M M 0 8 16 80
15 95 59 77 12 0 12 0.00 M M 4.6 17 90 M M 0 23 90
16 87 54 71 7 0 6 0.00 M M 3.2 10 250 M M 0 15 310
17 77 51 64 0 1 0 0.00 M M 2.3 10 260 M M 0 14 250
18 74 56 65 1 0 0 T M M 3.4 10 320 M M 3 18 15 330
19 73 49 61 -3 4 0 T M M 2.5 13 260 M M 2 16 250
20 71 50 61 -2 4 0 0.04 M M 4.0 13 330 M M 6 19 320
21 76 44 60 -3 5 0 0.00 M M 4.3 12 110 M M 2 16 120
22 79 50 65 2 0 0 0.00 M M 5.4 17 90 M M 0 22 80
23 71 54 63 1 2 0 0.06 M M 3.1 10 180 M M 8 13 210
24 62 53 58 -4 7 0 0.30 M M 10.7 22 80 M M 8 29 80
25 68 59 64 2 1 0 0.37 M M 5.5 22 180 M M 10 1 30 170
26 69 55 62 0 3 0 0.12 M M 5.8 20 180 M M 9 1 26 180
27 66 57 62 1 3 0 0.18 M M 9.4 23 220 M M 9 31 220
28 67 54 61 0 4 0 0.06 M M 1.2 10 260 M M 10 1 14 260
29 63 55 59 -2 6 0 0.10 M M 2.0 7 20 M M 10 10 20
30 70 45 58 -2 7 0 0.00 M M 2.8 9 260 M M 3 18 14 250
================================================================================
SM 2299 1624 52 70 1.28 M 113.5 M 132
================================================================================
AV 76.6 54.1 3.8 FASTST M M 4 MAX(MPH)
MISC ----> 23 220 31 220
================================================================================
NOTES:
# LAST OF SEVERAL OCCURRENCES
COLUMN 17 PEAK WIND IN M.P.H.
PRELIMINARY LOCAL CLIMATOLOGICAL DATA (WS FORM: F-6) , PAGE 2
STATION: TROUTDALE OR
MONTH: SEPTEMBER
YEAR: 2023
LATITUDE: 45 33 N
LONGITUDE: 122 25 W
[TEMPERATURE DATA] [PRECIPITATION DATA] SYMBOLS USED IN COLUMN 16
AVERAGE MONTHLY: 65.4 TOTAL FOR MONTH: 1.28 1 = FOG OR MIST
DPTR FM NORMAL: 1.0 DPTR FM NORMAL: -0.47 2 = FOG REDUCING VISIBILITY
HIGHEST: 95 ON 15 GRTST 24HR 0.44 ON 24-25 TO 1/4 MILE OR LESS
LOWEST: 44 ON 21 3 = THUNDER
SNOW, ICE PELLETS, HAIL 4 = ICE PELLETS
TOTAL MONTH: M 5 = HAIL
GRTST 24HR M ON M 6 = FREEZING RAIN OR DRIZZLE
GRTST DEPTH: M ON M 7 = DUSTSTORM OR SANDSTORM:
VSBY 1/2 MILE OR LESS
8 = SMOKE OR HAZE
[NO. OF DAYS WITH] [WEATHER - DAYS WITH] 9 = BLOWING SNOW
X = TORNADO
MAX 32 OR BELOW: 0 0.01 INCH OR MORE: 9
MAX 90 OR ABOVE: 3 0.10 INCH OR MORE: 5
MIN 32 OR BELOW: 0 0.50 INCH OR MORE: 0
MIN 0 OR BELOW: 0 1.00 INCH OR MORE: 0
[HDD (BASE 65) ]
TOTAL THIS MO. 52 CLEAR (SCALE 0-3) 13
DPTR FM NORMAL -23 PTCLDY (SCALE 4-7) 10
TOTAL FM JUL 1 53 CLOUDY (SCALE 8-10) 7
DPTR FM NORMAL -47
[CDD (BASE 65) ]
TOTAL THIS MO. 70
DPTR FM NORMAL 13 [PRESSURE DATA]
TOTAL FM JAN 1 776 HIGHEST SLP 30.16 ON 13
DPTR FM NORMAL 353 LOWEST SLP 29.78 ON 25
[REMARKS]
#FINAL-09-23#