000
CXUS56 KPQR 011544
CLMTTD
CLIMATE REPORT
NATIONAL WEATHER SERVICE PORTLAND OREGON
844 AM PDT SAT APR 01 2023
...................................
...THE TROUTDALE OR CLIMATE SUMMARY FOR THE MONTH OF MARCH 2023...
CLIMATE NORMAL PERIOD 1991 TO 2020
CLIMATE RECORD PERIOD 1948 TO 2023
WEATHER OBSERVED NORMAL DEPART LAST YEAR`S
VALUE DATE(S) VALUE FROM VALUE DATE(S)
NORMAL
................................................................
TEMPERATURE (F)
HIGHEST 67 70 03/27
LOWEST 31 31 03/12
AVG. MAXIMUM 53.0 56.7 -3.7 57.7
AVG. MINIMUM 38.3 40.0 -1.7 41.7
MEAN 45.6 48.4 -2.8 49.7
DAYS MAX >= 90 0 0.0 0.0 0
DAYS MAX <= 32 0 0.0 0.0 0
DAYS MIN <= 32 3 3.7 -0.7 4
DAYS MIN <= 0 0 0.0 0.0 0
PRECIPITATION (INCHES)
RECORD
MAXIMUM 3.25 2022
MINIMUM 1.57 2022
TOTALS 3.88 4.41 -0.53 3.25
DAYS >= .01 22 18.6 3.4 18
DAYS >= .10 13 12.6 0.4 8
DAYS >= .50 2 2.4 -0.4 2
DAYS >= 1.00 1 0.5 0.5 0
GREATEST
24 HR. TOTAL 1.22 03/12 TO 03/13
DEGREE DAYS
HEATING TOTAL 591 516 75 468
SINCE 7/1 3514 3475 39 MM
COOLING TOTAL 0 0 0 0
SINCE 1/1 0 0 MM
................................................................
WIND (MPH)
AVERAGE WIND SPEED 8.5
RESULTANT WIND SPEED/DIRECTION 5/120
HIGHEST WIND SPEED/DIRECTION 26/240 DATE 03/04
26/090 03/09
HIGHEST GUST SPEED/DIRECTION 35/240 DATE 03/04
SKY COVER
POSSIBLE SUNSHINE (PERCENT) MM
AVERAGE SKY COVER 0.71
NUMBER OF DAYS FAIR 5
NUMBER OF DAYS PC 7
NUMBER OF DAYS CLOUDY 19
AVERAGE RH (PERCENT) 67
WEATHER CONDITIONS. NUMBER OF DAYS WITH
THUNDERSTORM 1 MIXED PRECIP 0
HEAVY RAIN 1 RAIN 5
LIGHT RAIN 23 FREEZING RAIN 0
LT FREEZING RAIN 0 HAIL 0
HEAVY SNOW 0 SNOW 0
LIGHT SNOW 3 SLEET 0
FOG 10 FOG W/VIS <= 1/4 MILE 2
HAZE 5
- INDICATES NEGATIVE NUMBERS.
R INDICATES RECORD WAS SET OR TIED.
MM INDICATES DATA IS MISSING.
T INDICATES TRACE AMOUNT.
$$