000
CXUS51 KPHI 010815
CF6TTN
PRELIMINARY LOCAL CLIMATOLOGICAL DATA (WS FORM: F-6)
STATION: TRENTON NJ
MONTH: JULY
YEAR: 2023
LATITUDE: 40 16 N
LONGITUDE: 74 49 W
TEMPERATURE IN F: :PCPN: SNOW: WIND :SUNSHINE: SKY :PK WND
================================================================================
1 2 3 4 5 6A 6B 7 8 9 10 11 12 13 14 15 16 17 18
12Z AVG MX 2MIN
DY MAX MIN AVG DEP HDD CDD WTR SNW DPTH SPD SPD DIR MIN PSBL S-S WX SPD DR
================================================================================
1 84 64 74 -1 0 9 0.00 0.0 0 7.3 16 190 M M 5 18 19 170
2 87 71 79 4 0 14 0.06 0.0 0 6.8 18 320 M M 5 138 27 300
3 89 70 80 5 0 15 T 0.0 0 4.3 14 220 M M 2 3 24 280
4 88 70 79 3 0 14 0.19 0.0 0 4.4 16 300 M M 4 138 23 300
5 92 70 81 5 0 16 0.00 0.0 0 3.7 14 190 M M 1 1 18 130
6 90 71 81 5 0 16 0.00 0.0 0 5.5 14 170 M M 0 1 20 150
7 88 73 81 5 0 16 0.00 0.0 0 3.1 9 100 M M 5 1 14 100
8 88 72 80 4 0 15 0.00 0.0 0 2.6 9 120 M M 5 138 9 120
9 85 68 77 1 0 12 0.67 0.0 0 4.9 10 200 M M 7 13 10 200
10 85 67 76 0 0 11 0.02 0.0 0 7.7 12 330 M M 5 13 17 340
11 88 63 76 0 0 11 0.00 0.0 0 3.7 12 290 M M 0 17 290
12 90 65 78 2 0 13 0.00 0.0 0 4.7 12 300 M M 0 18 260
13 91 70 81 5 0 16 0.00 0.0 0 8.7 20 210 M M 1 1 29 200
14 89 71 80 3 0 15 0.17 0.0 0 5.8 16 180 M M 3 13 23 140
15 90 70 80 3 0 15 2.69 0.0 0 3.7 18 320 M M 5 1238 25 340
16 77 71 74 -3 0 9 0.81 0.0 0 3.4 15 170 M M 9 123 25 170
17 88 68 78 1 0 13 0.00 0.0 0 3.9 10 210 M M 2 128 17 250
18 88 69 79 2 0 14 0.25 0.0 0 3.8 13 270 M M 3 18 24 290
19 80 68 74 -3 0 9 0.11 0.0 0 2.7 9 210 M M 5 18 12 150
20 86 67 77 0 0 12 0.00 0.0 0 4.6 15 170 M M 2 18 20 190
21 83 66 75 -2 0 10 0.40 0.0 0 4.5 13 300 M M 4 13 22 290
22 82 65 74 -3 0 9 0.00 0.0 0 5.2 14 340 M M 0 20 290
23 87 63 75 -2 0 10 0.00 0.0 0 4.1 10 150 M M 2 13 150
24 84 67 76 -1 0 11 0.00 0.0 0 4.8 13 200 M M 2 19 200
25 86 65 76 -1 0 11 0.13 0.0 0 3.2 16 290 M M 3 13 25 290
26 87 62 75 -1 0 10 0.00 0.0 0 4.7 12 180 M M 3 12 17 180
27 91 71 81 5 0 16 0.00 0.0 0 8.2 17 220 M M 4 1 27 220
28 92 73 83 7 0 18 0.19 0.0 0 4.5 22 250 M M 1 13 33 240
29 90 72 81 5 0 16 T 0.0 0 7.9 26 320 M M 3 3 40 300
30 79 61 70 -6 0 5 0.00 0.0 0 6.7 17 340 M M 2 27 340
31 83 58 71 -5 0 6 T 0.0 0 3.5 12 330 M M 3 18 270
================================================================================
SM 2687 2101 0 387 5.69 0.0 152.6 M 96
================================================================================
AV 86.7 67.8 4.9 FASTST M M 3 MAX(MPH)
MISC ----> 26 320 40 300
================================================================================
NOTES:
# LAST OF SEVERAL OCCURRENCES
COLUMN 17 PEAK WIND IN M.P.H.
PRELIMINARY LOCAL CLIMATOLOGICAL DATA (WS FORM: F-6) , PAGE 2
STATION: TRENTON NJ
MONTH: JULY
YEAR: 2023
LATITUDE: 40 16 N
LONGITUDE: 74 49 W
[TEMPERATURE DATA] [PRECIPITATION DATA] SYMBOLS USED IN COLUMN 16
AVERAGE MONTHLY: 77.2 TOTAL FOR MONTH: 5.69 1 = FOG OR MIST
DPTR FM NORMAL: 0.9 DPTR FM NORMAL: 1.30 2 = FOG REDUCING VISIBILITY
HIGHEST: 92 ON 28, 5 GRTST 24HR 3.31 ON 15-16 TO 1/4 MILE OR LESS
LOWEST: 58 ON 31 3 = THUNDER
SNOW, ICE PELLETS, HAIL 4 = ICE PELLETS
TOTAL MONTH: 0.0 INCH 5 = HAIL
GRTST 24HR 0.0 6 = FREEZING RAIN OR DRIZZLE
GRTST DEPTH: 0 7 = DUSTSTORM OR SANDSTORM:
VSBY 1/2 MILE OR LESS
8 = SMOKE OR HAZE
[NO. OF DAYS WITH] [WEATHER - DAYS WITH] 9 = BLOWING SNOW
X = TORNADO
MAX 32 OR BELOW: 0 0.01 INCH OR MORE: 12
MAX 90 OR ABOVE: 8 0.10 INCH OR MORE: 10
MIN 32 OR BELOW: 0 0.50 INCH OR MORE: 3
MIN 0 OR BELOW: 0 1.00 INCH OR MORE: 1
[HDD (BASE 65) ]
TOTAL THIS MO. 0 CLEAR (SCALE 0-3) 18
DPTR FM NORMAL 0 PTCLDY (SCALE 4-7) 12
TOTAL FM JUL 1 0 CLOUDY (SCALE 8-10) 1
DPTR FM NORMAL 0
[CDD (BASE 65) ]
TOTAL THIS MO. 387
DPTR FM NORMAL 37 [PRESSURE DATA]
TOTAL FM JAN 1 542 HIGHEST SLP 30.12 ON 26
DPTR FM NORMAL -75 LOWEST SLP 29.63 ON 29
[REMARKS]
#FINAL-07-23#