000
CXUS51 KPHI 010915
CF6TTN
PRELIMINARY LOCAL CLIMATOLOGICAL DATA (WS FORM: F-6)
STATION: TRENTON NJ
MONTH: NOVEMBER
YEAR: 2022
LATITUDE: 40 16 N
LONGITUDE: 74 49 W
TEMPERATURE IN F: :PCPN: SNOW: WIND :SUNSHINE: SKY :PK WND
================================================================================
1 2 3 4 5 6A 6B 7 8 9 10 11 12 13 14 15 16 17 18
12Z AVG MX 2MIN
DY MAX MIN AVG DEP HDD CDD WTR SNW DPTH SPD SPD DIR MIN PSBL S-S WX SPD DR
================================================================================
1 69 56 63 13 2 0 0.09 0.0 0 5.1 17 300 M M 6 1 23 310
2 70 45 58 8 7 0 0.00 0.0 0 4.3 14 360 M M 0 17 10
3 68 38 53 4 12 0 0.00 0.0 0 3.7 12 110 M M 0 14 100
4 70 40 55 6 10 0 0.00 0.0 0 3.1 10 210 M M 4 12 13 190
5 77 55 66 17 0 1 0.00 0.0 0 8.1 20 190 M M 5 12 27 200
6 74 61 68 20 0 3 0.02 0.0 0 7.6 16 200 M M 8 1 21 240
7 76 53 65 17 0 0 0.00 0.0 0 9.0 17 360 M M 4 25 360
8 59 43 51 3 14 0 0.00 0.0 0 10.0 22 350 M M 0 32 360
9 55 36 46 -1 19 0 0.00 0.0 0 4.2 10 70 M M 0 15 30
10 66 35 51 4 14 0 0.00 0.0 0 2.6 12 210 M M 1 14 180
11 70 53 62 15 3 0 0.61 0.0 0 6.7 17 160 M M 10 1 27 160
12 71 56 64 18 1 0 0.01 0.0 0 8.7 23 180 M M 6 1 31 190
13 58 38 48 2 17 0 0.06 0.0 0 10.2 20 310 M M 7 1 29 310
14 46 31 39 -7 26 0 0.00 0.0 0 6.8 21 330 M M 0 29 350
15 43 29 36 -10 29 0 0.85 0.0 0 8.1 18 60 M M 5 1 25 60
16 50 36 43 -2 22 0 0.17 0.0 0 10.0 21 300 M M 8 1 29 280
17 44 31 38 -7 27 0 0.00 0.0 0 8.4 21 310 M M 3 32 280
18 43 27 35 -10 30 0 T T 0 7.9 20 250 M M 3 28 270
19 40 26 33 -11 32 0 0.00 0.0 0 6.1 17 260 M M 0 26 250
20 35 25 30 -14 35 0 0.00 0.0 0 9.2 24 280 M M 1 35 300
21 41 20 31 -13 34 0 0.00 0.0 0 5.7 16 210 M M 0 20 210
22 52 28 40 -3 25 0 0.00 0.0 0 4.3 12 220 M M 0 16 210
23 55 25 40 -3 25 0 0.00 0.0 0 2.8 14 300 M M 0 17 300
24 54 30 42 -1 23 0 0.00 0.0 0 3.3 10 210 M M 0 13 220
25 54 37 46 3 19 0 0.02 0.0 0 6.3 22 340 M M 6 1 28 320
26 56 36 46 4 19 0 0.00 0.0 0 6.7 15 260 M M 1 25 300
27 61 37 49 7 16 0 0.31 0.0 0 5.5 20 250 M M 5 1 33 250
28 55 36 46 4 19 0 0.00 0.0 0 8.5 24 330 M M 5 32 340
29 45 27 36 -5 29 0 0.00 0.0 0 2.9 10 330 M M 1 15 290
30 56 33 45 4 20 0 0.57 0.0 0 8.4 28 210 M M 7 1 36 310
================================================================================
SM 1713 1123 529 4 2.71 T 194.2 M 96
================================================================================
AV 57.1 37.4 6.5 FASTST M M 3 MAX(MPH)
MISC ----> 28 210 36 310
================================================================================
NOTES:
# LAST OF SEVERAL OCCURRENCES
COLUMN 17 PEAK WIND IN M.P.H.
PRELIMINARY LOCAL CLIMATOLOGICAL DATA (WS FORM: F-6) , PAGE 2
STATION: TRENTON NJ
MONTH: NOVEMBER
YEAR: 2022
LATITUDE: 40 16 N
LONGITUDE: 74 49 W
[TEMPERATURE DATA] [PRECIPITATION DATA] SYMBOLS USED IN COLUMN 16
AVERAGE MONTHLY: 47.3 TOTAL FOR MONTH: 2.71 1 = FOG OR MIST
DPTR FM NORMAL: 1.9 DPTR FM NORMAL: -0.47 2 = FOG REDUCING VISIBILITY
HIGHEST: 77 ON 5 GRTST 24HR 1.02 ON 15-16 TO 1/4 MILE OR LESS
LOWEST: 20 ON 21 3 = THUNDER
SNOW, ICE PELLETS, HAIL 4 = ICE PELLETS
TOTAL MONTH: T 5 = HAIL
GRTST 24HR T ON 18-18 6 = FREEZING RAIN OR DRIZZLE
GRTST DEPTH: 0 7 = DUSTSTORM OR SANDSTORM:
VSBY 1/2 MILE OR LESS
8 = SMOKE OR HAZE
[NO. OF DAYS WITH] [WEATHER - DAYS WITH] 9 = BLOWING SNOW
X = TORNADO
MAX 32 OR BELOW: 0 0.01 INCH OR MORE: 10
MAX 90 OR ABOVE: 0 0.10 INCH OR MORE: 5
MIN 32 OR BELOW: 11 0.50 INCH OR MORE: 3
MIN 0 OR BELOW: 0 1.00 INCH OR MORE: 0
[HDD (BASE 65) ]
TOTAL THIS MO. 529 CLEAR (SCALE 0-3) 14
DPTR FM NORMAL -59 PTCLDY (SCALE 4-7) 15
TOTAL FM JUL 1 936 CLOUDY (SCALE 8-10) 1
DPTR FM NORMAL -10
[CDD (BASE 65) ]
TOTAL THIS MO. 4
DPTR FM NORMAL 4 [PRESSURE DATA]
TOTAL FM JAN 1 1208 HIGHEST SLP 30.65 ON 9
DPTR FM NORMAL 158 LOWEST SLP 29.37 ON 27
[REMARKS]
#FINAL-11-22#