000
CXUS54 KTSA 011100
CLMTUL
CLIMATE REPORT
NATIONAL WEATHER SERVICE TULSA OK
700 AM CDT TUE AUG 01 2023
...................................
...THE TULSA OKLAHOMA CLIMATE SUMMARY FOR THE MONTH OF JULY 2023...
CLIMATE NORMAL PERIOD 1991 TO 2020
CLIMATE RECORD PERIOD 1882 TO 2023
WEATHER OBSERVED NORMAL DEPART LAST YEAR`S
VALUE DATE(S) VALUE FROM VALUE DATE(S)
NORMAL
................................................................
TEMPERATURE (F)
RECORD
HIGH 113 07/19/1936
07/18/1936
LOW 53 07/05/1915
HIGHEST 102 07/18 94 8 108 07/19
LOWEST 64 07/10 73 -9 66 07/13
AVG. MAXIMUM 93.1 93.6 -0.5 99.7
AVG. MINIMUM 73.1 73.1 0.0 76.4
MEAN 83.1 83.4 -0.3 88.1
DAYS MAX >= 90 23 24.0 -1.0 29
DAYS MAX <= 32 0 0.0 0.0 0
DAYS MIN <= 32 0 0.0 0.0 0
DAYS MIN <= 0 0 0.0 0.0 0
PRECIPITATION (INCHES)
RECORD
MAXIMUM 11.39 1994
MINIMUM T 1935
TOTALS 4.03 3.76 0.27 2.83
DAILY AVG. 0.13 0.12 0.01 0.09
DAYS >= .01 10 7.3 2.7 7
DAYS >= .10 6 4.9 1.1 4
DAYS >= .50 4 2.5 1.5 3
DAYS >= 1.00 1 1.2 -0.2 1
GREATEST
24 HR. TOTAL 1.96 07/13 TO 07/14
DEGREE DAYS
COOLING TOTAL 569 569 0 722
SINCE 1/1 1240 1229 11 MM
................................................................
WIND (MPH)
AVERAGE WIND SPEED 8.5
HIGHEST WIND SPEED/DIRECTION 38/340 DATE 07/14
HIGHEST GUST SPEED/DIRECTION 56/350 DATE 07/14
SKY COVER
POSSIBLE SUNSHINE (PERCENT) MM
AVERAGE SKY COVER 0.49
NUMBER OF DAYS FAIR 10
NUMBER OF DAYS PC 19
NUMBER OF DAYS CLOUDY 2
AVERAGE RH (PERCENT) 67
WEATHER CONDITIONS. NUMBER OF DAYS WITH
THUNDERSTORM 11 MIXED PRECIP 0
HEAVY RAIN 4 RAIN 3
LIGHT RAIN 12 FREEZING RAIN 0
LT FREEZING RAIN 0 HAIL 0
HEAVY SNOW 0 SNOW 0
LIGHT SNOW 0 SLEET 0
FOG 7 FOG W/VIS <= 1/4 MILE 1
HAZE 3
- INDICATES NEGATIVE NUMBERS.
R INDICATES RECORD WAS SET OR TIED.
MM INDICATES DATA IS MISSING.
T INDICATES TRACE AMOUNT.
$$