000
CXUS55 KTWC 010855
CF6TUS
PRELIMINARY LOCAL CLIMATOLOGICAL DATA (WS FORM: F-6)
STATION: TUCSON AZ
MONTH: NOVEMBER
YEAR: 2023
LATITUDE: 32 7 N
LONGITUDE: 110 56 W
TEMPERATURE IN F: :PCPN: SNOW: WIND :SUNSHINE: SKY :PK WND
================================================================================
1 2 3 4 5 6A 6B 7 8 9 10 11 12 13 14 15 16 17 18
12Z AVG MX 2MIN
DY MAX MIN AVG DEP HDD CDD WTR SNW DPTH SPD SPD DIR MIN PSBL S-S WX SPD DR
================================================================================
1 81 56 69 2 0 4 0.00 M M 10.5 28 120 M M 0 35 120
2 84 52 68 1 0 3 0.00 M M 4.9 10 120 M M 0 15 110
3 87 53 70 4 0 5 0.00 M M 5.4 15 150 M M 0 22 170
4 90 51 71 5 0 6 0.00 M M 5.4 13 150 M M 0 18 130
5 94 56 75 9 0 10 0.00 M M 5.9 16 340 M M 0 8 20 340
6 92 58 75 10 0 10 0.00 M M 6.1 16 270 M M 0 22 260
7 91 55 73 8 0 8 0.00 M M 8.5 28 220 M M 0 38 220
8 80 53 67 3 0 2 0.00 M M 5.3 14 330 M M 0 21 340
9 73 46 60 -4 5 0 0.00 M M 5.6 15 330 M M 0 21 330
10 73 44 59 -5 6 0 0.00 M M 5.4 12 140 M M 0 8 16 340
11 77 44 61 -2 4 0 0.00 M M 8.8 22 120 M M 0 30 110
12 81 57 69 6 0 4 0.00 M M 13.3 24 120 M M 0 33 120
13 82 61 72 10 0 7 0.00 M M 12.6 22 120 M M 0 29 120
14 84 65 75 13 0 10 0.00 M M 10.4 22 120 M M 0 30 110
15 86 59 73 11 0 8 0.00 M M 5.3 14 160 M M 0 21 210
16 82 62 72 11 0 7 0.04 M M 4.4 14 340 M M 4 8 18 360
17 81 61 71 10 0 6 0.00 M M 3.5 10 320 M M 3 16 180
18 77 58 68 8 0 3 0.10 M M 6.2 21 330 M M 5 1 28 330
19 72 51 62 2 3 0 0.00 M M 6.6 21 280 M M 0 1 28 290
20 68 46 57 -3 8 0 0.00 M M 6.3 16 340 M M 0 22 330
21 74 45 60 1 5 0 0.00 M M 10.2 25 90 M M 0 39 90
22 75 53 64 5 1 0 0.00 M M 12.8 28 120 M M 0 37 130
23 75 47 61 3 4 0 0.00 M M 8.7 22 200 M M 0 27 210
24 74 48 61 3 4 0 0.00 M M 9.6 25 200 M M 1 33 200
25 63 48 56 -2 9 0 0.14 M M 2.6 9 270 M M 4 1 13 310
26 68 39 54 -3 11 0 0.00 M M 3.9 10 330 M M 0 16 310
27 73 47 60 3 5 0 0.00 M M 4.2 10 170 M M 0 13 150
28 76 51 64 7 1 0 0.00 M M 6.1 18 120 M M 1 24 120
29 72 44 58 2 7 0 0.00 M M 6.7 15 290 M M 2 22 290
30 62 50 56 0 9 0 0.00 M M 5.1 16 280 M M 6 18 260
================================================================================
SM 2347 1560 82 93 0.28 M 210.3 M 26
================================================================================
AV 78.2 52.0 7.0 FASTST M M 1 MAX(MPH)
MISC ----> # 28 120 39 90
================================================================================
NOTES:
# LAST OF SEVERAL OCCURRENCES
COLUMN 17 PEAK WIND IN M.P.H.
PRELIMINARY LOCAL CLIMATOLOGICAL DATA (WS FORM: F-6) , PAGE 2
STATION: TUCSON AZ
MONTH: NOVEMBER
YEAR: 2023
LATITUDE: 32 7 N
LONGITUDE: 110 56 W
[TEMPERATURE DATA] [PRECIPITATION DATA] SYMBOLS USED IN COLUMN 16
AVERAGE MONTHLY: 65.1 TOTAL FOR MONTH: 0.28 1 = FOG OR MIST
DPTR FM NORMAL: 3.6 DPTR FM NORMAL: -0.28 2 = FOG REDUCING VISIBILITY
HIGHEST: 94 ON 5 GRTST 24HR 0.14 ON 25-25 TO 1/4 MILE OR LESS
LOWEST: 39 ON 26 3 = THUNDER
SNOW, ICE PELLETS, HAIL 4 = ICE PELLETS
TOTAL MONTH: M 5 = HAIL
GRTST 24HR M ON M 6 = FREEZING RAIN OR DRIZZLE
GRTST DEPTH: M ON M 7 = DUSTSTORM OR SANDSTORM:
VSBY 1/2 MILE OR LESS
8 = SMOKE OR HAZE
[NO. OF DAYS WITH] [WEATHER - DAYS WITH] 9 = BLOWING SNOW
X = TORNADO
MAX 32 OR BELOW: 0 0.01 INCH OR MORE: 3
MAX 90 OR ABOVE: 4 0.10 INCH OR MORE: 2
MIN 32 OR BELOW: 0 0.50 INCH OR MORE: 0
MIN 0 OR BELOW: 0 1.00 INCH OR MORE: 0
[HDD (BASE 65) ]
TOTAL THIS MO. 82 CLEAR (SCALE 0-3) 25
DPTR FM NORMAL -69 PTCLDY (SCALE 4-7) 5
TOTAL FM JUL 1 87 CLOUDY (SCALE 8-10) 0
DPTR FM NORMAL -81
[CDD (BASE 65) ]
TOTAL THIS MO. 93
DPTR FM NORMAL 47 [PRESSURE DATA]
TOTAL FM JAN 1 3958 HIGHEST SLP M ON M
DPTR FM NORMAL 535 LOWEST SLP 29.74 ON 23
[REMARKS]
#FINAL-11-23#