000
CXUS55 KREV 010908 RRA
CF6TVL
PRELIMINARY LOCAL CLIMATOLOGICAL DATA (WS FORM: F-6)
STATION: SOUTH LAKE TAHOE CA
MONTH: MARCH
YEAR: 2023
LATITUDE: 38 53 N
LONGITUDE: 119 60 W
TEMPERATURE IN F: :PCPN: SNOW: WIND :SUNSHINE: SKY :PK WND
================================================================================
1 2 3 4 5 6A 6B 7 8 9 10 11 12 13 14 15 16 17 18
12Z AVG MX 2MIN
DY MAX MIN AVG DEP HDD CDD WTR SNW DPTH SPD SPD DIR MIN PSBL S-S WX SPD DR
================================================================================
1 24 9 17 -16 48 0 0.58 M M 8.3 22 30 M M 7 18 30 20
2 40 -5 18 -15 47 0 0.00 M M 2.7 12 20 M M 0 1 13 20
3 43 4 24 -9 41 0 0.00 M M 5.3 18 190 M M 1 12 24 190
4 30 18 24 -10 41 0 1.54 M M 12.9 36 180 M M 8 128 50 180
5 24 14 19 -15 46 0 0.61 M M 10.2 25 180 M M 10 128 35 180
6 27 11 19 -15 46 0 0.29 M M 7.4 21 180 M M 9 128 28 180
7 29 16 23 -11 42 0 0.10 M M 10.2 20 190 M M 10 1 32 200
8 28 3 16 -18 49 0 0.10 M M 8.8 24 190 M M 6 128 42 190
9 40 -3 19 -16 46 0 M M M 10.0 30 170 M M 6 128 39 190
10 42 34 38 3 27 0 M M M 14.3 37 190 M M 10 1 60 180
11 40 33 37 2 28 0 1.03 M M 6.3 24 190 M M 10 1 32 180
12 37 33 35 0 30 0 0.63 M M 7.4 18 190 M M 10 1 29 170
13 41 33 37 2 28 0 0.19 M M 11.1 28 180 M M 10 1 40 180
14 43 34 39 3 26 0 0.28 M M 13.1 38 190 M M 10 1 64 180
15 42 21 32 -4 33 0 0.00 M M 5.2 18 190 M M 1 25 190
16 41 13 27 -9 38 0 0.00 M M 2.8 13 20 M M 0 16 20
17 44 11 28 -8 37 0 0.00 M M 2.5 12 30 M M 0 15 30
18 46 14 30 -6 35 0 0.00 M M 3.1 12 20 M M 1 15 180
19 40 31 36 0 29 0 0.43 M M 4.1 17 180 M M 10 12 24 180
20 39 22 31 -5 34 0 0.05 M M 7.6 20 200 M M 3 18 29 210
21 35 18 27 -10 38 0 0.18 M M 2.7 14 130 M M 6 128 23 10
22 37 14 26 -11 39 0 T M M 3.4 13 190 M M 8 12 17 190
23 35 26 31 -6 34 0 0.03 M M 10.1 20 190 M M 9 18 33 190
24 33 19 26 -11 39 0 0.01 M M 7.1 21 170 M M 4 1 26 180
25 33 11 22 -15 43 0 T M M 5.9 14 200 M M 2 18 20 200
26 32 9 21 -16 44 0 0.02 M M 4.7 15 30 M M 3 12 19 40
27 41 2 22 -16 43 0 0.00 M M 8.1 21 180 M M 0 29 180
28 39 26 33 -5 32 0 1.61 M M 16.1 35 190 M M 9 128 51 190
29 33 14 24 -14 41 0 0.07 M M 4.6 17 190 M M 8 18 25 190
30 39 17 28 -10 37 0 0.06 M M 4.3 14 190 M M 6 1 21 210
31 40 14 27 -11 38 0 0.00 M M 7.0 17 190 M M 0 26 190
================================================================================
SM 1137 516 1179 0 7.81 M 227.3 M 177
================================================================================
AV 36.7 16.6 7.3 FASTST M M 6 MAX(MPH)
MISC ----> 38 190 64 180
================================================================================
NOTES:
# LAST OF SEVERAL OCCURRENCES
COLUMN 17 PEAK WIND IN M.P.H.
PRELIMINARY LOCAL CLIMATOLOGICAL DATA (WS FORM: F-6) , PAGE 2
STATION: SOUTH LAKE TAHOE CA
MONTH: MARCH
YEAR: 2023
LATITUDE: 38 53 N
LONGITUDE: 119 60 W
[TEMPERATURE DATA] [PRECIPITATION DATA] SYMBOLS USED IN COLUMN 16
AVERAGE MONTHLY: 26.7 TOTAL FOR MONTH: 7.81 1 = FOG OR MIST
DPTR FM NORMAL: -9.1 DPTR FM NORMAL: 4.94 2 = FOG REDUCING VISIBILITY
HIGHEST: 46 ON 18 GRTST 24HR 40.58 ON 9-10 TO 1/4 MILE OR LESS
LOWEST: -5 ON 2 3 = THUNDER
SNOW, ICE PELLETS, HAIL 4 = ICE PELLETS
TOTAL MONTH: M 5 = HAIL
GRTST 24HR M ON M 6 = FREEZING RAIN OR DRIZZLE
GRTST DEPTH: M ON M 7 = DUSTSTORM OR SANDSTORM:
VSBY 1/2 MILE OR LESS
8 = SMOKE OR HAZE
[NO. OF DAYS WITH] [WEATHER - DAYS WITH] 9 = BLOWING SNOW
X = TORNADO
MAX 32 OR BELOW: 7 0.01 INCH OR MORE: 19
MAX 90 OR ABOVE: 0 0.10 INCH OR MORE: 13
MIN 32 OR BELOW: 26 0.50 INCH OR MORE: 6
MIN 0 OR BELOW: 2 1.00 INCH OR MORE: 3
[HDD (BASE 65) ]
TOTAL THIS MO. 1179 CLEAR (SCALE 0-3) 11
DPTR FM NORMAL 272 PTCLDY (SCALE 4-7) 8
TOTAL FM JUL 1 6357 CLOUDY (SCALE 8-10) 12
DPTR FM NORMAL 334
[CDD (BASE 65) ]
TOTAL THIS MO. 0
DPTR FM NORMAL 0 [PRESSURE DATA]
TOTAL FM JAN 1 0 HIGHEST SLP M ON M
DPTR FM NORMAL 0 LOWEST SLP 29.40 ON 21
[REMARKS]
...THE SOUTH LAKE TAHOE CA CLIMATE SUMMARY FOR THE MONTH OF MARCH
2023...
THE AVERAGE TEMPERATURE FOR MARCH 2023 AT THE SOUTH LAKE TAHOE
AIRPORT WAS 26.7 DEGREES, WHICH IS 9.1 DEGREES BELOW NORMAL. THE
HIGHEST TEMPERATURE FOR MARCH WAS 46 DEGREES, WHICH OCCURRED ON THE
18TH. THE LOWEST TEMPERATURE FOR THE MONTH WAS -5 DEGREES, WHICH
OCCURRED ON THE 2ND.
FOR MARCH 2023, 7.81 INCHES OF PRECIPITATION WERE RECORDED AT THE
SOUTH LAKE TAHOE AIRPORT. THIS IS 4.94 INCHES ABOVE NORMAL FOR THE
MONTH. **DUE TO EXTREME WEATHER CONDITIONS PRODUCING MANY ERRORS
WITH EXCESSIVE PRECIPITATION ACCUMULATION TOTALS ON THE 9TH AND
10TH, THE PRECIPITATION AMOUNTS FOR THESE DATES COULD NOT BE
DETERMINED.**
THE AVERAGE WIND SPEED FOR MARCH 2023 WAS 7.3 MPH. THE PEAK WIND
GUST FOR THE MONTH WAS 64 MPH FROM THE SOUTH ON THE 14TH.
#FINAL-03-23#