000
CXUS54 KJAN 011414
CF6TVR
PRELIMINARY LOCAL CLIMATOLOGICAL DATA (WS FORM: F-6)
STATION: VICKSBURG
MONTH: APRIL
YEAR: 2020
LATITUDE: 32 20 N
LONGITUDE: 91 2 W
TEMPERATURE IN F: :PCPN: SNOW: WIND :SUNSHINE: SKY :PK WND
================================================================================
1 2 3 4 5 6A 6B 7 8 9 10 11 12 13 14 15 16 17 18
12Z AVG MX 2MIN
DY MAX MIN AVG DEP HDD CDD WTR SNW DPTH SPD SPD DIR MIN PSBL S-S WX SPD DR
================================================================================
1 74 47 61 0 4 0 0.00 0.0 0 1.8 10 360 M M 0 1 13 360
2 77 54 66 5 0 1 0.00 0.0 0 4.8 13 160 M M 1 16 140
3 75 61 68 7 0 3 T 0.0 0 2.8 9 20 M M 1 12 30
4 69 61 65 3 0 0 0.09 0.0 0 3.1 8 20 M M 3 1 12 320
5 79 60 70 8 0 5 T 0.0 0 3.6 10 10 M M 1 18 14 20
6 81 64 73 11 0 8 0.00 0.0 0 3.7 9 170 M M 0 15 150
7 83 68 76 14 0 11 T 0.0 0 6.3 14 170 M M 5 21 180
8 85 74 80 17 0 15 0.00 0.0 0 5.2 16 170 M M 5 18 23 170
9 78 65 72 9 0 7 T 0.0 0 7.9 22 10 M M 4 18 34 10
10 67 49 58 -5 7 0 0.00 0.0 0 8.5 21 20 M M 2 30 20
11 77 46 62 -1 3 0 T 0.0 0 7.2 15 150 M M 1 138 21 140
12 79 59 69 5 0 4 1.25 0.0 0 6.5 21 320 M M 5 138 36 310
13 60 48 54 -10 11 0 T 0.0 0 7.4 14 20 M M 6 18 26 330
14 61 48 55 -9 10 0 0.00 0.0 0 10.7 21 10 M M 2 28 360
15 63 46 55 -9 10 0 0.00 0.0 0 7.9 15 360 M M 0 22 70
16 75 44 60 -5 5 0 0.00 0.0 0 4.4 15 120 M M 0 21 140
17 78 50 64 -1 1 0 0.00 0.0 0 4.6 15 170 M M 3 20 170
18 70 56 63 -2 2 0 0.01 0.0 0 7.0 20 360 M M 5 1 28 10
19 75 60 68 3 0 3 2.88 0.0 0 5.4 25 350 M M 9 1238 43 360
20 71 58 65 -1 0 0 0.00 0.0 0 3.7 12 350 M M 4 19 360
21 81 54 68 2 0 3 0.00 0.0 0 1.5 8 10 M M 1 12 12 10
22 78 61 70 4 0 5 1.95 0.0 0 9.3 26 110 M M 4 13 37 110
23 80 63 72 5 0 7 0.36 0.0 0 4.8 14 290 M M 2 138 27 280
24 82 59 71 4 0 6 0.10 0.0 0 3.6 14 60 M M 1 13 19 70
25 76 64 70 3 0 5 0.03 0.0 0 5.5 14 290 M M 5 18 24 270
26 77 58 68 1 0 3 0.00 0.0 0 5.2 13 20 M M 0 20 10
27 78 56 67 -1 0 2 0.00 0.0 0 5.8 15 130 M M 0 19 130
28 76 59 68 0 0 3 0.05 0.0 0 6.5 29 140 M M 2 3 43 140
29 79 59 69 1 0 4 0.73 0.0 0 6.0 20 140 M M 4 13 29 320
30 79 54 67 -1 0 2 0.00 0.0 0 3.7 13 300 M M 0 23 280
================================================================================
SM 2263 1705 53 97 7.45 0.0 164.4 M 76
================================================================================
AV 75.4 56.8 5.5 FASTST M M 3 MAX(MPH)
MISC ----> # 29 140 # 43 360
================================================================================
NOTES:
# LAST OF SEVERAL OCCURRENCES
COLUMN 17 PEAK WIND IN M.P.H.
PRELIMINARY LOCAL CLIMATOLOGICAL DATA (WS FORM: F-6) , PAGE 2
STATION: VICKSBURG
MONTH: APRIL
YEAR: 2020
LATITUDE: 32 20 N
LONGITUDE: 91 2 W
[TEMPERATURE DATA] [PRECIPITATION DATA] SYMBOLS USED IN COLUMN 16
AVERAGE MONTHLY: 66.1 TOTAL FOR MONTH: 7.45 1 = FOG OR MIST
DPTR FM NORMAL: 1.6 DPTR FM NORMAL: 2.48 2 = FOG REDUCING VISIBILITY
HIGHEST: 85 ON 8 GRTST 24HR 2.88 ON 19-19 TO 1/4 MILE OR LESS
LOWEST: 44 ON 16 3 = THUNDER
SNOW, ICE PELLETS, HAIL 4 = ICE PELLETS
TOTAL MONTH: 0.0 INCH 5 = HAIL
GRTST 24HR 0.0 6 = FREEZING RAIN OR DRIZZLE
GRTST DEPTH: 0 7 = DUSTSTORM OR SANDSTORM:
VSBY 1/2 MILE OR LESS
8 = SMOKE OR HAZE
[NO. OF DAYS WITH] [WEATHER - DAYS WITH] 9 = BLOWING SNOW
X = TORNADO
MAX 32 OR BELOW: 0 0.01 INCH OR MORE: 10
MAX 90 OR ABOVE: 0 0.10 INCH OR MORE: 6
MIN 32 OR BELOW: 0 0.50 INCH OR MORE: 4
MIN 0 OR BELOW: 0 1.00 INCH OR MORE: 3
[HDD (BASE 65) ]
TOTAL THIS MO. 53 CLEAR (SCALE 0-3) 19
DPTR FM NORMAL -47 PTCLDY (SCALE 4-7) 10
TOTAL FM JUL 1 1638 CLOUDY (SCALE 8-10) 1
DPTR FM NORMAL -703
[CDD (BASE 65) ]
TOTAL THIS MO. 97
DPTR FM NORMAL 11 [PRESSURE DATA]
TOTAL FM JAN 1 230 HIGHEST SLP M ON M
DPTR FM NORMAL 112 LOWEST SLP 29.45 ON 12
[REMARKS]
#FINAL-04-20#