160
CXUS54 KSHV 011400
CF6TYR
PRELIMINARY LOCAL CLIMATOLOGICAL DATA (WS FORM: F-6)
STATION: TYLER
MONTH: NOVEMBER
YEAR: 2020
LATITUDE: 32 22 N
LONGITUDE: 95 24 W
TEMPERATURE IN F: :PCPN: SNOW: WIND :SUNSHINE: SKY :PK WND
================================================================================
1 2 3 4 5 6A 6B 7 8 9 10 11 12 13 14 15 16 17 18
12Z AVG MX 2MIN
DY MAX MIN AVG DEP HDD CDD WTR SNW DPTH SPD SPD DIR MIN PSBL S-S WX SPD DR
================================================================================
1 75 45 60 -1 5 0 0.00 0.0 0 5.9 20 10 M M 0 23 50
2 70 42 56 -5 9 0 0.00 0.0 0 3.6 13 130 M M 0 16 100
3 75 42 59 -1 6 0 0.00 0.0 0 7.2 13 210 M M 0 15 210
4 75 45 60 0 5 0 0.00 0.0 0 7.8 15 170 M M 0 21 200
5 76 56 66 6 0 1 0.00 0.0 0 6.4 14 190 M M 5 17 190
6 77 56 67 8 0 2 0.00 0.0 0 5.1 12 80 M M 1 15 90
7 79 52 66 7 0 1 0.00 0.0 0 5.4 14 140 M M 1 18 150
8 76 59 68 10 0 3 0.00 0.0 0 7.9 14 140 M M 4 1 17 130
9 83 68 76 18 0 11 0.00 0.0 0 10.1 16 160 M M 7 1 21 150
10 80 60 70 12 0 5 0.02 0.0 0 8.4 17 210 M M 8 1 23 180
11 79 48 64 7 1 0 0.00 0.0 0 6.2 13 20 M M 2 16 70
12 80 52 66 9 0 1 0.00 0.0 0 6.5 12 130 M M 0 16 110
13 81 56 69 13 0 4 0.00 0.0 0 6.6 14 150 M M 4 18 160
14 83 66 75 19 0 10 0.00 0.0 0 11.8 23 190 M M 7 29 190
15 75 45 60 4 5 0 T 0.0 0 9.5 29 340 M M 1 40 320
16 70 38 54 -1 11 0 0.00 0.0 0 1.6 12 150 M M 0 15 160
17 74 40 57 2 8 0 0.00 0.0 0 4.3 14 100 M M 0 17 100
18 75 48 62 7 3 0 0.00 0.0 0 9.7 16 160 M M 0 21 140
19 78 48 63 9 2 0 0.00 0.0 0 10.4 21 210 M M 0 27 200
20 77 62 70 16 0 5 0.00 0.0 0 8.7 15 130 M M 5 20 170
21 77 58 68 14 0 3 0.00 0.0 0 4.7 14 170 M M 3 1 16 180
22 69 52 61 8 4 0 0.01 0.0 0 9.6 21 350 M M 7 1 26 340
23 66 49 58 5 7 0 0.00 0.0 0 7.8 13 140 M M 5 17 20
24 73 52 63 11 2 0 0.49 0.0 0 13.2 24 270 M M 8 13 33 270
25 64 43 54 2 11 0 0.04 0.0 0 6.1 14 320 M M 1 13 19 310
26 73 41 57 5 8 0 0.00 0.0 0 6.3 17 140 M M 1 22 140
27 65 58 62 10 3 0 T 0.0 0 4.7 12 40 M M 10 18 14 30
28 60 50 55 4 10 0 0.06 0.0 0 8.6 15 80 M M 6 1 21 80
29 50 44 47 -4 18 0 0.13 0.0 0 9.0 24 350 M M 8 1 32 330
30 51 30 41 -10 24 0 0.00 0.0 0 10.5 25 350 M M 0 34 350
================================================================================
SM 2186 1505 142 46 0.75 0.0 223.6 M 94
================================================================================
AV 72.9 50.2 7.5 FASTST M M 3 MAX(MPH)
MISC ----> 29 340 40 320
================================================================================
NOTES:
# LAST OF SEVERAL OCCURRENCES
COLUMN 17 PEAK WIND IN M.P.H.
PRELIMINARY LOCAL CLIMATOLOGICAL DATA (WS FORM: F-6) , PAGE 2
STATION: TYLER
MONTH: NOVEMBER
YEAR: 2020
LATITUDE: 32 22 N
LONGITUDE: 95 24 W
[TEMPERATURE DATA] [PRECIPITATION DATA] SYMBOLS USED IN COLUMN 16
AVERAGE MONTHLY: 61.5 TOTAL FOR MONTH: 0.75 1 = FOG OR MIST
DPTR FM NORMAL: 5.8 DPTR FM NORMAL: -3.35 2 = FOG REDUCING VISIBILITY
HIGHEST: 83 ON 14, 9 GRTST 24HR 0.53 ON 24-25 TO 1/4 MILE OR LESS
LOWEST: 30 ON 30 3 = THUNDER
SNOW, ICE PELLETS, HAIL 4 = ICE PELLETS
TOTAL MONTH: 0.0 INCH 5 = HAIL
GRTST 24HR 0.0 6 = FREEZING RAIN OR DRIZZLE
GRTST DEPTH: 0 7 = DUSTSTORM OR SANDSTORM:
VSBY 1/2 MILE OR LESS
8 = SMOKE OR HAZE
[NO. OF DAYS WITH] [WEATHER - DAYS WITH] 9 = BLOWING SNOW
X = TORNADO
MAX 32 OR BELOW: 0 0.01 INCH OR MORE: 6
MAX 90 OR ABOVE: 0 0.10 INCH OR MORE: 2
MIN 32 OR BELOW: 1 0.50 INCH OR MORE: 0
MIN 0 OR BELOW: 0 1.00 INCH OR MORE: 0
[HDD (BASE 65) ]
TOTAL THIS MO. 142 CLEAR (SCALE 0-3) 16
DPTR FM NORMAL -155 PTCLDY (SCALE 4-7) 12
TOTAL FM JUL 1 247 CLOUDY (SCALE 8-10) 2
DPTR FM NORMAL -125
[CDD (BASE 65) ]
TOTAL THIS MO. 46
DPTR FM NORMAL 28 [PRESSURE DATA]
TOTAL FM JAN 1 2728 HIGHEST SLP 30.54 ON 2
DPTR FM NORMAL 317 LOWEST SLP 29.72 ON 14
[REMARKS]
#FINAL-11-20#