000
CXUS53 KSGF 010710
CF6UNO
PRELIMINARY LOCAL CLIMATOLOGICAL DATA (WS FORM: F-6)
STATION: WEST PLAINS MO
MONTH: JULY
YEAR: 2022
LATITUDE: 36 52 N
LONGITUDE: 91 55 W
TEMPERATURE IN F: :PCPN: SNOW: WIND :SUNSHINE: SKY :PK WND
================================================================================
1 2 3 4 5 6A 6B 7 8 9 10 11 12 13 14 15 16 17 18
12Z AVG MX 2MIN
DY MAX MIN AVG DEP HDD CDD WTR SNW DPTH SPD SPD DIR MIN PSBL S-S WX SPD DR
================================================================================
1 96 69 83 6 0 18 0.00 M M 3.6 14 170 M M 1 19 180
2 92 69 81 4 0 16 0.01 M M 6.1 17 50 M M 2 24 40
3 93 72 83 6 0 18 0.00 M M 4.2 10 100 M M 5 1 16 140
4 97 70 84 7 0 19 0.00 M M 3.5 12 230 M M 1 17 230
5 100 75 88 11 0 23 0.00 M M 6.3 14 190 M M 0 19 220
6 100 76 88 11 0 23 0.00 M M 5.1 10 110 M M 1 19 350
7 102 75 89 11 0 24 0.00 M M 4.0 13 220 M M 1 20 280
8 99 77 88 10 0 23 0.04 M M 6.4 15 350 M M 2 1 23 230
9 89 70 80 2 0 15 0.00 M M 8.6 18 10 M M 8 26 20
10 94 67 81 3 0 16 0.00 M M 4.7 14 60 M M 0 1 20 50
11 101 68 85 7 0 20 0.00 M M 3.6 10 220 M M 0 17 230
12 94 72 83 5 0 18 0.00 M M 7.0 17 30 M M 0 23 30
13 95 65 80 2 0 15 0.00 M M 3.4 10 90 M M 2 17 90
14 96 63 80 2 0 15 0.00 M M 4.2 13 160 M M 1 19 140
15 95 65 80 2 0 15 0.00 M M 5.9 15 170 M M 0 22 140
16 102 76 89 11 0 24 T M M 5.8 16 270 M M 2 23 260
17 97 70 84 6 0 19 0.65 M M 6.0 31 340 M M 5 1238 46 330
18 92 68 80 2 0 15 0.00 M M 4.0 10 20 M M 4 128 17 20
19 97 68 83 5 0 18 0.00 M M 5.7 13 180 M M 1 1 18 160
20 104 77 91 13 0 26 0.00 M M 6.5 14 350 M M 0 23 270
21 100 66 83 5 0 18 0.00 M M 2.6 9 100 M M 0 8 12 120
22 101 73 87 9 0 22 0.00 M M 5.7 15 180 M M 0 21 190
23 101 74 88 10 0 23 0.00 M M 8.1 15 160 M M 0 24 180
24 103 76 90 12 0 25 0.13 M M 6.5 16 20 M M 3 22 20
25 95 74 85 7 0 20 0.00 M M 7.8 16 10 M M 4 21 10
26 103 77 90 12 0 25 0.00 M M 8.6 16 150 M M 1 28 130
27 99 74 87 9 0 22 0.53 M M 5.9 18 50 M M 3 13 24 10
28 92 72 82 4 0 17 0.00 M M 4.9 15 220 M M 4 23 220
29 86 72 79 1 0 14 T M M 5.7 12 110 M M 7 16 110
30 72 65 69 -9 0 4 2.10 M M 6.7 14 120 M M 10 1 21 80
31 85 68 77 -1 0 12 0.00 M M 5.4 12 210 M M 7 1 17 210
================================================================================
SM 2972 2203 0 582 3.46 M 172.5 M 75
================================================================================
AV 95.9 71.1 5.6 FASTST M M 2 MAX(MPH)
MISC ----> 31 340 46 330
================================================================================
NOTES:
# LAST OF SEVERAL OCCURRENCES
COLUMN 17 PEAK WIND IN M.P.H.
PRELIMINARY LOCAL CLIMATOLOGICAL DATA (WS FORM: F-6) , PAGE 2
STATION: WEST PLAINS MO
MONTH: JULY
YEAR: 2022
LATITUDE: 36 52 N
LONGITUDE: 91 55 W
[TEMPERATURE DATA] [PRECIPITATION DATA] SYMBOLS USED IN COLUMN 16
AVERAGE MONTHLY: 83.5 TOTAL FOR MONTH: 3.46 1 = FOG OR MIST
DPTR FM NORMAL: 5.6 DPTR FM NORMAL: -0.75 2 = FOG REDUCING VISIBILITY
HIGHEST: 104 ON 20 GRTST 24HR 2.10 ON 29-30 TO 1/4 MILE OR LESS
LOWEST: 63 ON 14 3 = THUNDER
SNOW, ICE PELLETS, HAIL 4 = ICE PELLETS
TOTAL MONTH: M 5 = HAIL
GRTST 24HR M ON M 6 = FREEZING RAIN OR DRIZZLE
GRTST DEPTH: M ON M 7 = DUSTSTORM OR SANDSTORM:
VSBY 1/2 MILE OR LESS
8 = SMOKE OR HAZE
[NO. OF DAYS WITH] [WEATHER - DAYS WITH] 9 = BLOWING SNOW
X = TORNADO
MAX 32 OR BELOW: 0 0.01 INCH OR MORE: 6
MAX 90 OR ABOVE: 27 0.10 INCH OR MORE: 4
MIN 32 OR BELOW: 0 0.50 INCH OR MORE: 3
MIN 0 OR BELOW: 0 1.00 INCH OR MORE: 1
[HDD (BASE 65) ]
TOTAL THIS MO. 0 CLEAR (SCALE 0-3) 22
DPTR FM NORMAL 0 PTCLDY (SCALE 4-7) 8
TOTAL FM JUL 1 0 CLOUDY (SCALE 8-10) 1
DPTR FM NORMAL 0
[CDD (BASE 65) ]
TOTAL THIS MO. 582
DPTR FM NORMAL 182 [PRESSURE DATA]
TOTAL FM JAN 1 1079 HIGHEST SLP M ON M
DPTR FM NORMAL 278 LOWEST SLP 29.73 ON 20
[REMARKS]
#FINAL-07-22#