000
CXUS53 KUNR 011030
CF6UNR
PRELIMINARY LOCAL CLIMATOLOGICAL DATA (WS FORM: F-6)
STATION: EAST RAPID CITY SD
MONTH: JANUARY
YEAR: 2022
LATITUDE: 44 4 N
LONGITUDE: 103 13 W
TEMPERATURE IN F: :PCPN: SNOW: WIND :SUNSHINE: SKY :PK WND
================================================================================
1 2 3 4 5 6A 6B 7 8 9 10 11 12 13 14 15 16 17 18
12Z AVG MX 2MIN
DY MAX MIN AVG DEP HDD CDD WTR SNW DPTH SPD SPD DIR MIN PSBL S-S WX SPD DR
================================================================================
1 7 -6 1 -26 64 0 T 0.1 2 4.9 14 140 M M M 17 140
2 43 1 22 -5 43 0 0.00 0.0 2 5.3 14 260 M M M 24 260
3 40 26 33 6 32 0 0.00 0.0 1 6.9 15 130 M M M 24 270
4 47 -5 21 -6 44 0 0.00 0.0 T 13.2 37 360 M M M 54 350
5 -2 -9 -5 -32 70 0 0.00 0.0 T 13.2 31 350 M M M 46 350
6 5 -11 -3 -30 68 0 0.00 0.0 T 8.6 17 150 M M M 23 150
7 52 2 27 0 38 0 0.00 0.0 T 6.7 16 260 M M M 28 250
8 49 7 28 1 37 0 0.00 0.0 T 12.5 30 360 M M M 41 10
9 42 6 24 -3 41 0 0.00 0.0 0 4.2 14 320 M M M 21 310
10 62 28 45 19 20 0 0.00 0.0 0 5.6 17 180 M M M 24 180
11 54 40 47 21 18 0 0.00 0.0 0 8.5 20 330 M M M 25 330
12 58 38 48 22 17 0 0.00 0.0 0 6.1 22 330 M M M 33 330
13 55 37 46 20 19 0 0.00 0.0 0 5.9 14 140 M M M 17 140
14 50 24 37 11 28 0 T T 0 20.5 44 320 M M M 66 320
15 48 14 31 5 34 0 0.00 0.0 0 6.3 12 290 M M M 15 290
16 43 29 36 10 29 0 0.00 0.0 0 10.9 29 330 M M M 39 320
17 57 26 42 16 23 0 0.00 0.0 0 5.2 13 340 M M M 17 340
18 53 11 32 6 33 0 0.00 0.0 0 17.1 36 360 M M M 47 360
19 13 1 7 -19 58 0 0.00 0.0 0 13.0 25 350 M M M 36 350
20 28 -5 12 -14 53 0 0.00 0.0 0 7.6 16 140 M M M 21 140
21 43 25 34 8 31 0 0.02 T 0 12.8 37 330 M M M 6 53 330
22 49 31 40 14 25 0 0.00 0.0 0 11.0 28 320 M M M 43 320
23 56 34 45 19 20 0 0.00 0.0 0 8.5 22 320 M M M 32 320
24 44 20 32 6 33 0 0.05 0.4 0 11.1 30 330 M M M 43 320
25 21 6 14 -12 51 0 0.02 0.8 1 6.8 14 140 M M M 18 160
26 43 7 25 -1 40 0 0.00 0.0 1 10.2 28 330 M M M 38 330
27 33 20 27 1 38 0 0.01 0.1 T 12.5 26 320 M M M 39 340
28 50 18 34 8 31 0 0.00 0.0 T 5.4 15 340 M M M 21 340
29 53 32 43 17 22 0 0.00 0.0 0 9.2 25 320 M M M 33 330
30 54 29 42 16 23 0 0.00 0.0 0 7.4 21 360 M M M 28 350
31 54 30 42 16 23 0 T T 0 11.5 33 330 M M M 48 310
================================================================================
SM 1304 506 1106 0 0.10 1.4 288.6 M M
================================================================================
AV 42.1 16.3 9.3 FASTST M M M MAX(MPH)
MISC ----> 44 320 66 320
================================================================================
NOTES:
# LAST OF SEVERAL OCCURRENCES
COLUMN 17 PEAK WIND IN M.P.H.
PRELIMINARY LOCAL CLIMATOLOGICAL DATA (WS FORM: F-6) , PAGE 2
STATION: EAST RAPID CITY SD
MONTH: JANUARY
YEAR: 2022
LATITUDE: 44 4 N
LONGITUDE: 103 13 W
[TEMPERATURE DATA] [PRECIPITATION DATA] SYMBOLS USED IN COLUMN 16
AVERAGE MONTHLY: 29.2 TOTAL FOR MONTH: 0.10 1 = FOG OR MIST
DPTR FM NORMAL: 2.8 DPTR FM NORMAL: -0.21 2 = FOG REDUCING VISIBILITY
HIGHEST: 62 ON 10 GRTST 24HR 0.08 ON 21-21 TO 1/4 MILE OR LESS
LOWEST: -11 ON 6 3 = THUNDER
SNOW, ICE PELLETS, HAIL 4 = ICE PELLETS
TOTAL MONTH: 3.4 INCHES 5 = HAIL
GRTST 24HR 0.8 ON 25-25 6 = FREEZING RAIN OR DRIZZLE
GRTST DEPTH: 2 ON 2, 1 7 = DUSTSTORM OR SANDSTORM:
VSBY 1/2 MILE OR LESS
8 = SMOKE OR HAZE
[NO. OF DAYS WITH] [WEATHER - DAYS WITH] 9 = BLOWING SNOW
X = TORNADO
MAX 32 OR BELOW: 6 0.01 INCH OR MORE: 4
MAX 90 OR ABOVE: 0 0.10 INCH OR MORE: 0
MIN 32 OR BELOW: 27 0.50 INCH OR MORE: 0
MIN 0 OR BELOW: 5 1.00 INCH OR MORE: 0
[HDD (BASE 65) ]
TOTAL THIS MO. 1106 CLEAR (SCALE 0-3) 0
DPTR FM NORMAL -92 PTCLDY (SCALE 4-7) 0
TOTAL FM JUL 1 3250 CLOUDY (SCALE 8-10) 31
DPTR FM NORMAL -643
[CDD (BASE 65) ]
TOTAL THIS MO. 0
DPTR FM NORMAL 0 [PRESSURE DATA]
TOTAL FM JAN 1 0 HIGHEST SLP M ON M
DPTR FM NORMAL 0 LOWEST SLP 29.19 ON 7
[REMARKS]
#FINAL-01-22#