000
CXUS54 KEWX 011010
CF6UVA
PRELIMINARY LOCAL CLIMATOLOGICAL DATA (WS FORM: F-6)
STATION: UVALDE
MONTH: MAY
YEAR: 2021
LATITUDE: 29 12 N
LONGITUDE: 99 44 W
TEMPERATURE IN F: :PCPN: SNOW: WIND :SUNSHINE: SKY :PK WND
================================================================================
1 2 3 4 5 6A 6B 7 8 9 10 11 12 13 14 15 16 17 18
12Z AVG MX 2MIN
DY MAX MIN AVG DEP HDD CDD WTR SNW DPTH SPD SPD DIR MIN PSBL S-S WX SPD DR
================================================================================
1 74 61 68 M 0 3 1.50 M M 9.1 29 330 M M 7 3 36 330
2 93 56 75 M 0 10 0.00 M M 4.6 14 260 M M 0 17 180
3 95 66 81 M 0 16 0.00 M M 5.7 14 160 M M 0 1 18 160
4 85 65 75 M 0 10 0.00 M M 10.6 17 340 M M 2 25 360
5 85 57 71 M 0 6 0.00 M M 6.0 9 130 M M 0 16 60
6 87 57 72 M 0 7 0.00 M M 7.1 10 130 M M 0 20 110
7 87 59 73 M 0 8 0.00 M M 8.9 15 120 M M 0 22 110
8 92 67 80 M 0 15 0.00 M M 11.2 16 120 M M 5 24 150
9 92 70 81 M 0 16 0.00 M M 6.7 16 140 M M 4 21 140
10 88 67 78 M 0 13 0.10 M M 10.4 15 120 M M 7 13 31 110
11 78 66 72 M 0 7 0.00 M M 10.1 17 50 M M 7 25 50
12 72 61 67 M 0 2 0.00 M M 7.4 14 50 M M 7 18 30
13 78 61 70 M 0 5 0.00 M M 6.2 10 100 M M 6 16 0
14 80 61 71 M 0 6 0.00 M M 7.5 13 120 M M 9 23 140
15 72 65 69 M 0 4 2.41 M M 10.3 14 80 M M 9 3 23 100
16 84 68 76 M 0 11 0.00 M M 8.6 14 120 M M 7 3 21 120
17 84 71 78 M 0 13 0.00 M M 10.1 22 100 M M 9 3 30 100
18 80 63 72 M 0 7 0.02 M M 7.0 16 60 M M 4 21 60
19 74 61 68 M 0 3 0.00 M M 7.6 17 60 M M 6 29 360
20 84 57 71 M 0 6 0.00 M M 5.3 9 110 M M 1 1 M M
21 83 66 75 M 0 10 0.00 M M 7.0 15 100 M M 5 1 18 100
22 86 67 77 M 0 12 0.00 M M 7.0 14 110 M M 4 23 110
23 86 70 78 M 0 13 0.00 M M 10.7 18 90 M M 7 25 80
24 86 69 78 M 0 13 0.00 M M 8.8 14 120 M M 7 18 100
25 88 73 81 M 0 16 0.00 M M 9.2 14 110 M M 7 20 120
26 87 73 80 M 0 15 0.00 M M 8.1 10 110 M M 9 1 16 90
27 90 72 81 M 0 16 0.00 M M 9.8 15 130 M M 4 21 160
28 87 74 81 M 0 16 0.00 M M 9.9 21 70 M M 9 1 25 70
29 82 63 73 M 0 8 0.00 M M 7.3 17 60 M M 5 3 36 0
30 83 68 76 M 0 11 0.00 M M 8.6 14 100 M M 6 1 22 100
31 82 71 77 M 0 12 0.02 M M 9.4 14 140 M M 9 3 20 140
================================================================================
SM 2604 2025 0 310 4.05 M 256.3 M 162
================================================================================
AV 84.0 65.3 8.3 FASTST M M 5 MAX(MPH)
MISC ----> 29 330 # 36 330
================================================================================
NOTES:
# LAST OF SEVERAL OCCURRENCES
COLUMN 17 PEAK WIND IN M.P.H.
PRELIMINARY LOCAL CLIMATOLOGICAL DATA (WS FORM: F-6) , PAGE 2
STATION: UVALDE
MONTH: MAY
YEAR: 2021
LATITUDE: 29 12 N
LONGITUDE: 99 44 W
[TEMPERATURE DATA] [PRECIPITATION DATA] SYMBOLS USED IN COLUMN 16
AVERAGE MONTHLY: 74.7 TOTAL FOR MONTH: 4.05 1 = FOG OR MIST
DPTR FM NORMAL: 0.0 DPTR FM NORMAL: M 2 = FOG REDUCING VISIBILITY
HIGHEST: 95 ON 3 GRTST 24HR 2.41 ON 15-15 TO 1/4 MILE OR LESS
LOWEST: 56 ON 2 3 = THUNDER
SNOW, ICE PELLETS, HAIL 4 = ICE PELLETS
TOTAL MONTH: M 5 = HAIL
GRTST 24HR M ON M 6 = FREEZING RAIN OR DRIZZLE
GRTST DEPTH: M ON M 7 = DUSTSTORM OR SANDSTORM:
VSBY 1/2 MILE OR LESS
8 = SMOKE OR HAZE
[NO. OF DAYS WITH] [WEATHER - DAYS WITH] 9 = BLOWING SNOW
X = TORNADO
MAX 32 OR BELOW: 0 0.01 INCH OR MORE: 5
MAX 90 OR ABOVE: 5 0.10 INCH OR MORE: 3
MIN 32 OR BELOW: 0 0.50 INCH OR MORE: 2
MIN 0 OR BELOW: 0 1.00 INCH OR MORE: 2
[HDD (BASE 65) ]
TOTAL THIS MO. 0 CLEAR (SCALE 0-3) 7
DPTR FM NORMAL M PTCLDY (SCALE 4-7) 18
TOTAL FM JUL 1 1213 CLOUDY (SCALE 8-10) 6
DPTR FM NORMAL M
[CDD (BASE 65) ]
TOTAL THIS MO. 310
DPTR FM NORMAL M [PRESSURE DATA]
TOTAL FM JAN 1 594 HIGHEST SLP M ON M
DPTR FM NORMAL M LOWEST SLP M ON M
[REMARKS]
#FINAL-05-21#