000
CXUS55 KGJT 010910
CF6VEL
PRELIMINARY LOCAL CLIMATOLOGICAL DATA (WS FORM: F-6)
STATION: VERNAL UT
MONTH: AUGUST
YEAR: 2023
LATITUDE: 40 27 N
LONGITUDE: 109 31 W
TEMPERATURE IN F: :PCPN: SNOW: WIND :SUNSHINE: SKY :PK WND
================================================================================
1 2 3 4 5 6A 6B 7 8 9 10 11 12 13 14 15 16 17 18
12Z AVG MX 2MIN
DY MAX MIN AVG DEP HDD CDD WTR SNW DPTH SPD SPD DIR MIN PSBL S-S WX SPD DR
================================================================================
1 83 63 73 -2 0 8 0.13 M M 5.6 14 240 M M 3 18 260
2 88 59 74 0 0 9 0.10 M M 8.1 38 280 M M 2 3 55 280
3 84 59 72 -2 0 7 T M M 6.3 23 190 M M 5 33 200
4 89 52 71 -3 0 6 0.00 M M 5.4 20 240 M M 1 28 280
5 88 58 73 -1 0 8 T M M 6.9 21 20 M M 1 27 20
6 89 55 72 -2 0 7 0.00 M M 7.6 25 30 M M 0 3 34 20
7 89 55 72 -2 0 7 T M M 8.2 23 260 M M 1 3 31 250
8 85 58 72 -2 0 7 0.00 M M 7.9 22 270 M M 0 30 270
9 86 48 67 -7 0 2 0.00 M M 5.3 13 280 M M 0 18 290
10 91 56 74 1 0 9 T M M 5.2 20 210 M M 1 27 210
11 91 57 74 1 0 9 T M M 7.3 23 350 M M 1 3 33 200
12 89 58 74 1 0 9 0.00 M M 4.6 25 330 M M 0 41 330
13 91 54 73 0 0 8 0.00 M M 6.6 20 50 M M 1 31 50
14 90 61 76 4 0 11 0.00 M M 5.9 17 20 M M 1 27 30
15 95 57 76 4 0 11 0.00 M M 4.2 14 220 M M 0 19 200
16 95 60 78 6 0 13 0.00 M M 5.5 16 260 M M 0 23 270
17 96 59 78 6 0 13 0.00 M M 6.3 32 270 M M 0 44 270
18 92 63 78 6 0 13 0.05 M M 5.8 18 240 M M 5 3 26 160
19 87 58 73 2 0 8 0.01 M M 3.9 10 340 M M 2 14 300
20 95 61 78 7 0 13 0.00 M M 5.8 21 210 M M 0 28 180
21 93 62 78 7 0 13 0.03 M M 7.3 23 200 M M 1 3 34 210
22 88 60 74 4 0 9 0.03 M M 6.3 31 240 M M 2 3 46 230
23 86 58 72 2 0 7 T M M 4.4 12 220 M M 1 17 230
24 74 64 69 -1 0 4 T M M 3.8 13 250 M M 6 15 240
25 85 62 74 4 0 9 T M M 3.4 12 310 M M 4 3 15 310
26 90 57 74 5 0 9 0.00 M M 4.0 15 280 M M 0 20 270
27 90 56 73 4 0 8 T M M 5.9 22 360 M M 0 29 360
28 89 54 72 3 0 7 0.00 M M 5.1 9 310 M M 0 15 70
29 92 55 74 6 0 9 0.00 M M 4.2 15 180 M M 0 20 230
30 94 56 75 7 0 10 0.00 M M 7.6 23 280 M M 0 8 37 290
31 94 52 73 5 0 8 0.05 M M 5.0 24 270 M M 0 3 36 270
================================================================================
SM 2768 1787 0 271 0.40 M 179.4 M 38
================================================================================
AV 89.3 57.6 5.8 FASTST M M 1 MAX(MPH)
MISC ----> 38 280 55 280
================================================================================
NOTES:
# LAST OF SEVERAL OCCURRENCES
COLUMN 17 PEAK WIND IN M.P.H.
PRELIMINARY LOCAL CLIMATOLOGICAL DATA (WS FORM: F-6) , PAGE 2
STATION: VERNAL UT
MONTH: AUGUST
YEAR: 2023
LATITUDE: 40 27 N
LONGITUDE: 109 31 W
[TEMPERATURE DATA] [PRECIPITATION DATA] SYMBOLS USED IN COLUMN 16
AVERAGE MONTHLY: 73.5 TOTAL FOR MONTH: 0.40 1 = FOG OR MIST
DPTR FM NORMAL: 1.7 DPTR FM NORMAL: -0.36 2 = FOG REDUCING VISIBILITY
HIGHEST: 96 ON 17 GRTST 24HR 0.13 ON 1- 1 TO 1/4 MILE OR LESS
LOWEST: 48 ON 9 3 = THUNDER
SNOW, ICE PELLETS, HAIL 4 = ICE PELLETS
TOTAL MONTH: M 5 = HAIL
GRTST 24HR M ON M 6 = FREEZING RAIN OR DRIZZLE
GRTST DEPTH: M ON M 7 = DUSTSTORM OR SANDSTORM:
VSBY 1/2 MILE OR LESS
8 = SMOKE OR HAZE
[NO. OF DAYS WITH] [WEATHER - DAYS WITH] 9 = BLOWING SNOW
X = TORNADO
MAX 32 OR BELOW: 0 0.01 INCH OR MORE: 7
MAX 90 OR ABOVE: 15 0.10 INCH OR MORE: 2
MIN 32 OR BELOW: 0 0.50 INCH OR MORE: 0
MIN 0 OR BELOW: 0 1.00 INCH OR MORE: 0
[HDD (BASE 65) ]
TOTAL THIS MO. 0 CLEAR (SCALE 0-3) 26
DPTR FM NORMAL -7 PTCLDY (SCALE 4-7) 5
TOTAL FM JUL 1 0 CLOUDY (SCALE 8-10) 0
DPTR FM NORMAL -5
[CDD (BASE 65) ]
TOTAL THIS MO. 271
DPTR FM NORMAL 55 [PRESSURE DATA]
TOTAL FM JAN 1 661 HIGHEST SLP M ON M
DPTR FM NORMAL 30 LOWEST SLP 29.71 ON 31
[REMARKS]
#FINAL-08-23#