000
CXUS56 KLOX 011155
CF6VNY
PRELIMINARY LOCAL CLIMATOLOGICAL DATA (WS FORM: F-6)
STATION: VAN NUYS AIRPORT CA
MONTH: MAY
YEAR: 2023
LATITUDE: 34 13 N
LONGITUDE: 118 29 W
TEMPERATURE IN F: :PCPN: SNOW: WIND :SUNSHINE: SKY :PK WND
================================================================================
1 2 3 4 5 6A 6B 7 8 9 10 11 12 13 14 15 16 17 18
12Z AVG MX 2MIN
DY MAX MIN AVG DEP HDD CDD WTR SNW DPTH SPD SPD DIR MIN PSBL S-S WX SPD DR
================================================================================
1 70 53 62 -4 3 0 T M M 9.3 18 170 M M 9 1 23 150
2 67 50 59 -7 6 0 0.00 M M 7.4 20 170 M M M 24 180
3 67 48 58 -8 7 0 T M M 6.3 18 160 M M M 25 160
4 66 52 59 -7 6 0 0.52 M M 6.6 17 150 M M M 22 160
5 68 54 61 -5 4 0 0.00 M M 3.3 14 140 M M M 19 140
6 71 50 61 -5 4 0 0.00 M M 5.1 15 140 M M M 20 130
7 74 51 63 -3 2 0 0.00 M M 3.5 14 150 M M M 19 150
8 76 55 66 -1 0 1 0.00 M M 4.7 15 100 M M M 18 19 110
9 69 55 62 -5 3 0 0.00 M M 6.1 13 260 M M M 19 250
10 72 53 63 -4 2 0 0.00 M M 5.5 16 170 M M M 21 170
11 74 51 63 -4 2 0 0.00 M M 4.6 13 150 M M M 18 150
12 83 55 69 2 0 4 0.00 M M 3.7 13 160 M M 0 18 120
13 87 57 72 5 0 7 0.00 M M 5.0 14 140 M M M 8 18 130
14 87 60 74 7 0 9 0.00 M M 5.8 14 140 M M M 18 20 140
15 83 60 72 4 0 7 0.00 M M 4.8 15 140 M M 0 8 18 140
16 85 58 72 4 0 7 0.00 M M 4.6 10 100 M M 1 18 15 90
17 91 57 74 6 0 9 0.00 M M 5.5 14 160 M M 1 18 17 130
18 78 58 68 0 0 3 0.00 M M 6.0 15 140 M M 3 18 19 150
19 76 58 67 -1 0 2 0.00 M M 5.2 12 140 M M 5 18 16 140
20 85 60 73 5 0 8 0.00 M M 6.4 15 140 M M 4 8 17 140
21 85 60 73 5 0 8 0.00 M M 5.7 16 120 M M 5 18 19 120
22 80 59 70 2 0 5 0.00 M M 5.9 14 140 M M 6 18 17 140
23 70 59 65 -3 0 0 0.00 M M 6.1 12 150 M M 10 1 15 120
24 72 58 65 -3 0 0 0.00 M M 4.9 14 170 M M 9 8 16 180
25 70 59 65 -3 0 0 0.00 M M 5.6 13 160 M M 10 8 17 160
26 70 57 64 -4 1 0 0.00 M M 4.6 15 160 M M 8 18 150
27 77 58 68 -1 0 3 0.00 M M 4.3 15 160 M M 5 20 150
28 68 58 63 -6 2 0 0.00 M M 3.8 9 160 M M 10 11 150
29 75 61 68 -1 0 3 0.00 M M 5.3 12 170 M M 10 16 150
30 70 60 65 -4 0 0 0.00 M M 4.3 12 160 M M 10 15 170
31 70 59 65 -4 0 0 0.00 M M 4.2 15 170 M M 10 16 170
================================================================================
SM 2336 1743 42 76 0.52 M 164.1 M 116
================================================================================
AV 75.4 56.2 5.3 FASTST M M 6 MAX(MPH)
MISC ----> 20 170 25 160
================================================================================
NOTES:
# LAST OF SEVERAL OCCURRENCES
COLUMN 17 PEAK WIND IN M.P.H.
PRELIMINARY LOCAL CLIMATOLOGICAL DATA (WS FORM: F-6) , PAGE 2
STATION: VAN NUYS AIRPORT CA
MONTH: MAY
YEAR: 2023
LATITUDE: 34 13 N
LONGITUDE: 118 29 W
[TEMPERATURE DATA] [PRECIPITATION DATA] SYMBOLS USED IN COLUMN 16
AVERAGE MONTHLY: 65.8 TOTAL FOR MONTH: 0.52 1 = FOG OR MIST
DPTR FM NORMAL: -1.7 DPTR FM NORMAL: 0.23 2 = FOG REDUCING VISIBILITY
HIGHEST: 91 ON 17 GRTST 24HR 0.52 ON 4- 4 TO 1/4 MILE OR LESS
LOWEST: 48 ON 3 3 = THUNDER
SNOW, ICE PELLETS, HAIL 4 = ICE PELLETS
TOTAL MONTH: M 5 = HAIL
GRTST 24HR M ON M 6 = FREEZING RAIN OR DRIZZLE
GRTST DEPTH: M ON M 7 = DUSTSTORM OR SANDSTORM:
VSBY 1/2 MILE OR LESS
8 = SMOKE OR HAZE
[NO. OF DAYS WITH] [WEATHER - DAYS WITH] 9 = BLOWING SNOW
X = TORNADO
MAX 32 OR BELOW: 0 0.01 INCH OR MORE: 1
MAX 90 OR ABOVE: 1 0.10 INCH OR MORE: 1
MIN 32 OR BELOW: 0 0.50 INCH OR MORE: 1
MIN 0 OR BELOW: 0 1.00 INCH OR MORE: 0
[HDD (BASE 65) ]
TOTAL THIS MO. 42 CLEAR (SCALE 0-3) 5
DPTR FM NORMAL 3 PTCLDY (SCALE 4-7) 5
TOTAL FM JUL 1 1382 CLOUDY (SCALE 8-10) 21
DPTR FM NORMAL 159
[CDD (BASE 65) ]
TOTAL THIS MO. 76
DPTR FM NORMAL -40 [PRESSURE DATA]
TOTAL FM JAN 1 157 HIGHEST SLP M ON M
DPTR FM NORMAL -67 LOWEST SLP 29.76 ON 17
[REMARKS]
#FINAL-05-23#