000
CXUS52 KMLB 010634
CF6VRB
PRELIMINARY LOCAL CLIMATOLOGICAL DATA (WS FORM: F-6)
STATION: VERO BEACH
MONTH: MAY
YEAR: 2021
LATITUDE: 27 39 N
LONGITUDE: 80 25 W
TEMPERATURE IN F: :PCPN: SNOW: WIND :SUNSHINE: SKY :PK WND
================================================================================
1 2 3 4 5 6A 6B 7 8 9 10 11 12 13 14 15 16 17 18
12Z AVG MX 2MIN
DY MAX MIN AVG DEP HDD CDD WTR SNW DPTH SPD SPD DIR MIN PSBL S-S WX SPD DR
================================================================================
1 86 66 76 2 0 11 0.00 0.0 0 7.7 16 20 M M 0 1 21 10
2 91 68 80 5 0 15 0.00 0.0 0 8.8 21 130 M M 1 1 25 130
3 90 74 82 7 0 17 0.03 0.0 0 11.7 23 140 M M 2 29 130
4 91 74 83 8 0 18 0.00 0.0 0 10.9 24 140 M M 3 29 140
5 92 73 83 8 0 18 0.37 0.0 0 8.4 20 110 M M 4 1 23 120
6 90 70 80 5 0 15 0.05 0.0 0 5.4 26 310 M M 4 138 40 250
7 83 62 73 -2 0 8 0.00 0.0 0 8.0 16 40 M M 2 1 23 300
8 82 60 71 -5 0 6 0.00 0.0 0 8.2 18 10 M M 0 23 30
9 86 62 74 -2 0 9 0.00 0.0 0 11.5 23 130 M M 1 29 140
10 89 69 79 3 0 14 0.03 0.0 0 9.1 20 130 M M 2 18 24 130
11 89 70 80 4 0 15 0.00 0.0 0 7.1 15 120 M M 2 21 130
12 92 68 80 4 0 15 1.20 0.0 0 8.3 29 280 M M 2 123 33 280
13 82 70 76 0 0 11 0.00 0.0 0 10.0 21 10 M M 5 24 20
14 84 67 76 0 0 11 0.00 0.0 0 10.7 18 20 M M 2 31 60
15 83 69 76 -1 0 11 0.00 0.0 0 12.8 21 30 M M 4 26 20
16 82 71 77 0 0 12 0.00 0.0 0 11.5 21 40 M M 5 26 70
17 84 61 73 -4 0 8 0.00 0.0 0 9.4 18 70 M M 3 24 100
18 83 74 79 2 0 14 T 0.0 0 14.9 22 70 M M 3 30 100
19 84 73 79 2 0 14 T 0.0 0 16.6 24 100 M M 7 32 100
20 84 74 79 2 0 14 0.00 0.0 0 17.5 24 70 M M 5 32 70
21 83 73 78 0 0 13 0.01 0.0 0 15.7 22 90 M M 4 30 90
22 83 73 78 0 0 13 T 0.0 0 12.9 24 100 M M 5 8 35 100
23 82 61 72 -6 0 7 0.00 0.0 0 8.4 16 80 M M 2 19 70
24 83 59 71 -7 0 6 0.00 0.0 0 7.2 15 90 M M 1 22 60
25 84 65 75 -3 0 10 0.00 0.0 0 9.0 17 120 M M 1 24 120
26 85 73 79 1 0 14 0.00 0.0 0 9.8 16 120 M M 1 22 120
27 87 64 76 -2 0 11 0.00 0.0 0 7.6 16 110 M M 1 1 23 90
28 90 62 76 -2 0 11 0.00 0.0 0 10.0 22 150 M M 1 1 27 120
29 89 72 81 2 0 16 0.00 0.0 0 11.6 23 150 M M 1 28 120
30 87 70 79 0 0 14 0.01 0.0 0 6.9 15 120 M M 4 3 18 70
31 85 69 77 -2 0 12 0.05 0.0 0 9.3 18 80 M M 2 13 25 50
================================================================================
SM 2665 2116 0 383 1.75 0.0 316.9 M 80
================================================================================
AV 86.0 68.3 10.2 FASTST M M 3 MAX(MPH)
MISC ----> 29 280 40 250
================================================================================
NOTES:
# LAST OF SEVERAL OCCURRENCES
COLUMN 17 PEAK WIND IN M.P.H.
PRELIMINARY LOCAL CLIMATOLOGICAL DATA (WS FORM: F-6) , PAGE 2
STATION: VERO BEACH
MONTH: MAY
YEAR: 2021
LATITUDE: 27 39 N
LONGITUDE: 80 25 W
[TEMPERATURE DATA] [PRECIPITATION DATA] SYMBOLS USED IN COLUMN 16
AVERAGE MONTHLY: 77.1 TOTAL FOR MONTH: 1.75 1 = FOG OR MIST
DPTR FM NORMAL: 0.4 DPTR FM NORMAL: -2.45 2 = FOG REDUCING VISIBILITY
HIGHEST: 92 ON 12, 5 GRTST 24HR 1.20 ON 12-12 TO 1/4 MILE OR LESS
LOWEST: 59 ON 24 3 = THUNDER
SNOW, ICE PELLETS, HAIL 4 = ICE PELLETS
TOTAL MONTH: 0.0 INCH 5 = HAIL
GRTST 24HR 0.0 6 = FREEZING RAIN OR DRIZZLE
GRTST DEPTH: 0 7 = DUSTSTORM OR SANDSTORM:
VSBY 1/2 MILE OR LESS
8 = SMOKE OR HAZE
[NO. OF DAYS WITH] [WEATHER - DAYS WITH] 9 = BLOWING SNOW
X = TORNADO
MAX 32 OR BELOW: 0 0.01 INCH OR MORE: 8
MAX 90 OR ABOVE: 7 0.10 INCH OR MORE: 2
MIN 32 OR BELOW: 0 0.50 INCH OR MORE: 1
MIN 0 OR BELOW: 0 1.00 INCH OR MORE: 1
[HDD (BASE 65) ]
TOTAL THIS MO. 0 CLEAR (SCALE 0-3) 20
DPTR FM NORMAL 0 PTCLDY (SCALE 4-7) 11
TOTAL FM JUL 1 359 CLOUDY (SCALE 8-10) 0
DPTR FM NORMAL -40
[CDD (BASE 65) ]
TOTAL THIS MO. 383
DPTR FM NORMAL 18 [PRESSURE DATA]
TOTAL FM JAN 1 1003 HIGHEST SLP M ON M
DPTR FM NORMAL 116 LOWEST SLP 29.88 ON 29
[REMARKS]
#FINAL-05-21#