000
CXUS52 KMLB 010736
CF6VRB
PRELIMINARY LOCAL CLIMATOLOGICAL DATA (WS FORM: F-6)
STATION: VERO BEACH
MONTH: JANUARY
YEAR: 2021
LATITUDE: 27 39 N
LONGITUDE: 80 25 W
TEMPERATURE IN F: :PCPN: SNOW: WIND :SUNSHINE: SKY :PK WND
================================================================================
1 2 3 4 5 6A 6B 7 8 9 10 11 12 13 14 15 16 17 18
12Z AVG MX 2MIN
DY MAX MIN AVG DEP HDD CDD WTR SNW DPTH SPD SPD DIR MIN PSBL S-S WX SPD DR
================================================================================
1 82 70 76 14 0 11 0.00 0.0 0 12.7 26 140 M M 1 31 140
2 82 67 75 13 0 10 0.02 0.0 0 9.6 18 160 M M 3 18 25 170
3 82 65 74 12 0 9 0.00 0.0 0 8.7 21 210 M M 5 26 200
4 69 48 59 -3 6 0 0.00 0.0 0 6.9 13 30 M M 4 17 20
5 71 43 57 -5 8 0 0.00 0.0 0 6.3 15 310 M M 0 19 290
6 71 48 60 -2 5 0 0.00 0.0 0 8.0 15 20 M M 0 20 20
7 74 47 61 -1 4 0 0.00 0.0 0 7.4 16 160 M M 3 1 20 170
8 74 52 63 1 2 0 0.05 0.0 0 12.5 28 260 M M 6 1 38 260
9 61 41 51 -11 14 0 0.00 0.0 0 7.8 18 300 M M 2 25 290
10 65 39 52 -10 13 0 0.00 0.0 0 7.0 14 10 M M 0 1 17 360
11 75 52 64 2 1 0 0.00 0.0 0 4.8 16 130 M M 1 21 140
12 71 58 65 3 0 0 0.00 0.0 0 6.4 16 270 M M 3 18 19 260
13 65 55 60 -2 5 0 0.01 0.0 0 5.8 14 360 M M 4 1 19 300
14 69 42 56 -6 9 0 0.00 0.0 0 6.2 14 310 M M 4 1 17 320
15 74 40 57 -5 8 0 T 0.0 0 5.6 21 310 M M 1 18 28 310
16 67 42 55 -7 10 0 T 0.0 0 9.3 25 260 M M 2 1 32 260
17 65 38 52 -10 13 0 0.00 0.0 0 3.3 14 60 M M 3 16 50
18 67 44 56 -6 9 0 0.00 0.0 0 5.4 16 320 M M 3 19 320
19 72 42 57 -5 8 0 0.00 0.0 0 6.0 14 30 M M 0 1 19 40
20 73 42 58 -4 7 0 0.00 0.0 0 3.3 15 40 M M 0 1 18 60
21 78 45 62 0 3 0 0.00 0.0 0 5.8 15 270 M M 0 19 230
22 80 48 64 2 1 0 0.00 0.0 0 6.3 18 270 M M 0 1 24 220
23 79 54 67 5 0 2 0.00 0.0 0 6.9 16 20 M M 4 1 21 30
24 78 64 71 9 0 6 0.12 0.0 0 8.0 15 120 M M 6 1 18 100
25 79 68 74 12 0 9 0.00 0.0 0 12.2 22 130 M M 4 26 150
26 83 55 69 7 0 4 0.00 0.0 0 6.7 17 200 M M 2 12 22 190
27 85 57 71 9 0 6 0.00 0.0 0 7.4 20 270 M M 3 12 26 200
28 71 56 64 2 1 0 0.00 0.0 0 15.5 25 10 M M 6 33 320
29 67 45 56 -7 9 0 0.00 0.0 0 9.3 22 360 M M 1 25 340
30 73 44 59 -4 6 0 0.00 0.0 0 8.1 18 130 M M 2 23 140
31 80 51 66 3 0 1 T 0.0 0 7.7 18 210 M M 4 1 24 200
================================================================================
SM 2282 1562 142 58 0.20 0.0 236.9 M 77
================================================================================
AV 73.6 50.4 7.6 FASTST M M 2 MAX(MPH)
MISC ----> 28 260 38 260
================================================================================
NOTES:
# LAST OF SEVERAL OCCURRENCES
COLUMN 17 PEAK WIND IN M.P.H.
PRELIMINARY LOCAL CLIMATOLOGICAL DATA (WS FORM: F-6) , PAGE 2
STATION: VERO BEACH
MONTH: JANUARY
YEAR: 2021
LATITUDE: 27 39 N
LONGITUDE: 80 25 W
[TEMPERATURE DATA] [PRECIPITATION DATA] SYMBOLS USED IN COLUMN 16
AVERAGE MONTHLY: 62.0 TOTAL FOR MONTH: 0.20 1 = FOG OR MIST
DPTR FM NORMAL: -0.1 DPTR FM NORMAL: -2.30 2 = FOG REDUCING VISIBILITY
HIGHEST: 85 ON 27 GRTST 24HR 0.16 ON 7- 8 TO 1/4 MILE OR LESS
LOWEST: 38 ON 17 3 = THUNDER
SNOW, ICE PELLETS, HAIL 4 = ICE PELLETS
TOTAL MONTH: 0.0 INCH 5 = HAIL
GRTST 24HR 0.0 6 = FREEZING RAIN OR DRIZZLE
GRTST DEPTH: 0 7 = DUSTSTORM OR SANDSTORM:
VSBY 1/2 MILE OR LESS
8 = SMOKE OR HAZE
[NO. OF DAYS WITH] [WEATHER - DAYS WITH] 9 = BLOWING SNOW
X = TORNADO
MAX 32 OR BELOW: 0 0.01 INCH OR MORE: 4
MAX 90 OR ABOVE: 0 0.10 INCH OR MORE: 1
MIN 32 OR BELOW: 0 0.50 INCH OR MORE: 0
MIN 0 OR BELOW: 0 1.00 INCH OR MORE: 0
[HDD (BASE 65) ]
TOTAL THIS MO. 142 CLEAR (SCALE 0-3) 21
DPTR FM NORMAL -10 PTCLDY (SCALE 4-7) 10
TOTAL FM JUL 1 285 CLOUDY (SCALE 8-10) 0
DPTR FM NORMAL -3
[CDD (BASE 65) ]
TOTAL THIS MO. 58
DPTR FM NORMAL -3 [PRESSURE DATA]
TOTAL FM JAN 1 58 HIGHEST SLP 30.35 ON 20
DPTR FM NORMAL -3 LOWEST SLP 29.82 ON 15
[REMARKS]
#FINAL-01-21#