000
CXUS52 KMLB 280622
CF6VRB
PRELIMINARY LOCAL CLIMATOLOGICAL DATA (WS FORM: F-6)
STATION: VERO BEACH
MONTH: MARCH
YEAR: 2024
LATITUDE: 27 39 N
LONGITUDE: 80 25 W
TEMPERATURE IN F: :PCPN: SNOW: WIND :SUNSHINE: SKY :PK WND
================================================================================
1 2 3 4 5 6A 6B 7 8 9 10 11 12 13 14 15 16 17 18
12Z AVG MX 2MIN
DY MAX MIN AVG DEP HDD CDD WTR SNW DPTH SPD SPD DIR MIN PSBL S-S WX SPD DR
================================================================================
1 81 61 71 4 0 6 0.00 0.0 0 10.7 25 130 M M 4 128 33 160
2 81 66 74 7 0 9 0.00 0.0 0 7.2 16 120 M M 4 1 19 120
3 82 65 74 7 0 9 0.01 0.0 0 6.0 14 110 M M 5 1 23 80
4 80 60 70 3 0 5 0.00 0.0 0 7.8 16 40 M M 3 21 30
5 80 63 72 5 0 7 0.00 0.0 0 7.1 12 130 M M M 22 110
6 85 69 77 10 0 12 0.30 0.0 0 9.1 22 230 M M 6 18 31 180
7 78 63 71 4 0 6 0.00 0.0 0 3.6 9 110 M M 7 12 14 140
8 84 61 73 6 0 8 0.01 0.0 0 6.4 16 140 M M 4 128 22 110
9 90 70 80 13 0 15 T 0.0 0 10.3 22 200 M M 3 1 31 190
10 79 61 70 3 0 5 0.11 0.0 0 8.5 16 270 M M 4 1 23 300
11 75 56 66 -2 0 1 0.00 0.0 0 9.9 18 360 M M 0 25 10
12 78 52 65 -3 0 0 0.00 0.0 0 6.2 15 120 M M 0 23 110
13 83 57 70 2 0 5 0.00 0.0 0 7.0 16 140 M M 2 24 120
14 83 60 72 4 0 7 0.00 0.0 0 6.2 15 130 M M 1 12 21 130
15 83 59 71 3 0 6 0.00 0.0 0 8.6 21 120 M M 2 12 25 130
16 85 66 76 8 0 11 0.00 0.0 0 7.7 15 230 M M 2 1 19 250
17 89 61 75 7 0 10 0.00 0.0 0 7.2 18 260 M M 2 12 26 250
18 89 68 79 11 0 14 0.00 0.0 0 11.1 23 250 M M 3 1 29 270
19 72 51 62 -6 3 0 0.00 0.0 0 13.5 25 10 M M 2 35 340
20 74 45 60 -8 5 0 0.00 0.0 0 4.2 13 70 M M 0 20 60
21 80 52 66 -2 0 1 0.00 0.0 0 8.7 21 120 M M 1 27 120
22 72 67 70 1 0 5 0.15 0.0 0 14.5 38 130 M M 7 1 52 130
23 86 63 75 6 0 10 T 0.0 0 10.5 22 150 M M 4 1 30 150
24 80 59 70 1 0 5 0.01 0.0 0 12.1 23 40 M M 5 31 40
25 81 70 76 7 0 11 0.00 0.0 0 13.7 21 110 M M 9 30 60
26 83 70 77 8 0 12 0.00 0.0 M 14.3 26 130 M M 4 34 120
27 85 63 74 5 0 9 0.00 0.0 0 9.7 20 130 M M 2 24 110
================================================================================
SM 2198 1658 8 189 0.59 0.0 241.8 M 86
================================================================================
AV 81.4 61.4 9.0 FASTST M M 3 MAX(MPH)
MISC ----> 38 130 52 130
================================================================================
NOTES:
# LAST OF SEVERAL OCCURRENCES
COLUMN 17 PEAK WIND IN M.P.H.
PRELIMINARY LOCAL CLIMATOLOGICAL DATA (WS FORM: F-6) , PAGE 2
STATION: VERO BEACH
MONTH: MARCH
YEAR: 2024
LATITUDE: 27 39 N
LONGITUDE: 80 25 W
[TEMPERATURE DATA] [PRECIPITATION DATA] SYMBOLS USED IN COLUMN 16
AVERAGE MONTHLY: 71.4 TOTAL FOR MONTH: 0.59 1 = FOG OR MIST
DPTR FM NORMAL: 3.6 DPTR FM NORMAL: -2.36 2 = FOG REDUCING VISIBILITY
HIGHEST: 90 ON 9 GRTST 24HR 0.30 ON 6- 7 TO 1/4 MILE OR LESS
LOWEST: 45 ON 20 3 = THUNDER
SNOW, ICE PELLETS, HAIL 4 = ICE PELLETS
TOTAL MONTH: 0.0 INCH 5 = HAIL
GRTST 24HR 0.0 6 = FREEZING RAIN OR DRIZZLE
GRTST DEPTH: 0 7 = DUSTSTORM OR SANDSTORM:
VSBY 1/2 MILE OR LESS
8 = SMOKE OR HAZE
[NO. OF DAYS WITH] [WEATHER - DAYS WITH] 9 = BLOWING SNOW
X = TORNADO
MAX 32 OR BELOW: 0 0.01 INCH OR MORE: 6
MAX 90 OR ABOVE: 1 0.10 INCH OR MORE: 3
MIN 32 OR BELOW: 0 0.50 INCH OR MORE: 0
MIN 0 OR BELOW: 0 1.00 INCH OR MORE: 0
[HDD (BASE 65) ]
TOTAL THIS MO. 8 CLEAR (SCALE 0-3) 13
DPTR FM NORMAL -37 PTCLDY (SCALE 4-7) 12
TOTAL FM JUL 1 249 CLOUDY (SCALE 8-10) 2
DPTR FM NORMAL -137
[CDD (BASE 65) ]
TOTAL THIS MO. 189
DPTR FM NORMAL 69 [PRESSURE DATA]
TOTAL FM JAN 1 334 HIGHEST SLP M ON M
DPTR FM NORMAL 60 LOWEST SLP 29.65 ON 23
[REMARKS]