000
CXUS51 KBTV 010700
CF6VSF
PRELIMINARY LOCAL CLIMATOLOGICAL DATA (WS FORM: F-6)
STATION: SPRINGFIELD VT
MONTH: OCTOBER
YEAR: 2021
LATITUDE: 43 19 N
LONGITUDE: 72 31 W
TEMPERATURE IN F: :PCPN: SNOW: WIND :SUNSHINE: SKY :PK WND
================================================================================
1 2 3 4 5 6A 6B 7 8 9 10 11 12 13 14 15 16 17 18
12Z AVG MX 2MIN
DY MAX MIN AVG DEP HDD CDD WTR SNW DPTH SPD SPD DIR MIN PSBL S-S WX SPD DR
================================================================================
1 64 38 51 -3 14 0 0.00 M M 2.1 16 280 M M 7 12 21 270
2 70 43 57 4 8 0 T M M 2.5 12 270 M M 8 18 260
3 66 54 60 7 5 0 0.20 M M 1.0 5 30 M M 9 12 7 170
4 56 50 53 1 12 0 0.68 M M 1.7 8 40 M M 10 1 10 50
5 61 50 56 4 9 0 0.05 M M 0.3 5 310 M M 10 1 7 110
6 72 52 62 11 3 0 0.00 M M 0.8 8 60 M M 8 12 11 60
7 72 49 61 10 4 0 0.00 M M 1.6 7 160 M M 6 12 10 180
8 73 51 62 11 3 0 0.00 M M 2.0 14 120 M M 8 12 18 110
9 59 49 54 4 11 0 0.00 M M 3.1 10 120 M M 10 14 120
10 63 49 56 6 9 0 0.00 M M 1.3 7 120 M M 9 10 160
11 66 50 58 9 7 0 0.00 M M 0.9 7 270 M M 7 12 9 270
12 73 49 61 12 4 0 0.00 M M 0.7 8 160 M M 5 12 10 160
13 73 50 62 13 3 0 0.00 M M 1.5 8 170 M M 6 12 11 180
14 76 54 65 17 0 0 0.00 M M 2.2 9 300 M M 9 12 14 20
15 72 55 64 16 1 0 0.05 M M 0.9 7 160 M M 8 12 10 160
16 75 56 66 18 0 1 0.95 M M 5.9 22 170 M M 9 13 30 190
17 62 48 55 8 10 0 0.12 M M 5.3 15 290 M M 7 18 21 280
18 53 39 46 -1 19 0 0.00 M M 5.6 15 330 M M 6 22 290
19 60 41 51 5 14 0 T M M 5.8 20 280 M M 5 26 280
20 71 40 56 10 9 0 0.00 M M 3.4 18 280 M M 1 24 260
21 66 43 55 9 10 0 0.02 M M 0.6 6 80 M M 4 12 8 340
22 65 40 53 8 12 0 0.08 M M 3.5 16 270 M M 6 12 20 270
23 53 35 44 -1 21 0 0.00 M M 3.8 13 280 M M 4 19 270
24 57 29 43 -2 22 0 0.00 M M 2.0 15 270 M M 3 12 22 270
25 46 41 44 0 21 0 0.54 M M 3.6 13 70 M M 10 1 17 60
26 53 45 49 5 16 0 0.80 M M 5.0 13 10 M M 10 1 21 10
27 56 46 51 7 14 0 T M M 7.5 16 20 M M 8 27 20
28 56 32 44 1 21 0 0.00 M M 2.3 8 30 M M 0 12 11 320
29 57 31 44 1 21 0 0.00 M M 1.6 10 60 M M 6 12 14 40
30 54 44 49 6 16 0 0.87 M M 2.7 12 80 M M 10 1 16 50
31 63 51 57 15 8 0 0.71 M M 4.9 22 250 M M 8 1 27 260
================================================================================
SM 1963 1404 327 1 5.07 M 86.1 M 217
================================================================================
AV 63.3 45.3 2.8 FASTST M M 7 MAX(MPH)
MISC ----> # 22 170 30 190
================================================================================
NOTES:
# LAST OF SEVERAL OCCURRENCES
COLUMN 17 PEAK WIND IN M.P.H.
PRELIMINARY LOCAL CLIMATOLOGICAL DATA (WS FORM: F-6) , PAGE 2
STATION: SPRINGFIELD VT
MONTH: OCTOBER
YEAR: 2021
LATITUDE: 43 19 N
LONGITUDE: 72 31 W
[TEMPERATURE DATA] [PRECIPITATION DATA] SYMBOLS USED IN COLUMN 16
AVERAGE MONTHLY: 54.3 TOTAL FOR MONTH: 5.07 1 = FOG OR MIST
DPTR FM NORMAL: 6.6 DPTR FM NORMAL: 0.91 2 = FOG REDUCING VISIBILITY
HIGHEST: 76 ON 14 GRTST 24HR 1.43 ON 30-31 TO 1/4 MILE OR LESS
LOWEST: 29 ON 24 3 = THUNDER
SNOW, ICE PELLETS, HAIL 4 = ICE PELLETS
TOTAL MONTH: M 5 = HAIL
GRTST 24HR M ON M 6 = FREEZING RAIN OR DRIZZLE
GRTST DEPTH: M ON M 7 = DUSTSTORM OR SANDSTORM:
VSBY 1/2 MILE OR LESS
8 = SMOKE OR HAZE
[NO. OF DAYS WITH] [WEATHER - DAYS WITH] 9 = BLOWING SNOW
X = TORNADO
MAX 32 OR BELOW: 0 0.01 INCH OR MORE: 12
MAX 90 OR ABOVE: 0 0.10 INCH OR MORE: 8
MIN 32 OR BELOW: 3 0.50 INCH OR MORE: 6
MIN 0 OR BELOW: 0 1.00 INCH OR MORE: 0
[HDD (BASE 65) ]
TOTAL THIS MO. 327 CLEAR (SCALE 0-3) 3
DPTR FM NORMAL -210 PTCLDY (SCALE 4-7) 16
TOTAL FM JUL 1 490 CLOUDY (SCALE 8-10) 12
DPTR FM NORMAL -287
[CDD (BASE 65) ]
TOTAL THIS MO. 1
DPTR FM NORMAL 0 [PRESSURE DATA]
TOTAL FM JAN 1 527 HIGHEST SLP M ON M
DPTR FM NORMAL 150 LOWEST SLP 29.37 ON 31
[REMARKS]
#FINAL-10-21#