000
CXUS55 KLBF 101227
CF6VTN
PRELIMINARY LOCAL CLIMATOLOGICAL DATA (WS FORM: F-6)
STATION: VALENTINE
MONTH: JUNE
YEAR: 2022
LATITUDE: 42 52 N
LONGITUDE: 100 33 W
TEMPERATURE IN F: :PCPN: SNOW: WIND :SUNSHINE: SKY :PK WND
================================================================================
1 2 3 4 5 6A 6B 7 8 9 10 11 12 13 14 15 16 17 18
12Z AVG MX 2MIN
DY MAX MIN AVG DEP HDD CDD WTR SNW DPTH SPD SPD DIR MIN PSBL S-S WX SPD DR
================================================================================
1 72 46 59 -5 6 0 0.00 0.0 0 5.2 16 330 M M 1 21 320
2 78 41 60 -4 5 0 0.00 0.0 0 6.1 15 330 M M 1 23 340
3 71 46 59 -6 6 0 0.06 0.0 0 10.3 29 50 M M 5 38 37 50
4 78 55 67 2 0 2 0.14 0.0 0 8.7 26 80 M M 3 38 36 80
5 75 60 68 2 0 3 0.83 0.0 0 6.5 16 80 M M 5 138 21 180
6 76 55 66 0 0 1 0.02 0.0 0 6.9 18 50 M M 3 18 23 20
7 71 52 62 -4 3 0 0.04 0.0 0 7.0 17 70 M M 6 128 23 70
8 76 46 61 -6 4 0 0.00 0.0 0 8.7 20 320 M M 1 25 280
9 80 56 68 1 0 3 0.20 0.0 0 7.7 20 180 M M 6 13 31 180
10 80 56 68 1 0 3 0.00 0.0 0 6.4 23 180 M M 0 123 31 180
11 88 59 74 6 0 9 0.00 0.0 0 7.9 20 360 M M 0 30 200
12 91 62 77 9 0 12 0.05 0.0 0 12.4 29 360 M M 0 3 39 10
13 93 69 81 13 0 16 0.00 0.0 0 8.9 16 130 M M 0 18 23 90
14 84 61 73 4 0 8 T 0.0 0 15.0 36 320 M M 0 50 320
15 83 53 68 -1 0 3 T 0.0 0 13.5 32 260 M M 0 46 260
16 86 44 65 -4 0 0 0.00 0.0 0 7.8 16 350 M M 0 22 360
17 90 55 73 3 0 8 0.00 0.0 0 15.2 32 120 M M 0 38 43 110
18 101 69 85 15 0 20 0.00 0.0 0 23.8 39 180 M M 0 8 53 170
19 102 78 90 20 0 25 0.00 0.0 0 25.5 36 180 M M 0 8 48 170
20 93 59 76 6 0 11 T 0.0 0 13.0 29 180 M M 0 42 170
21 83 52 68 -3 0 3 0.00 0.0 0 6.7 14 20 M M 0 19 30
22 92 47 70 -1 0 5 0.00 0.0 0 11.0 26 180 M M 0 18 38 180
23 98 65 82 11 0 17 0.00 0.0 0 14.8 24 180 M M 0 35 190
24 97 64 81 9 0 16 0.19 0.0 0 8.8 28 270 M M 2 13 40 260
25 75 52 64 -8 1 0 0.00 0.0 0 16.3 32 330 M M 3 46 330
26 79 42 61 -11 4 0 0.00 0.0 M 6.0 16 330 M M 1 25 340
27 89 55 72 -1 0 7 0.00 0.0 0 10.7 25 180 M M 2 38 180
28 92 52 72 -1 0 7 0.00 0.0 0 8.1 18 210 M M 0 26 220
29 104 63 84 11 0 19 0.00 0.0 0 16.9 48 240 M M 0 38 68 240
30 87 65 76 3 0 11 0.00 0.0 0 10.2 16 30 M M 0 28 20
================================================================================
SM 2564 1679 29 209 1.53 0.0 326.0 M 39
================================================================================
AV 85.5 56.0 10.9 FASTST M M 1 MAX(MPH)
MISC ----> 48 240 68 240
================================================================================
NOTES:
# LAST OF SEVERAL OCCURRENCES
COLUMN 17 PEAK WIND IN M.P.H.
PRELIMINARY LOCAL CLIMATOLOGICAL DATA (WS FORM: F-6) , PAGE 2
STATION: VALENTINE
MONTH: JUNE
YEAR: 2022
LATITUDE: 42 52 N
LONGITUDE: 100 33 W
[TEMPERATURE DATA] [PRECIPITATION DATA] SYMBOLS USED IN COLUMN 16
AVERAGE MONTHLY: 70.7 TOTAL FOR MONTH: 1.53 1 = FOG OR MIST
DPTR FM NORMAL: 1.7 DPTR FM NORMAL: -2.43 2 = FOG REDUCING VISIBILITY
HIGHEST: 104 ON 29 GRTST 24HR 0.83 ON 5- 5 TO 1/4 MILE OR LESS
LOWEST: 41 ON 2 3 = THUNDER
SNOW, ICE PELLETS, HAIL 4 = ICE PELLETS
TOTAL MONTH: 0.0 INCH 5 = HAIL
GRTST 24HR 0.0 6 = FREEZING RAIN OR DRIZZLE
GRTST DEPTH: 0 7 = DUSTSTORM OR SANDSTORM:
VSBY 1/2 MILE OR LESS
8 = SMOKE OR HAZE
[NO. OF DAYS WITH] [WEATHER - DAYS WITH] 9 = BLOWING SNOW
X = TORNADO
MAX 32 OR BELOW: 0 0.01 INCH OR MORE: 8
MAX 90 OR ABOVE: 11 0.10 INCH OR MORE: 4
MIN 32 OR BELOW: 0 0.50 INCH OR MORE: 1
MIN 0 OR BELOW: 0 1.00 INCH OR MORE: 0
[HDD (BASE 65) ]
TOTAL THIS MO. 29 CLEAR (SCALE 0-3) 26
DPTR FM NORMAL -18 PTCLDY (SCALE 4-7) 4
TOTAL FM JUL 1 5925 CLOUDY (SCALE 8-10) 0
DPTR FM NORMAL -766
[CDD (BASE 65) ]
TOTAL THIS MO. 209
DPTR FM NORMAL 44 [PRESSURE DATA]
TOTAL FM JAN 1 256 HIGHEST SLP M ON M
DPTR FM NORMAL 52 LOWEST SLP 29.29 ON 14
[REMARKS]
#FINAL-06-22#