000
CXUS53 KLBF 010814
CLMVTN
CLIMATE REPORT
NATIONAL WEATHER SERVICE NORTH PLATTE NE
214 AM CST MON JAN 01 2024
...................................
...THE VALENTINE CLIMATE SUMMARY FOR THE MONTH OF DECEMBER 2023...
CLIMATE NORMAL PERIOD 1991 TO 2020
CLIMATE RECORD PERIOD 1885 TO 2023
WEATHER OBSERVED NORMAL DEPART LAST YEAR`S
VALUE DATE(S) VALUE FROM VALUE DATE(S)
NORMAL
................................................................
TEMPERATURE (F)
RECORD
HIGH 76 12/11/1939
LOW -39 12/22/1989
HIGHEST 70 12/06 60 10 52 12/04
LOWEST 9 12/18 -14 23 -19 12/21
12/29
12/22
AVG. MAXIMUM 45.1 39.4 5.7 29.4
AVG. MINIMUM 19.9 13.1 6.8 7.7
MEAN 32.5 26.3 6.2 18.5
DAYS MAX >= 90 0 0.0 0.0 0
DAYS MAX <= 32 4 10.4 -6.4 14
DAYS MIN <= 32 31 30.7 0.3 30
DAYS MIN <= 0 0 4.5 -4.5 10
PRECIPITATION (INCHES)
RECORD
MAXIMUM 2.22 2022
MINIMUM T 2004
TOTALS 0.64 0.43 0.21 2.22
DAILY AVG. 0.02 0.01 0.01 0.07
DAYS >= .01 6 4.8 1.2 8
DAYS >= .10 3 1.3 1.7 4
DAYS >= .50 0 0.1 -0.1 2
DAYS >= 1.00 0 0.0 0.0 1
GREATEST
24 HR. TOTAL 0.39 12/23 TO 12/24 1.19 12/12 TO 12/13
SNOWFALL (INCHES)
RECORDS
TOTAL 22.5 1987
TOTALS 6.2 5.0 1.2 22.3
SINCE 7/1 8.4 11.6 -3.2 MM
SNOWDEPTH AVG. 1 6
DAYS >= 1.0 2 1.7 0.3 5
GREATEST
SNOW DEPTH 5 12/27 14 12/14
12/28
24 HR TOTAL 3.0 12/25 TO 12/25
DEGREE DAYS
HEATING TOTAL 1001 1201 -200 1434
SINCE 7/1 2367 2701 -334 MM
COOLING TOTAL 0 0 0 0
SINCE 1/1 877 926 -49 MM
................................................................
WIND (MPH)
AVERAGE WIND SPEED 10.0
HIGHEST WIND SPEED/DIRECTION 38/330 DATE 12/25
HIGHEST GUST SPEED/DIRECTION 55/330 DATE 12/25
SKY COVER
POSSIBLE SUNSHINE (PERCENT) MM
AVERAGE SKY COVER 0.33
NUMBER OF DAYS FAIR 19
NUMBER OF DAYS PC 8
NUMBER OF DAYS CLOUDY 4
AVERAGE RH (PERCENT) 68
WEATHER CONDITIONS. NUMBER OF DAYS WITH
THUNDERSTORM 0 MIXED PRECIP 0
HEAVY RAIN 0 RAIN 1
LIGHT RAIN 2 FREEZING RAIN 0
LT FREEZING RAIN 0 HAIL 0
HEAVY SNOW 1 SNOW 3
LIGHT SNOW 8 SLEET 0
FOG 13 FOG W/VIS <= 1/4 MILE 5
HAZE 7
- INDICATES NEGATIVE NUMBERS.
R INDICATES RECORD WAS SET OR TIED.
MM INDICATES DATA IS MISSING.
T INDICATES TRACE AMOUNT.
$$