000
CXUS51 KAKQ 011025
CF6WAL
PRELIMINARY LOCAL CLIMATOLOGICAL DATA (WS FORM: F-6)
STATION: WALLOPS ISLAND VA
MONTH: JANUARY
YEAR: 2024
LATITUDE: 37 55 N
LONGITUDE: 75 28 W
TEMPERATURE IN F: :PCPN: SNOW: WIND :SUNSHINE: SKY :PK WND
================================================================================
1 2 3 4 5 6A 6B 7 8 9 10 11 12 13 14 15 16 17 18
12Z AVG MX 2MIN
DY MAX MIN AVG DEP HDD CDD WTR SNW DPTH SPD SPD DIR MIN PSBL S-S WX SPD DR
================================================================================
1 55 36 46 7 19 0 0.04 0.0 0 6.6 12 330 M M M 18 320
2 45 27 36 -3 29 0 0.00 0.0 0 8.3 21 330 M M M 29 330
3 46 27 37 -2 28 0 0.00 0.0 0 3.6 9 140 M M 1 11 140
4 47 32 40 1 25 0 0.00 0.0 0 7.6 21 320 M M 7 33 320
5 42 27 35 -3 30 0 0.00 0.0 0 5.5 14 330 M M 0 20 320
6 53 29 41 3 24 0 0.96 0.0 0 9.4 24 120 M M 6 1 34 120
7 48 37 43 5 22 0 0.00 0.0 0 10.6 21 290 M M 6 31 300
8 49 29 39 1 26 0 0.00 0.0 0 5.3 16 310 M M 0 24 290
9 57 31 44 6 21 0 1.24 0.0 0 16.1 39 170 M M 7 1 61 170
10 57 41 49 11 16 0 0.09 0.0 0 13.4 25 260 M M 3 1 45 240
11 49 30 40 2 25 0 0.00 0.0 0 6.1 13 230 M M 0 19 260
12 54 32 43 5 22 0 0.86 0.0 0 12.0 26 150 M M 3 1 40 160
13 59 40 50 12 15 0 0.17 0.0 0 15.1 39 170 M M 4 12 50 160
14 53 28 41 3 24 0 0.00 0.0 0 9.8 31 220 M M 0 46 220
15 41 29 35 -3 30 0 0.08 T 0 9.2 15 50 M M 8 1 19 60
16 47 24 36 -2 29 0 0.16 0.0 0 11.4 22 320 M M 8 1 34 330
17 32 19 26 -12 39 0 0.00 0.0 0 10.3 18 320 M M 0 27 340
18 44 23 34 -4 31 0 0.00 0.0 0 6.2 14 180 M M 2 18 170
19 44 29 37 0 28 0 0.12 0.1 0 7.9 20 310 M M 9 1 29 310
20 29 22 26 -11 39 0 0.00 0.0 T 14.1 28 310 M M 4 42 320
21 34 22 28 -9 37 0 0.00 0.0 0 13.0 22 310 M M 1 35 330
22 42 20 31 -6 34 0 0.00 0.0 0 6.8 14 190 M M 0 20 200
23 51 28 40 3 25 0 0.01 0.0 0 4.0 10 270 M M 4 16 280
24 59 42 51 13 14 0 T 0.0 0 8.6 20 190 M M 8 1 26 190
25 62 51 57 19 8 0 0.01 0.0 0 8.5 17 200 M M 10 12 23 210
26 76 51 64 26 1 0 0.00 0.0 0 8.6 23 240 M M 5 12 34 250
27 60 43 52 14 13 0 0.16 0.0 0 9.4 18 80 M M 6 12 26 70
28 52 43 48 10 17 0 0.38 0.0 0 9.7 21 90 M M 10 1 29 70
29 45 39 42 4 23 0 T 0.0 0 10.3 21 340 M M 10 33 20
30 42 34 38 0 27 0 0.00 0.0 0 5.7 10 40 M M 10 13 60
31 49 31 40 2 25 0 T 0.0 0 8.7 24 50 M M 4 30 40
================================================================================
SM 1523 996 746 0 4.28 0.1 281.8 M 136
================================================================================
AV 49.1 32.1 9.1 FASTST M M 5 MAX(MPH)
MISC ----> # 39 170 61 170
================================================================================
NOTES:
# LAST OF SEVERAL OCCURRENCES
COLUMN 17 PEAK WIND IN M.P.H.
PRELIMINARY LOCAL CLIMATOLOGICAL DATA (WS FORM: F-6) , PAGE 2
STATION: WALLOPS ISLAND VA
MONTH: JANUARY
YEAR: 2024
LATITUDE: 37 55 N
LONGITUDE: 75 28 W
[TEMPERATURE DATA] [PRECIPITATION DATA] SYMBOLS USED IN COLUMN 16
AVERAGE MONTHLY: 40.6 TOTAL FOR MONTH: 4.28 1 = FOG OR MIST
DPTR FM NORMAL: 2.7 DPTR FM NORMAL: 1.13 2 = FOG REDUCING VISIBILITY
HIGHEST: 76 ON 26 GRTST 24HR 2.35 ON 9-10 TO 1/4 MILE OR LESS
LOWEST: 19 ON 17 3 = THUNDER
SNOW, ICE PELLETS, HAIL 4 = ICE PELLETS
TOTAL MONTH: 0.1 INCH 5 = HAIL
GRTST 24HR 0.1 ON 19-19 6 = FREEZING RAIN OR DRIZZLE
GRTST DEPTH: T 7 = DUSTSTORM OR SANDSTORM:
VSBY 1/2 MILE OR LESS
8 = SMOKE OR HAZE
[NO. OF DAYS WITH] [WEATHER - DAYS WITH] 9 = BLOWING SNOW
X = TORNADO
MAX 32 OR BELOW: 2 0.01 INCH OR MORE: 13
MAX 90 OR ABOVE: 0 0.10 INCH OR MORE: 8
MIN 32 OR BELOW: 20 0.50 INCH OR MORE: 3
MIN 0 OR BELOW: 0 1.00 INCH OR MORE: 1
[HDD (BASE 65) ]
TOTAL THIS MO. 746 CLEAR (SCALE 0-3) 11
DPTR FM NORMAL -96 PTCLDY (SCALE 4-7) 12
TOTAL FM JUL 1 1924 CLOUDY (SCALE 8-10) 8
DPTR FM NORMAL -300
[CDD (BASE 65) ]
TOTAL THIS MO. 0
DPTR FM NORMAL 0 [PRESSURE DATA]
TOTAL FM JAN 1 0 HIGHEST SLP 30.68 ON 22
DPTR FM NORMAL 0 LOWEST SLP 29.16 ON 10
[REMARKS]
#FINAL-01-24#