000
CXUS51 KAKQ 010810
CF6WAL
PRELIMINARY LOCAL CLIMATOLOGICAL DATA (WS FORM: F-6)
STATION: WALLOPS ISLAND VA
MONTH: DECEMBER
YEAR: 2023
LATITUDE: 37 55 N
LONGITUDE: 75 28 W
TEMPERATURE IN F: :PCPN: SNOW: WIND :SUNSHINE: SKY :PK WND
================================================================================
1 2 3 4 5 6A 6B 7 8 9 10 11 12 13 14 15 16 17 18
12Z AVG MX 2MIN
DY MAX MIN AVG DEP HDD CDD WTR SNW DPTH SPD SPD DIR MIN PSBL S-S WX SPD DR
================================================================================
1 61 33 47 2 18 0 0.21 0.0 0 8.0 18 200 M M 4 1 27 200
2 67 53 60 15 5 0 0.02 0.0 0 5.7 13 270 M M 10 12 23 260
3 65 52 59 14 6 0 0.91 0.0 0 6.4 12 320 M M 10 12 18 230
4 60 39 50 5 15 0 0.00 0.0 0 3.5 10 170 M M 2 1 14 330
5 52 33 43 -1 22 0 0.00 0.0 0 4.4 8 40 M M 2 1 12 10
6 47 32 40 -4 25 0 T 0.0 0 8.1 18 330 M M 6 8 29 320
7 48 27 38 -6 27 0 0.00 0.0 0 7.2 17 240 M M 4 24 240
8 55 33 44 0 21 0 0.00 0.0 0 5.9 12 180 M M 0 16 160
9 59 39 49 6 16 0 0.00 0.0 0 8.6 16 200 M M 1 1 21 200
10 63 53 58 15 7 0 0.62 0.0 0 14.1 29 190 M M 9 138 37 190
11 61 35 48 5 17 0 0.86 0.0 0 11.6 30 340 M M 7 1 46 350
12 48 28 38 -5 27 0 0.00 0.0 0 5.0 13 230 M M 0 18 220
13 55 34 45 3 20 0 0.00 0.0 0 8.0 15 320 M M 1 24 300
14 47 27 37 -5 28 0 0.00 0.0 0 5.3 13 10 M M 0 19 10
15 57 30 44 2 21 0 0.00 0.0 0 6.8 16 290 M M 0 24 290
16 56 35 46 4 19 0 0.00 0.0 0 6.6 13 60 M M 0 15 50
17 60 47 54 12 11 0 1.70 0.0 0 12.9 32 120 M M 8 1 46 120
18 63 42 53 11 12 0 2.63 0.0 0 12.8 29 300 M M 7 13 47 300
19 44 38 41 0 24 0 0.00 0.0 0 14.5 21 300 M M 6 37 330
20 47 28 38 -3 27 0 0.00 0.0 0 8.2 17 M M M M 25 340
21 48 31 40 -1 25 0 0.00 0.0 0 0.5 14 360 M M 6 19 340
22 49 33 41 0 24 0 0.00 0.0 0 3.6 9 70 M M M 13 50
23 50 29 40 0 25 0 0.00 0.0 0 3.4 8 50 M M M 13 60
24 55 36 46 6 19 0 0.00 0.0 0 2.9 8 180 M M M 12 170
25 56 42 49 9 16 0 0.00 0.0 0 7.3 13 80 M M M 12 19 90
26 50 47 49 9 16 0 0.00 0.0 0 11.5 16 60 M M M 12 20 50
27 61 48 55 15 10 0 0.23 0.0 0 8.4 17 110 M M 10 12 23 100
28 58 47 53 13 12 0 0.11 0.0 0 7.4 17 290 M M 10 1 23 290
29 53 44 49 9 16 0 0.24 0.0 0 5.8 13 180 M M 2 1 18 310
30 50 36 43 4 22 0 0.07 0.0 0 7.9 16 260 M M 5 26 310
31 50 33 42 3 23 0 0.00 0.0 0 4.4 12 300 M M 1 16 300
================================================================================
SM 1695 1164 576 0 7.60 0.0 226.7 M 111
================================================================================
AV 54.7 37.5 7.3 FASTST M M 4 MAX(MPH)
MISC ----> 32 120 47 300
================================================================================
NOTES:
# LAST OF SEVERAL OCCURRENCES
COLUMN 17 PEAK WIND IN M.P.H.
PRELIMINARY LOCAL CLIMATOLOGICAL DATA (WS FORM: F-6) , PAGE 2
STATION: WALLOPS ISLAND VA
MONTH: DECEMBER
YEAR: 2023
LATITUDE: 37 55 N
LONGITUDE: 75 28 W
[TEMPERATURE DATA] [PRECIPITATION DATA] SYMBOLS USED IN COLUMN 16
AVERAGE MONTHLY: 46.1 TOTAL FOR MONTH: 7.60 1 = FOG OR MIST
DPTR FM NORMAL: 4.1 DPTR FM NORMAL: 3.85 2 = FOG REDUCING VISIBILITY
HIGHEST: 67 ON 2 GRTST 24HR 4.33 ON 17-18 TO 1/4 MILE OR LESS
LOWEST: 27 ON 14, 7 3 = THUNDER
SNOW, ICE PELLETS, HAIL 4 = ICE PELLETS
TOTAL MONTH: 0.0 INCH 5 = HAIL
GRTST 24HR 0.0 6 = FREEZING RAIN OR DRIZZLE
GRTST DEPTH: 0 7 = DUSTSTORM OR SANDSTORM:
VSBY 1/2 MILE OR LESS
8 = SMOKE OR HAZE
[NO. OF DAYS WITH] [WEATHER - DAYS WITH] 9 = BLOWING SNOW
X = TORNADO
MAX 32 OR BELOW: 0 0.01 INCH OR MORE: 11
MAX 90 OR ABOVE: 0 0.10 INCH OR MORE: 9
MIN 32 OR BELOW: 8 0.50 INCH OR MORE: 5
MIN 0 OR BELOW: 0 1.00 INCH OR MORE: 2
[HDD (BASE 65) ]
TOTAL THIS MO. 576 CLEAR (SCALE 0-3) 11
DPTR FM NORMAL -137 PTCLDY (SCALE 4-7) 9
TOTAL FM JUL 1 1178 CLOUDY (SCALE 8-10) 11
DPTR FM NORMAL -203
[CDD (BASE 65) ]
TOTAL THIS MO. 0
DPTR FM NORMAL 0 [PRESSURE DATA]
TOTAL FM JAN 1 1425 HIGHEST SLP M ON M
DPTR FM NORMAL 67 LOWEST SLP 29.09 ON 18
[REMARKS]
#FINAL-12-23#