000
CXUS56 KLOX 011655
CF6WJF
PRELIMINARY LOCAL CLIMATOLOGICAL DATA (WS FORM: F-6)
STATION: LANCASTER FOX FIELD CA
MONTH: APRIL
YEAR: 2020
LATITUDE: 34 43 N
LONGITUDE: 118 13 W
TEMPERATURE IN F: :PCPN: SNOW: WIND :SUNSHINE: SKY :PK WND
================================================================================
1 2 3 4 5 6A 6B 7 8 9 10 11 12 13 14 15 16 17 18
12Z AVG MX 2MIN
DY MAX MIN AVG DEP HDD CDD WTR SNW DPTH SPD SPD DIR MIN PSBL S-S WX SPD DR
================================================================================
1 73 51 62 6 3 0 0.00 0.0 0 23.2 36 270 M M 0 8 41 260
2 66 44 55 -1 10 0 0.00 0.0 0 20.1 32 280 M M 0 8 38 280
3 68 44 56 0 9 0 0.00 0.0 0 19.6 33 280 M M 0 40 280
4 65 49 57 1 8 0 0.00 0.0 0 20.3 30 270 M M 0 36 240
5 56 48 52 -4 13 0 0.01 M 0 12.2 23 210 M M 9 29 260
6 51 43 47 -9 18 0 0.40 M 0 8.3 21 250 M M 9 1 24 250
7 55 35 45 -12 20 0 0.45 M 0 6.4 17 260 M M 7 1 22 270
8 51 42 47 -10 18 0 0.24 M 0 9.5 21 220 M M 10 1 24 210
9 46 42 44 -13 21 0 0.73 M 0 7.2 17 40 M M 10 1 20 40
10 57 43 50 -7 15 0 0.40 M 0 8.1 23 50 M M 9 1 28 40
11 72 41 57 -1 8 0 0.00 0.0 0 11.3 33 260 M M 0 8 41 270
12 65 50 58 0 7 0 0.00 0.0 0 22.1 36 240 M M 0 44 240
13 70 49 60 2 5 0 0.00 0.0 0 18.0 32 260 M M 0 39 250
14 69 38 54 -4 11 0 0.00 0.0 0 5.8 18 50 M M 1 24 80
15 78 37 58 -1 7 0 0.00 0.0 0 8.9 23 250 M M 0 28 250
16 75 54 65 6 0 0 0.00 0.0 0 16.4 26 220 M M 0 33 220
17 66 50 58 -1 7 0 0.00 0.0 0 16.0 24 250 M M 1 30 240
18 66 48 57 -3 8 0 0.00 0.0 0 16.1 25 220 M M 1 30 220
19 70 47 59 -1 6 0 0.00 0.0 0 14.5 30 270 M M 0 37 270
20 70 50 60 0 5 0 T 0.0 0 16.5 28 270 M M 2 34 250
21 72 49 61 1 4 0 0.00 0.0 0 18.2 32 280 M M 0 38 260
22 82 47 65 4 0 0 0.00 0.0 0 11.5 32 280 M M 0 38 290
23 82 60 71 10 0 6 0.00 0.0 0 17.3 33 300 M M 0 41 280
24 87 49 68 7 0 3 0.00 0.0 0 8.5 25 280 M M 0 29 280
25 91 50 71 9 0 6 0.00 0.0 0 6.9 21 270 M M 0 24 260
26 90 55 73 11 0 8 0.00 0.0 0 13.2 28 280 M M 0 32 280
27 85 60 73 11 0 8 0.00 0.0 0 19.3 31 270 M M 0 37 270
28 95 54 75 12 0 10 0.00 0.0 0 7.1 18 280 M M 0 23 280
29 94 52 73 10 0 8 0.00 0.0 0 9.7 28 270 M M 0 35 250
30 84 65 75 12 0 10 0.00 0.0 0 22.2 35 270 M M 0 8 40 290
================================================================================
SM 2151 1446 203 59 2.23 0.0 414.4 M 59
================================================================================
AV 71.7 48.2 13.8 FASTST M M 2 MAX(MPH)
MISC ----> # 36 270 # 44 240
================================================================================
NOTES:
# LAST OF SEVERAL OCCURRENCES
COLUMN 17 PEAK WIND IN M.P.H.
PRELIMINARY LOCAL CLIMATOLOGICAL DATA (WS FORM: F-6) , PAGE 2
STATION: LANCASTER FOX FIELD CA
MONTH: APRIL
YEAR: 2020
LATITUDE: 34 43 N
LONGITUDE: 118 13 W
[TEMPERATURE DATA] [PRECIPITATION DATA] SYMBOLS USED IN COLUMN 16
AVERAGE MONTHLY: 60.0 TOTAL FOR MONTH: 2.23 1 = FOG OR MIST
DPTR FM NORMAL: 0.8 DPTR FM NORMAL: 1.88 2 = FOG REDUCING VISIBILITY
HIGHEST: 95 ON 28 GRTST 24HR 0.73 ON 9- 9 TO 1/4 MILE OR LESS
LOWEST: 35 ON 7 3 = THUNDER
SNOW, ICE PELLETS, HAIL 4 = ICE PELLETS
TOTAL MONTH: 0.0 INCH 5 = HAIL
GRTST 24HR 0.0 6 = FREEZING RAIN OR DRIZZLE
GRTST DEPTH: 0 7 = DUSTSTORM OR SANDSTORM:
VSBY 1/2 MILE OR LESS
8 = SMOKE OR HAZE
[NO. OF DAYS WITH] [WEATHER - DAYS WITH] 9 = BLOWING SNOW
X = TORNADO
MAX 32 OR BELOW: 0 0.01 INCH OR MORE: 6
MAX 90 OR ABOVE: 4 0.10 INCH OR MORE: 5
MIN 32 OR BELOW: 0 0.50 INCH OR MORE: 1
MIN 0 OR BELOW: 0 1.00 INCH OR MORE: 0
[HDD (BASE 65) ]
TOTAL THIS MO. 203 CLEAR (SCALE 0-3) 24
DPTR FM NORMAL -4 PTCLDY (SCALE 4-7) 1
TOTAL FM JUL 1 2919 CLOUDY (SCALE 8-10) 5
DPTR FM NORMAL 51
[CDD (BASE 65) ]
TOTAL THIS MO. 59
DPTR FM NORMAL 31 [PRESSURE DATA]
TOTAL FM JAN 1 59 HIGHEST SLP 30.27 ON 14
DPTR FM NORMAL 29 LOWEST SLP 29.76 ON 6
[REMARKS]
#FINAL-04-20#