000
CXAK56 PAJK 011310
CF6YAK
PRELIMINARY LOCAL CLIMATOLOGICAL DATA (WS FORM: F-6)
STATION: YAKUTAT
MONTH: JUNE
YEAR: 2023
LATITUDE: 59 31 N
LONGITUDE: 139 40 W
TEMPERATURE IN F: :PCPN: SNOW: WIND :SUNSHINE: SKY :PK WND
================================================================================
1 2 3 4 5 6A 6B 7 8 9 10 11 12 13 14 15 16 17 18
12Z AVG MX 2MIN
DY MAX MIN AVG DEP HDD CDD WTR SNW DPTH SPD SPD DIR MIN PSBL S-S WX SPD DR
================================================================================
1 58 34 46 -3 19 0 0.02 M M 4.0 14 230 M M 5 18 230
2 59 37 48 -1 17 0 T M M 4.6 13 260 M M 8 15 280
3 62 35 49 -1 16 0 0.00 M M 3.7 14 230 M M 1 16 220
4 59 37 48 -2 17 0 0.00 M M 7.2 16 280 M M 0 22 260
5 53 47 50 0 15 0 0.00 M M 6.7 15 250 M M 9 1 19 240
6 53 46 50 0 15 0 T M M 4.9 13 150 M M 10 18 18 170
7 59 46 53 3 12 0 0.03 M M 4.5 14 140 M M 10 1 23 150
8 63 49 56 5 9 0 0.41 M M 5.1 16 180 M M 9 1 20 190
9 53 49 51 0 14 0 0.11 M M 5.7 14 120 M M 10 1 21 120
10 53 44 49 -2 16 0 0.16 M M 6.0 16 110 M M 9 1 24 120
11 50 44 47 -4 18 0 1.25 M M 8.5 20 110 M M 9 1 28 120
12 53 44 49 -2 16 0 0.06 M M 5.5 16 230 M M 10 1 21 230
13 55 41 48 -4 17 0 0.05 M M 5.2 17 250 M M 9 1 22 280
14 53 40 47 -5 18 0 0.05 M M 1.5 10 200 M M 8 1 14 220
15 51 40 46 -6 19 0 0.59 M M 5.4 17 40 M M 9 1 21 40
16 49 46 48 -4 17 0 1.53 M M 12.8 22 110 M M 10 1 36 100
17 56 46 51 -1 14 0 0.00 M M 6.2 12 230 M M 6 17 100
18 65 45 55 3 10 0 0.00 M M 5.9 13 300 M M 4 12 17 300
19 71 43 57 4 8 0 0.00 M M 3.9 13 220 M M 3 12 14 220
20 55 46 51 -2 14 0 0.00 M M 4.7 13 240 M M 8 1 17 230
21 54 49 52 -1 13 0 0.07 M M 3.6 10 170 M M 10 1 14 130
22 63 52 58 5 7 0 0.02 M M 2.8 9 300 M M 9 1 12 300
23 66 46 56 3 9 0 0.01 M M 5.5 17 230 M M 3 12 21 230
24 58 52 55 2 10 0 0.87 M M 6.2 14 130 M M 10 1 19 100
25 53 51 52 -2 13 0 0.58 M M 7.4 14 110 M M 10 1 20 110
26 58 51 55 1 10 0 0.54 M M 3.8 7 340 M M 10 1 M M
27 62 50 56 2 9 0 0.50 M M 5.9 13 160 M M 9 1 16 170
28 59 54 57 3 8 0 0.91 M M 8.4 17 120 M M 10 1 26 110
29 55 50 53 -1 12 0 0.26 M M 7.8 15 110 M M 10 1 23 110
30 57 46 52 -2 13 0 0.05 M M 5.4 13 170 M M 8 1 18 160
================================================================================
SM 1715 1360 405 0 8.07 M 168.8 M 236
================================================================================
AV 57.2 45.3 5.6 FASTST M M 8 MAX(MPH)
MISC ----> 22 110 36 100
================================================================================
NOTES:
# LAST OF SEVERAL OCCURRENCES
COLUMN 17 PEAK WIND IN M.P.H.
PRELIMINARY LOCAL CLIMATOLOGICAL DATA (WS FORM: F-6) , PAGE 2
STATION: YAKUTAT
MONTH: JUNE
YEAR: 2023
LATITUDE: 59 31 N
LONGITUDE: 139 40 W
[TEMPERATURE DATA] [PRECIPITATION DATA] SYMBOLS USED IN COLUMN 16
AVERAGE MONTHLY: 51.3 TOTAL FOR MONTH: 8.07 1 = FOG OR MIST
DPTR FM NORMAL: -0.7 DPTR FM NORMAL: 2.66 2 = FOG REDUCING VISIBILITY
HIGHEST: 71 ON 19 GRTST 24HR 1.93 ON 15-16 TO 1/4 MILE OR LESS
LOWEST: 34 ON 1 3 = THUNDER
SNOW, ICE PELLETS, HAIL 4 = ICE PELLETS
TOTAL MONTH: M 5 = HAIL
GRTST 24HR M ON M 6 = FREEZING RAIN OR DRIZZLE
GRTST DEPTH: M ON M 7 = DUSTSTORM OR SANDSTORM:
VSBY 1/2 MILE OR LESS
8 = SMOKE OR HAZE
[NO. OF DAYS WITH] [WEATHER - DAYS WITH] 9 = BLOWING SNOW
X = TORNADO
MAX 32 OR BELOW: 0 0.01 INCH OR MORE: 21
MAX 90 OR ABOVE: 0 0.10 INCH OR MORE: 12
MIN 32 OR BELOW: 0 0.50 INCH OR MORE: 8
MIN 0 OR BELOW: 0 1.00 INCH OR MORE: 2
[HDD (BASE 65) ]
TOTAL THIS MO. 405 CLEAR (SCALE 0-3) 3
DPTR FM NORMAL 12 PTCLDY (SCALE 4-7) 5
TOTAL FM JUL 1 8275 CLOUDY (SCALE 8-10) 22
DPTR FM NORMAL -433
[CDD (BASE 65) ]
TOTAL THIS MO. 0
DPTR FM NORMAL 0 [PRESSURE DATA]
TOTAL FM JAN 1 0 HIGHEST SLP 30.26 ON 13
DPTR FM NORMAL 0 LOWEST SLP 29.41 ON 15
[REMARKS]
#FINAL-06-23#