000
CXUS54 KHGX 251415
CF611R
PRELIMINARY LOCAL CLIMATOLOGICAL DATA (WS FORM: F-6)

                                          STATION:   BRENHAM
                                          MONTH:     APRIL
                                          YEAR:      2018
                                          LATITUDE:   30 13 N
                                          LONGITUDE:  96 22 W

  TEMPERATURE IN F:       :PCPN:    SNOW:  WIND      :SUNSHINE: SKY     :PK WND
================================================================================
1   2   3   4   5  6A  6B    7    8   9   10  11  12  13   14  15   16   17  18
                                     12Z  AVG MX 2MIN
DY MAX MIN AVG DEP HDD CDD  WTR  SNW DPTH SPD SPD DIR MIN PSBL S-S WX    SPD DR
================================================================================

 1  82  60  71   M   0   6 0.00  0.0    0  6.1 13 150   M    M   6        22 170
 2  85  69  77   M   0  12 0.00  0.0    0  8.2 18 160   M    M   7 1      25 170
 3  85  63  74   M   0   9 0.00  0.0    0 11.8 18  10   M    M   8 3      28 200
 4  71  51  61   M   4   0 0.00  0.0    0  6.9 13  10   M    M   1        22  20
 5  75  51  63   M   2   0 0.10  0.0    0  6.5 13 130   M    M   6        18 150
 6  84  69  77   M   0  12 0.00  0.0    0 10.7 15 180   M    M   9 3      25 200
 7  74  43  59   M   6   0 0.05    M    0 14.6 24 350   M    M  10 13     32 340
 8  61  44  53   M  12   0 0.00  0.0    0  4.8  9 150   M    M   9 1       M  M
 9  69  54  62   M   3   0 0.00  0.0    0  4.1  7  30   M    M  10 1       M  M
10  76  51  64   M   1   0 0.00  0.0    0  5.1 12  20   M    M   0        17  20
11  81  45  63   M   2   0 0.00  0.0    0  6.4 15 190   M    M   0        23 190
12  84  62  73   M   0   8 0.00  0.0    0 11.5 16 160   M    M   6        30 170
13  82  61  72   M   0   7 0.13  0.0    0 13.7 20 180   M    M  10 3      29 180
14  69  46  58   M   7   0 0.18  0.0    0 11.1 21 320   M    M   3 3      30 340
15  70  44  57   M   8   0 0.00  0.0    0  7.4 16 320   M    M   0        21 350
16  80  45  63   M   2   0 0.00  0.0    0  7.0 15 180   M    M   0        24 180
17  84  56  70   M   0   5 0.00  0.0    0 12.0 22 190   M    M   1 1      31 190
18  83  67  75   M   0  10 0.00  0.0    0  6.7 14 190   M    M   8        20 190
19  77  58  68   M   0   3 0.00  0.0    0  5.8 14  10   M    M   3        22  20
20  67  54  61   M   4   0 0.00  0.0    0  5.8 13 100   M    M   0        18 100
21  73  54  64   M   1   0 2.71  0.0    0  5.7 13 130   M    M  10 123    16 120
22  73  55  64   M   1   0 0.00  0.0    0 11.6 20 340   M    M   5 1      27 340
23  80  50  65   M   0   0 0.00  0.0    0  4.5 13 310   M    M   0        20 320
24  84  55  70   M   0   5 0.00  0.0    0  0.4  4 330   M    M   0         M  M
================================================================================
SM 1849 1307        53  77  3.17     0.0 188.4          M      112
================================================================================
AV 77.0 54.5                               7.8 FASTST   M    M   5    MAX(MPH)
                                 MISC ---->  # 24 350               # 32  340
================================================================================
NOTES:
# LAST OF SEVERAL OCCURRENCES

COLUMN 17 PEAK WIND IN M.P.H.

PRELIMINARY LOCAL CLIMATOLOGICAL DATA (WS FORM: F-6) , PAGE 2

                                          STATION:  BRENHAM
                                          MONTH:    APRIL
                                          YEAR:     2018
                                          LATITUDE:   30 13 N
                                          LONGITUDE:  96 22 W

[TEMPERATURE DATA]      [PRECIPITATION DATA]       SYMBOLS USED IN COLUMN 16

AVERAGE MONTHLY: 65.8   TOTAL FOR MONTH:   3.17    1 = FOG OR MIST
DPTR FM NORMAL:     M   DPTR FM NORMAL:       M    2 = FOG REDUCING VISIBILITY
HIGHEST:    85 ON  3, 2 GRTST 24HR  2.71 ON 21-21      TO 1/4 MILE OR LESS
LOWEST:     43 ON  7                               3 = THUNDER
                        SNOW, ICE PELLETS, HAIL    4 = ICE PELLETS
                        TOTAL MONTH:   0.0 INCH    5 = HAIL
                        GRTST 24HR     0.0         6 = FREEZING RAIN OR DRIZZLE
                        GRTST DEPTH:   0           7 = DUSTSTORM OR SANDSTORM:
                                                       VSBY 1/2 MILE OR LESS
                                                   8 = SMOKE OR HAZE
[NO. OF DAYS WITH]      [WEATHER - DAYS WITH]      9 = BLOWING SNOW
                                                   X = TORNADO
MAX 32 OR BELOW:   0    0.01 INCH OR MORE:   5
MAX 90 OR ABOVE:   0    0.10 INCH OR MORE:   4
MIN 32 OR BELOW:   0    0.50 INCH OR MORE:   1
MIN  0 OR BELOW:   0    1.00 INCH OR MORE:   1

[HDD (BASE 65) ]
TOTAL THIS MO.    53    CLEAR  (SCALE 0-3)  10
DPTR FM NORMAL     M    PTCLDY (SCALE 4-7)   6
TOTAL FM JUL 1  1390    CLOUDY (SCALE 8-10)  8
DPTR FM NORMAL     M

[CDD (BASE 65) ]
TOTAL THIS MO.    77
DPTR FM NORMAL     M    [PRESSURE DATA]
TOTAL FM JAN 1   268    HIGHEST SLP M ON M
DPTR FM NORMAL     M    LOWEST  SLP M ON M

[REMARKS]
