000
CXUS55 KABR 271400
CF68D3
PRELIMINARY LOCAL CLIMATOLOGICAL DATA (WS FORM: F-6)

                                          STATION:   SISSETON SD
                                          MONTH:     MAY
                                          YEAR:      2018
                                          LATITUDE:   45 40 N
                                          LONGITUDE:  96 59 W

  TEMPERATURE IN F:       :PCPN:    SNOW:  WIND      :SUNSHINE: SKY     :PK WND
================================================================================
1   2   3   4   5  6A  6B    7    8   9   10  11  12  13   14  15   16   17  18
                                     12Z  AVG MX 2MIN
DY MAX MIN AVG DEP HDD CDD  WTR  SNW DPTH SPD SPD DIR MIN PSBL S-S WX    SPD DR
================================================================================

 1  53  38  46  -6  19   0 0.00  0.0    0 11.2 29 330   M    M   0        36 330
 2  71  33  52   0  13   0 0.00  0.0    0  5.9 16 260   M    M   0        24 280
 3  75  45  60   7   5   0 0.00  0.0    0  5.3 18 320   M    M   0        22 330
 4  83  50  67  14   0   2 0.00  0.0    0 13.2 28 280   M    M   0        35 300
 5  84  47  66  12   0   1 0.00  0.0    0  8.9 24  20   M    M   0        30  20
 6  84  44  64  10   1   0 0.00  0.0    0  7.9 22 290   M    M   0        28 280
 7  86  62  74  20   0   9 0.04  0.0    0 16.6 38 230   M    M   0        49 230
 8  81  57  69  14   0   4 0.36  0.0    0 10.2 25 330   M    M   0        29 330
 9  73  46  60   5   5   0 0.00  0.0    0 14.4 35  10   M    M   0        40  10
10  54  35  45 -10  20   0 0.00  0.0    0  9.6 17 360   M    M   0        20 360
11  61  41  51  -5  14   0 0.01  0.0    0  7.2 15  90   M    M   0        19 120
12  63  45  54  -2  11   0 0.01  0.0    0  6.0 13 110   M    M   0        16 110
13  74  41  58   2   7   0 0.00  0.0    0  2.7 13 180   M    M   0        16 170
14  72  55  64   7   1   0 0.26  0.0    0  6.0 20  20   M    M   0        25  20
15  80  44  62   5   3   0 0.00  0.0    0  8.5 16 220   M    M   0        22 190
16  87  63  75  17   0  10 0.00  0.0    0  8.3 18 230   M    M   0        23 220
17  89  57  73  15   0   8 0.00  0.0    0 11.4 32 320   M    M   0        39 320
18  75  46  61   3   4   0 0.10  0.0    0 14.9 30 320   M    M   0        35 320
19  70  45  58   0   7   0 0.00  0.0    0 20.0 32  20   M    M   0        40  20
20  73  36  55  -4  10   0 0.00  0.0    0  5.8 16  60   M    M   0        21  50
21  68  49  59   0   6   0 0.00  0.0    0  6.1 14 150   M    M   0        17 140
22  83  53  68   9   0   3 0.00  0.0    0  6.0 14 110   M    M   0        21 110
23  77  57  67   7   0   2 0.24  0.0    0 12.9 29 150   M    M   0        37 160
24  90  65  78  18   0  13 0.00  0.0    0 12.2 21 210   M    M   0        28 220
25  93  64  79  19   0  14 0.00  0.0    0 10.2 22 280   M    M   0        30 280
26  95  65  80  20   0  15 0.00  0.0    0  7.8 20 280   M    M   0        26 280
================================================================================
SM 1994 1283       126  81  1.02     0.0 249.2          M        0
================================================================================
AV 76.7 49.4                               9.6 FASTST   M    M   0    MAX(MPH)
                                 MISC ---->  # 38 230               # 49  230
================================================================================
NOTES:
# LAST OF SEVERAL OCCURRENCES

COLUMN 17 PEAK WIND IN M.P.H.

PRELIMINARY LOCAL CLIMATOLOGICAL DATA (WS FORM: F-6) , PAGE 2

                                          STATION:  SISSETON SD
                                          MONTH:    MAY
                                          YEAR:     2018
                                          LATITUDE:   45 40 N
                                          LONGITUDE:  96 59 W

[TEMPERATURE DATA]      [PRECIPITATION DATA]       SYMBOLS USED IN COLUMN 16

AVERAGE MONTHLY: 63.0   TOTAL FOR MONTH:   1.02    1 = FOG OR MIST
DPTR FM NORMAL:   6.6   DPTR FM NORMAL:   -1.25    2 = FOG REDUCING VISIBILITY
HIGHEST:    95 ON 26    GRTST 24HR  0.36 ON  8- 8      TO 1/4 MILE OR LESS
LOWEST:     33 ON  2                               3 = THUNDER
                        SNOW, ICE PELLETS, HAIL    4 = ICE PELLETS
                        TOTAL MONTH:   0.0 INCH    5 = HAIL
                        GRTST 24HR     0.0         6 = FREEZING RAIN OR DRIZZLE
                        GRTST DEPTH:   0           7 = DUSTSTORM OR SANDSTORM:
                                                       VSBY 1/2 MILE OR LESS
                                                   8 = SMOKE OR HAZE
[NO. OF DAYS WITH]      [WEATHER - DAYS WITH]      9 = BLOWING SNOW
                                                   X = TORNADO
MAX 32 OR BELOW:   0    0.01 INCH OR MORE:   7
MAX 90 OR ABOVE:   3    0.10 INCH OR MORE:   4
MIN 32 OR BELOW:   0    0.50 INCH OR MORE:   0
MIN  0 OR BELOW:   0    1.00 INCH OR MORE:   0

[HDD (BASE 65) ]
TOTAL THIS MO.   126    CLEAR  (SCALE 0-3)  26
DPTR FM NORMAL  -111    PTCLDY (SCALE 4-7)   0
TOTAL FM JUL 1  8235    CLOUDY (SCALE 8-10)  0
DPTR FM NORMAL    39

[CDD (BASE 65) ]
TOTAL THIS MO.    81
DPTR FM NORMAL    64    [PRESSURE DATA]
TOTAL FM JAN 1    81    HIGHEST SLP M ON M
DPTR FM NORMAL    63    LOWEST  SLP 29.65 ON 25

[REMARKS]
