000
CXUS55 KCYS 251000
CF6AIA
PRELIMINARY LOCAL CLIMATOLOGICAL DATA (WS FORM: F-6)

                                          STATION:   ALLIANCE NEBRASKA AIRPORT
                                          MONTH:     MAY
                                          YEAR:      2018
                                          LATITUDE:   42  2 N
                                          LONGITUDE: 102 48 W

  TEMPERATURE IN F:       :PCPN:    SNOW:  WIND      :SUNSHINE: SKY     :PK WND
================================================================================
1   2   3   4   5  6A  6B    7    8   9   10  11  12  13   14  15   16   17  18
                                     12Z  AVG MX 2MIN
DY MAX MIN AVG DEP HDD CDD  WTR  SNW DPTH SPD SPD DIR MIN PSBL S-S WX    SPD DR
================================================================================

 1  61  35  48  -2  17   0 0.16    M    M  7.7 29 310   M    M   8 123    36 310
 2  58  33  46  -4  19   0 0.03    M    M  5.6 12  20   M    M   8 12     15  20
 3  59  36  48  -2  17   0 0.63    M    M  8.3 36 350   M    M   7 13     43 360
 4  73  34  54   4  11   0 0.00    M    M  9.2 18 270   M    M   0        25 250
 5  78  34  56   5   9   0    T    M    M  4.7 31 320   M    M   2        37 240
 6  77  38  58   7   7   0 0.00    M    M  7.5 16 160   M    M   1        21 150
 7  84  47  66  14   0   1 0.00    M    M 16.9 36 200   M    M   0        43 200
 8  75  44  60   8   5   0    T    M    M 13.1 22 340   0    0   0        32 340
 9  80  37  59   7   6   0 0.04    M    M  8.1 21  40   M    M   1        26  40
10  81  47  64  11   1   0 0.09    M    M 14.4 38  50   M    M   2 13     47 350
11  56  43  50  -3  15   0 0.02    M    M 10.5 20  50   M    M  10 12     24  50
12  53  43  48  -5  17   0 0.19    M    M 10.5 18  20   M    M   9 13     22  10
13  59  45  52  -2  13   0 0.03    M    M  6.0 14 170   M    M   8 1      17 170
14  68  40  54   0  11   0 1.08    M    M  7.8 38 270   M    M   6 13     48 260
15  73  35  54   0  11   0 0.00    M    M  5.4 13 170   M    M   0        15 160
16  80  41  61   6   4   0 0.00    M    M  7.1 14 150   M    M   0 12     18 140
17  84  51  68  13   0   3 0.59    M    M 18.3 45 270   M    M   2 13     55 270
18  71  50  61   5   4   0 0.05    M    M  8.9 23 350   M    M   7 3      29 100
19  53  42  48  -8  17   0 1.40    M    M 19.6 33  20   M    M  10 1      40  20
20  62  39  51  -5  14   0 0.00    M    M  5.5 10 120   M    M   4        12  80
21  72  40  56  -1   9   0 0.00    M    M  8.5 17 180   M    M   0 1      22 170
22  81  43  62   5   3   0 0.00    M    M 10.3 25 160   M    M   1 1      31 160
23  79  50  65   8   0   0    T    M    M  7.8 21 360   M    M   1 3      35 350
24  83  43  63   5   2   0 0.00    M    M  7.9 24 270   M    M   0        31 270
================================================================================
SM 1700  990       212   4  4.31    M    229.6            0     87
================================================================================
AV 70.8 41.3                               9.6 FASTST    0   0   4    MAX(MPH)
                                 MISC ---->  # 45 270               # 55  270
================================================================================
NOTES:
# LAST OF SEVERAL OCCURRENCES

COLUMN 17 PEAK WIND IN M.P.H.

PRELIMINARY LOCAL CLIMATOLOGICAL DATA (WS FORM: F-6) , PAGE 2

                                          STATION:  ALLIANCE NEBRASKA AIRPORT
                                          MONTH:    MAY
                                          YEAR:     2018
                                          LATITUDE:   42  2 N
                                          LONGITUDE: 102 48 W

[TEMPERATURE DATA]      [PRECIPITATION DATA]       SYMBOLS USED IN COLUMN 16

AVERAGE MONTHLY: 56.0   TOTAL FOR MONTH:   4.31    1 = FOG OR MIST
DPTR FM NORMAL:   2.5   DPTR FM NORMAL:    2.43    2 = FOG REDUCING VISIBILITY
HIGHEST:    84 ON 17, 7 GRTST 24HR  1.40 ON 19-19      TO 1/4 MILE OR LESS
LOWEST:     33 ON  2                               3 = THUNDER
                        SNOW, ICE PELLETS, HAIL    4 = ICE PELLETS
                        TOTAL MONTH:    M          5 = HAIL
                        GRTST 24HR    M  ON   M    6 = FREEZING RAIN OR DRIZZLE
                        GRTST DEPTH:  M  ON   M    7 = DUSTSTORM OR SANDSTORM:
                                                       VSBY 1/2 MILE OR LESS
                                                   8 = SMOKE OR HAZE
[NO. OF DAYS WITH]      [WEATHER - DAYS WITH]      9 = BLOWING SNOW
                                                   X = TORNADO
MAX 32 OR BELOW:   0    0.01 INCH OR MORE:  12
MAX 90 OR ABOVE:   0    0.10 INCH OR MORE:   6
MIN 32 OR BELOW:   0    0.50 INCH OR MORE:   4
MIN  0 OR BELOW:   0    1.00 INCH OR MORE:   2

[HDD (BASE 65) ]
TOTAL THIS MO.   212    CLEAR  (SCALE 0-3)  14
DPTR FM NORMAL   -67    PTCLDY (SCALE 4-7)   7
TOTAL FM JUL 1  7320    CLOUDY (SCALE 8-10)  3
DPTR FM NORMAL   152

[CDD (BASE 65) ]
TOTAL THIS MO.     4
DPTR FM NORMAL     4    [PRESSURE DATA]
TOTAL FM JAN 1     4    HIGHEST SLP  0.00 ON  8
DPTR FM NORMAL     4    LOWEST  SLP  0.00 ON  8

[REMARKS]
