000
CXUS51 KBUF 251205
CF6BUF
PRELIMINARY LOCAL CLIMATOLOGICAL DATA (WS FORM: F-6)

                                          STATION:   BUFFALO NY
                                          MONTH:     APRIL
                                          YEAR:      2018
                                          LATITUDE:   42 55 N
                                          LONGITUDE:  78 44 W

  TEMPERATURE IN F:       :PCPN:    SNOW:  WIND      :SUNSHINE: SKY     :PK WND
================================================================================
1   2   3   4   5  6A  6B    7    8   9   10  11  12  13   14  15   16   17  18
                                     12Z  AVG MX 2MIN
DY MAX MIN AVG DEP HDD CDD  WTR  SNW DPTH SPD SPD DIR MIN PSBL S-S WX    SPD DR
================================================================================

 1  43  28  36  -4  29   0 0.03    T    0 12.8 24 230   M    M   7        30 310
 2  40  27  34  -6  31   0 0.00  0.0    0  8.5 21 250   M    M   7        25 250
 3  50  32  41   0  24   0 0.33  0.0    0  8.4 13 350   M    M  10 13     16  80
 4  59  27  43   2  22   0 0.52    T    0 25.7 47 230   M    M   9 158    63 210
 5  33  24  29 -13  36   0 0.02  0.5    0 12.5 23 250   M    M   6 128    31 240
 6  38  26  32 -10  33   0 0.16  2.0    T 13.1 30 230   M    M   8 123    40 240
 7  30  23  27 -15  38   0    T  0.1    T 12.7 22 230   M    M   7 8      29 230
 8  34  25  30 -13  35   0 0.01  0.2    T  8.9 20 270   M    M   7 18     26 300
 9  40  24  32 -11  33   0    T  0.1    0  3.8 14 260   M    M   8 18     18 240
10  40  28  34 -10  31   0 0.01  0.3    T  8.9 20 230   M    M   6 1      24 220
11  44  29  37  -7  28   0    T  0.0    0 10.4 26 230   M    M   6 1      36 220
12  59  31  45   1  20   0 0.20  0.0    0 10.4 29 210   M    M   8 138    36 220
13  51  39  45   0  20   0    T  0.0    0 10.2 18  60   M    M  10        21  50
14  40  28  34 -11  31   0 0.32  0.6    0 21.1 32  60   M    M  10 146    40  60
15  41  29  35 -11  30   0 0.50  0.3    T 17.8 26  70   M    M  10 146    36  60
16  42  33  38  -8  27   0 1.33  1.8    0 15.8 25 250   M    M  10 1      34 240
17  34  30  32 -15  33   0 0.04  0.3    1 15.1 23 220   M    M   9 18     29 240
18  37  32  35 -12  30   0 0.04  0.7    1 13.4 23 250   M    M  10 1      32 230
19  38  32  35 -12  30   0    T    T    1 12.5 23 310   M    M   9 1      29 320
20  44  29  37 -11  28   0 0.00  0.0    0  9.5 20 220   M    M   3        23 330
21  50  27  39  -9  26   0 0.00  0.0    0  7.2 15 250   M    M   6        19 230
22  62  31  47  -2  18   0 0.00  0.0    0  5.2 14  40   M    M   1        19  30
23  74  41  58   9   7   0 0.00  0.0    0  7.8 17  60   M    M   3        21 120
24  67  50  59  10   6   0 0.12  0.0    0  8.8 20 190   M    M   8        23 230
================================================================================
SM 1090  725       646   0  3.63     6.9 280.5          M      178
================================================================================
AV 45.4 30.2                              11.7 FASTST   M    M   7    MAX(MPH)
                                 MISC ---->  # 47 230               # 63  210
================================================================================
NOTES:
# LAST OF SEVERAL OCCURRENCES

COLUMN 17 PEAK WIND IN M.P.H.

PRELIMINARY LOCAL CLIMATOLOGICAL DATA (WS FORM: F-6) , PAGE 2

                                          STATION:  BUFFALO NY
                                          MONTH:    APRIL
                                          YEAR:     2018
                                          LATITUDE:   42 55 N
                                          LONGITUDE:  78 44 W

[TEMPERATURE DATA]      [PRECIPITATION DATA]       SYMBOLS USED IN COLUMN 16

AVERAGE MONTHLY: 37.8   TOTAL FOR MONTH:   3.63    1 = FOG OR MIST
DPTR FM NORMAL:  -6.9   DPTR FM NORMAL:    1.20    2 = FOG REDUCING VISIBILITY
HIGHEST:    74 ON 23    GRTST 24HR  1.33 ON 16-16      TO 1/4 MILE OR LESS
LOWEST:     23 ON  7                               3 = THUNDER
                        SNOW, ICE PELLETS, HAIL    4 = ICE PELLETS
                        TOTAL MONTH:   6.9 INCHES  5 = HAIL
                        GRTST 24HR   2.0 ON  6- 6  6 = FREEZING RAIN OR DRIZZLE
                        GRTST DEPTH:   1 ON 19,18  7 = DUSTSTORM OR SANDSTORM:
                                                       VSBY 1/2 MILE OR LESS
                                                   8 = SMOKE OR HAZE
[NO. OF DAYS WITH]      [WEATHER - DAYS WITH]      9 = BLOWING SNOW
                                                   X = TORNADO
MAX 32 OR BELOW:   1    0.01 INCH OR MORE:  14
MAX 90 OR ABOVE:   0    0.10 INCH OR MORE:   8
MIN 32 OR BELOW:  20    0.50 INCH OR MORE:   3
MIN  0 OR BELOW:   0    1.00 INCH OR MORE:   1

[HDD (BASE 65) ]
TOTAL THIS MO.   646    CLEAR  (SCALE 0-3)   3
DPTR FM NORMAL   158    PTCLDY (SCALE 4-7)  10
TOTAL FM JUL 1  6190    CLOUDY (SCALE 8-10) 11
DPTR FM NORMAL    -3

[CDD (BASE 65) ]
TOTAL THIS MO.     0
DPTR FM NORMAL     0    [PRESSURE DATA]
TOTAL FM JAN 1     0    HIGHEST SLP M ON M
DPTR FM NORMAL     0    LOWEST  SLP 29.25 ON  4

[REMARKS]
