000
CXUS55 KEAX 200736
CF6CDJ
PRELIMINARY LOCAL CLIMATOLOGICAL DATA (WS FORM: F-6)

                                          STATION:   CHILLICOTHE
                                          MONTH:     APRIL
                                          YEAR:      2018
                                          LATITUDE:   39 49 N
                                          LONGITUDE:  93 35 W

  TEMPERATURE IN F:       :PCPN:    SNOW:  WIND      :SUNSHINE: SKY     :PK WND
================================================================================
1   2   3   4   5  6A  6B    7    8   9   10  11  12  13   14  15   16   17  18
                                     12Z  AVG MX 2MIN
DY MAX MIN AVG DEP HDD CDD  WTR  SNW DPTH SPD SPD DIR MIN PSBL S-S WX    SPD DR
================================================================================

 1  31  11  21 -28  44   0 0.32    M    M  6.0 16  20   M    M   0        24  10
 2  34   9  22 -27  43   0 0.01    M    M  5.4 13 130   M    M   0        19 110
 3  41  26  34 -16  31   0 0.10    M    M 11.5 24 310   M    M   0        40 310
 4  42  18  30 -20  35   0 0.00  0.0    0  6.9 18 310   M    M   0        29 310
 5  66  32  49  -1  16   0 0.00  0.0    0  7.1 14 240   M    M   0        24 220
 6  46  25  36 -15  29   0 0.00  0.0    0 10.1 22  10   M    M   0        35  10
 7  44  18  31 -20  34   0 0.00  0.0    0  4.4 13  10   M    M   0        23 350
 8  38  24  31 -21  34   0 0.25    M    0  6.4 17 140   M    M   0        25 130
 9  41  32  37 -15  28   0 0.00  0.0    0  3.5 10 350   M    M   0        16 320
10  56  32  44  -8  21   0 0.00  0.0    0  4.1 14 200   M    M   0        21 180
11  77  45  61   9   4   0 0.00  0.0    0 11.6 20 190   M    M   0        32 190
12  82  50  66  13   0   1 0.00  0.0    M  6.7 17 150   M    M   0        27 160
13  80  60  70  17   0   5 0.00  0.0    0  9.7 23 190   M    M   0        37 190
14  61  37  49  -4  16   0 0.00  0.0    0  7.8 17 200   M    M   0        31 280
15  38  30  34 -20  31   0 0.03    M    0 11.0 20 310   M    M   0        31 300
16  50  26  38 -16  27   0 0.00  0.0    0  7.8 17 300   M    M   0        27 290
17  62  28  45  -9  20   0 0.00  0.0    0  7.2 15  70   M    M   0        23  60
18  49  38  44 -11  21   0 0.00  0.0    0 10.4 22 310   M    M   0        36 300
19  59  30  45 -10  20   0 0.00  0.0    0  4.9 13  60   M    M   0        19  60
================================================================================
SM  997  571       454   6  0.71     0.0 142.5          M        0
================================================================================
AV 52.5 30.1                               7.5 FASTST   M    M   0    MAX(MPH)
                                 MISC ---->  # 24 310               # 40  310
================================================================================
NOTES:
# LAST OF SEVERAL OCCURRENCES

COLUMN 17 PEAK WIND IN M.P.H.

PRELIMINARY LOCAL CLIMATOLOGICAL DATA (WS FORM: F-6) , PAGE 2

                                          STATION:  CHILLICOTHE
                                          MONTH:    APRIL
                                          YEAR:     2018
                                          LATITUDE:   39 49 N
                                          LONGITUDE:  93 35 W

[TEMPERATURE DATA]      [PRECIPITATION DATA]       SYMBOLS USED IN COLUMN 16

AVERAGE MONTHLY: 41.3   TOTAL FOR MONTH:   0.71    1 = FOG OR MIST
DPTR FM NORMAL: -10.8   DPTR FM NORMAL:   -1.05    2 = FOG REDUCING VISIBILITY
HIGHEST:    82 ON 12    GRTST 24HR  0.32 ON  1- 1      TO 1/4 MILE OR LESS
LOWEST:      9 ON  2                               3 = THUNDER
                        SNOW, ICE PELLETS, HAIL    4 = ICE PELLETS
                        TOTAL MONTH:   0.0 INCH    5 = HAIL
                        GRTST 24HR     0.0         6 = FREEZING RAIN OR DRIZZLE
                        GRTST DEPTH:   0           7 = DUSTSTORM OR SANDSTORM:
                                                       VSBY 1/2 MILE OR LESS
                                                   8 = SMOKE OR HAZE
[NO. OF DAYS WITH]      [WEATHER - DAYS WITH]      9 = BLOWING SNOW
                                                   X = TORNADO
MAX 32 OR BELOW:   1    0.01 INCH OR MORE:   5
MAX 90 OR ABOVE:   0    0.10 INCH OR MORE:   3
MIN 32 OR BELOW:  14    0.50 INCH OR MORE:   0
MIN  0 OR BELOW:   0    1.00 INCH OR MORE:   0

[HDD (BASE 65) ]
TOTAL THIS MO.   454    CLEAR  (SCALE 0-3)  19
DPTR FM NORMAL   202    PTCLDY (SCALE 4-7)   0
TOTAL FM JUL 1  5266    CLOUDY (SCALE 8-10)  0
DPTR FM NORMAL    -7

[CDD (BASE 65) ]
TOTAL THIS MO.     6
DPTR FM NORMAL     6    [PRESSURE DATA]
TOTAL FM JAN 1     6    HIGHEST SLP  0.00 ON M
DPTR FM NORMAL     4    LOWEST  SLP  0.00 ON M

[REMARKS]
