000
CXUS52 KCHS 250715
CF6CHS
PRELIMINARY LOCAL CLIMATOLOGICAL DATA (WS FORM: F-6)

                                          STATION:   NORTH CHARLESTON SC
                                          MONTH:     APRIL
                                          YEAR:      2018
                                          LATITUDE:   32 54 N
                                          LONGITUDE:  80  2 W

  TEMPERATURE IN F:       :PCPN:    SNOW:  WIND      :SUNSHINE: SKY     :PK WND
================================================================================
1   2   3   4   5  6A  6B    7    8   9   10  11  12  13   14  15   16   17  18
                                     12Z  AVG MX 2MIN
DY MAX MIN AVG DEP HDD CDD  WTR  SNW DPTH SPD SPD DIR MIN PSBL S-S WX    SPD DR
================================================================================

 1  80  46  63   1   2   0 0.00  0.0    0  5.4 16 180   M    M   4 1      20 150
 2  84  52  68   6   0   3 0.00  0.0    0  7.6 16 190   M    M   6 12     23 280
 3  85  63  74  12   0   9 0.00  0.0    0 11.8 24 200   M    M   2 1      29 210
 4  82  57  70   8   0   5    T  0.0    0 13.5 23 260   M    M   6        35 270
 5  69  47  58  -4   7   0 0.00  0.0    0  8.5 18  30   M    M   1        23  50
 6  77  43  60  -3   5   0 0.00  0.0    0  7.5 23 200   M    M   4 1      28 210
 7  77  49  63   0   2   0 0.49  0.0    0 11.5 23 350   M    M   8 13     29  10
 8  60  42  51 -12  14   0    T  0.0    0  9.4 22  40   M    M   7        28 360
 9  58  50  54  -9  11   0 0.16  0.0    0  8.3 17  30   M    M  10 1      23  40
10  57  46  52 -12  13   0 0.04  0.0    0  6.5 17  30   M    M   9        20  30
11  69  42  56  -8   9   0 0.00  0.0    0  5.8 16 140   M    M   4 1      20 150
12  76  46  61  -3   4   0 0.00  0.0    0  5.9 17 180   M    M   3 1      21 140
13  80  55  68   4   0   3 0.00  0.0    0  9.2 22 180   M    M   3 1      28 210
14  84  57  71   7   0   6    T  0.0    0  7.5 22 170   M    M   5 1      27 190
15  82  57  70   5   0   5 0.80  0.0    0 18.1 39 200   M    M   8 13     49 220
16  63  48  56  -9   9   0 0.00  0.0    0 14.6 25 260   M    M   2        34 260
17  74  40  57  -8   8   0 0.00  0.0    0  9.6 20 260   M    M   0        25 290
18  87  60  74   9   0   9 0.00  0.0    0 11.7 22 240   M    M   1        30 270
19  85  58  72   6   0   7 0.00  0.0    0 14.1 28 270   M    M   2        36 260
20  68  47  58  -8   7   0 0.00  0.0    0 10.0 24  30   M    M   1        32  30
21  72  45  59  -7   6   0 0.00  0.0    0  9.8 20  90   M    M   3        26 120
22  76  56  66   0   0   1    T  0.0    0 12.5 23 100   M    M   7        31 110
23  68  64  66   0   0   1 2.55  0.0    0 17.9 36 120   M    M   9 1      46 130
24  79  64  72   5   0   7    T  0.0    0  9.2 18 190   M    M   4 1      22 210
================================================================================
SM 1792 1234        97  56  4.04     0.0 245.9          M      109
================================================================================
AV 74.7 51.4                              10.2 FASTST   M    M   5    MAX(MPH)
                                 MISC ---->  # 39 200               # 49  220
================================================================================
NOTES:
# LAST OF SEVERAL OCCURRENCES

COLUMN 17 PEAK WIND IN M.P.H.

PRELIMINARY LOCAL CLIMATOLOGICAL DATA (WS FORM: F-6) , PAGE 2

                                          STATION:  NORTH CHARLESTON SC
                                          MONTH:    APRIL
                                          YEAR:     2018
                                          LATITUDE:   32 54 N
                                          LONGITUDE:  80  2 W

[TEMPERATURE DATA]      [PRECIPITATION DATA]       SYMBOLS USED IN COLUMN 16

AVERAGE MONTHLY: 63.0   TOTAL FOR MONTH:   4.04    1 = FOG OR MIST
DPTR FM NORMAL:  -1.1   DPTR FM NORMAL:    1.69    2 = FOG REDUCING VISIBILITY
HIGHEST:    87 ON 18    GRTST 24HR  2.55 ON 23-23      TO 1/4 MILE OR LESS
LOWEST:     40 ON 17                               3 = THUNDER
                        SNOW, ICE PELLETS, HAIL    4 = ICE PELLETS
                        TOTAL MONTH:   0.0 INCH    5 = HAIL
                        GRTST 24HR     0.0         6 = FREEZING RAIN OR DRIZZLE
                        GRTST DEPTH:   0           7 = DUSTSTORM OR SANDSTORM:
                                                       VSBY 1/2 MILE OR LESS
                                                   8 = SMOKE OR HAZE
[NO. OF DAYS WITH]      [WEATHER - DAYS WITH]      9 = BLOWING SNOW
                                                   X = TORNADO
MAX 32 OR BELOW:   0    0.01 INCH OR MORE:   5
MAX 90 OR ABOVE:   0    0.10 INCH OR MORE:   4
MIN 32 OR BELOW:   0    0.50 INCH OR MORE:   2
MIN  0 OR BELOW:   0    1.00 INCH OR MORE:   1

[HDD (BASE 65) ]
TOTAL THIS MO.    97    CLEAR  (SCALE 0-3)  10
DPTR FM NORMAL    17    PTCLDY (SCALE 4-7)  11
TOTAL FM JUL 1  1819    CLOUDY (SCALE 8-10)  3
DPTR FM NORMAL  -136

[CDD (BASE 65) ]
TOTAL THIS MO.    56
DPTR FM NORMAL    -4    [PRESSURE DATA]
TOTAL FM JAN 1   140    HIGHEST SLP M ON M
DPTR FM NORMAL    46    LOWEST  SLP 29.65 ON  7

[REMARKS]
