000
CXUS56 KTFX 231205
CF6CTB
PRELIMINARY LOCAL CLIMATOLOGICAL DATA (WS FORM: F-6)

                                          STATION:   CUT BANK MT
                                          MONTH:     APRIL
                                          YEAR:      2018
                                          LATITUDE:   48 37 N
                                          LONGITUDE: 112 23 W

  TEMPERATURE IN F:       :PCPN:    SNOW:  WIND      :SUNSHINE: SKY     :PK WND
================================================================================
1   2   3   4   5  6A  6B    7    8   9   10  11  12  13   14  15   16   17  18
                                     12Z  AVG MX 2MIN
DY MAX MIN AVG DEP HDD CDD  WTR  SNW DPTH SPD SPD DIR MIN PSBL S-S WX    SPD DR
================================================================================

 1  26   7  17 -20  48   0    T    M    T  9.5 20 360   M    M   7 18     22 360
 2  15  -3   6 -31  59   0    T    M    4 14.5 24 340   M    M   8 128    29 350
 3  35  -7  14 -23  51   0 0.00    M    2  4.9 20 260   M    M   3 18     23 260
 4  44  14  29  -9  36   0    T    M    0 10.2 31 340   M    M   4 18     38 360
 5  21  10  16 -22  49   0    T    M    0 10.7 21 350   M    M  10 18     25 360
 6  14   6  10 -28  55   0    T    M    T 10.8 18 140   M    M  10 18     23 140
 7  20  11  16 -22  49   0    T    M    3  8.2 16 140   M    M  10 12     19 130
 8  29  13  21 -18  44   0 0.00    M    4  8.3 16 340   M    M   8 1      18 330
 9  50  11  31  -8  34   0 0.00    M    0 16.4 28 270   M    M   1 1      35 260
10  53  32  43   4  22   0 0.00    M    0 11.5 23 250   M    M   2        28 260
11  53  33  43   3  22   0 0.00    M    0 13.9 23 270   M    M   1        29 260
12  34  26  30 -10  35   0 0.13    M    0  9.1 20  20   M    M   9 12     22  20
13  38  23  31  -9  34   0    T    M    2 14.2 31 240   M    M   4 12     36 260
14  52  35  44   4  21   0 0.00    M    2 15.1 26 240   M    M   1        33 240
15  57  32  45   4  20   0 0.00    M    0  7.9 25 210   M    M   2        34 210
16  38  31  35  -6  30   0 0.21    M    0 13.2 24 320   M    M   9 126    30 320
17  48  30  39  -2  26   0 0.00    M    0 24.8 43 260   M    M   1        51 260
18  50  28  39  -3  26   0 0.00    M    0 11.6 28 260   M    M   1        32 260
19  56  26  41  -1  24   0 0.00    M    0  5.2 13 100   M    M   0 8      19 110
20  61  27  44   2  21   0 0.00    M    0  8.4 24 260   M    M   0        28 270
21  57  37  47   5  18   0 0.00    M    0 21.0 49 260   M    M   1        60 260
22  55  29  42  -1  23   0 0.00    M    0 12.8 21 270   M    M   0        27 250
================================================================================
SM  906  451       747   0  0.34    M    262.2          M       92
================================================================================
AV 41.2 20.5                              11.9 FASTST   M    M   4    MAX(MPH)
                                 MISC ---->  # 49 260               # 60  260
================================================================================
NOTES:
# LAST OF SEVERAL OCCURRENCES

COLUMN 17 PEAK WIND IN M.P.H.

PRELIMINARY LOCAL CLIMATOLOGICAL DATA (WS FORM: F-6) , PAGE 2

                                          STATION:  CUT BANK MT
                                          MONTH:    APRIL
                                          YEAR:     2018
                                          LATITUDE:   48 37 N
                                          LONGITUDE: 112 23 W

[TEMPERATURE DATA]      [PRECIPITATION DATA]       SYMBOLS USED IN COLUMN 16

AVERAGE MONTHLY: 30.8   TOTAL FOR MONTH:   0.34    1 = FOG OR MIST
DPTR FM NORMAL:  -8.9   DPTR FM NORMAL:   -0.17    2 = FOG REDUCING VISIBILITY
HIGHEST:    61 ON 20    GRTST 24HR  0.21 ON 16-16      TO 1/4 MILE OR LESS
LOWEST:     -7 ON  3                               3 = THUNDER
                        SNOW, ICE PELLETS, HAIL    4 = ICE PELLETS
                        TOTAL MONTH:    M          5 = HAIL
                        GRTST 24HR    M  ON   M    6 = FREEZING RAIN OR DRIZZLE
                        GRTST DEPTH:   4 ON  8, 2  7 = DUSTSTORM OR SANDSTORM:
                                                       VSBY 1/2 MILE OR LESS
                                                   8 = SMOKE OR HAZE
[NO. OF DAYS WITH]      [WEATHER - DAYS WITH]      9 = BLOWING SNOW
                                                   X = TORNADO
MAX 32 OR BELOW:   6    0.01 INCH OR MORE:   2
MAX 90 OR ABOVE:   0    0.10 INCH OR MORE:   2
MIN 32 OR BELOW:  19    0.50 INCH OR MORE:   0
MIN  0 OR BELOW:   2    1.00 INCH OR MORE:   0

[HDD (BASE 65) ]
TOTAL THIS MO.   747    CLEAR  (SCALE 0-3)  11
DPTR FM NORMAL   194    PTCLDY (SCALE 4-7)   6
TOTAL FM JUL 1  8529    CLOUDY (SCALE 8-10)  5
DPTR FM NORMAL   878

[CDD (BASE 65) ]
TOTAL THIS MO.     0
DPTR FM NORMAL     0    [PRESSURE DATA]
TOTAL FM JAN 1     0    HIGHEST SLP M ON M
DPTR FM NORMAL     0    LOWEST  SLP 29.37 ON 16

[REMARKS]
