000
CXUS54 KHUN 271015
CF6DCU
PRELIMINARY LOCAL CLIMATOLOGICAL DATA (WS FORM: F-6)

                                          STATION:   DECATUR
                                          MONTH:     MAY
                                          YEAR:      2018
                                          LATITUDE:   34 39 N
                                          LONGITUDE:  86 56 W

  TEMPERATURE IN F:       :PCPN:    SNOW:  WIND      :SUNSHINE: SKY     :PK WND
================================================================================
1   2   3   4   5  6A  6B    7    8   9   10  11  12  13   14  15   16   17  18
                                     12Z  AVG MX 2MIN
DY MAX MIN AVG DEP HDD CDD  WTR  SNW DPTH SPD SPD DIR MIN PSBL S-S WX    SPD DR
================================================================================

 1  84  46  65   0   0   0 0.00  0.0    0  6.7 17 170   M    M   0        23 170
 2  85  57  71   6   0   6 0.00  0.0    0  7.9 20 190   M    M   0        28 180
 3  85  58  72   6   0   7 0.00  0.0    0  8.1 17 170   M    M   0 1      27 170
 4  84  66  75   9   0  10 0.00  0.0    0  4.8 15 220   M    M   1        22 220
 5  75  57  66   0   0   1 0.42  0.0    0  2.7 15 330   M    M   4 13     18 340
 6  79  53  66  -1   0   1    T  0.0    0  5.4 26 350   M    M   2 123    37 350
 7  84  53  69   2   0   4    T  0.0    0  2.2 14  40   M    M   2 13     18  30
 8  83  54  69   2   0   4 0.00  0.0    0  2.4 13 250   M    M   0        15 250
 9  88  55  72   5   0   7 0.00  0.0    0  6.9 16 200   M    M   1 8      21 200
10  88  63  76   8   0  11 0.00  0.0    0  7.0 16 280   M    M   0 8      21 280
11  90  61  76   8   0  11 0.00  0.0    0  6.3 17 210   M    M   0 18     21 200
12  90  59  75   7   0  10 0.00  0.0    0  3.9 13 210   M    M   0        17 230
13  91  59  75   6   0  10 0.00  0.0    0  2.8 12 310   M    M   0 1      16 310
14  93  62  78   9   0  13 0.00  0.0    0  2.8 13 360   M    M   1 1      16 360
15  93  64  79  10   0  14 1.35  0.0    0  4.6 33  60   M    M   2 138    62  90
16  85  65  75   6   0  10 0.13  0.0    0  3.8 23 180   M    M   2 13     26 170
17  81  67  74   4   0   9    T  0.0    0  3.5 18 170   M    M   6 13     20 170
18  81  66  74   4   0   9    T  0.0    0  4.8 16 180   M    M   8 13     19 200
19  89  66  78   8   0  13 0.00  0.0    0  4.8 14 180   M    M   1 1      17 350
20  93  67  80  10   0  15 0.52  0.0    0  3.7 26  30   M    M   2 138    38  70
21  84  66  75   4   0  10 0.00  0.0    0  7.9 20 140   M    M   2 8      23 130
22  86  66  76   5   0  11    T  0.0    0  3.0  9  80   M    M   6        15  80
23  89  67  78   7   0  13 0.00  0.0    0  4.5 13 360   M    M   0        23  40
24  90  66  78   6   0  13 0.00  0.0    0  2.4 12 160   M    M   1 1      17 180
25  90  68  79   7   0  14 0.67  0.0    0  4.6 21  10   M    M   3 138    28 350
26  84  68  76   4   0  11 0.00  0.0    0  4.0  9 230   M    M   5 1      13 190
================================================================================
SM 2244 1599         0 237  3.09     0.0 121.5          M       49
================================================================================
AV 86.3 61.5                               4.7 FASTST   M    M   2    MAX(MPH)
                                 MISC ---->  # 33  60               # 62   90
================================================================================
NOTES:
# LAST OF SEVERAL OCCURRENCES

COLUMN 17 PEAK WIND IN M.P.H.

PRELIMINARY LOCAL CLIMATOLOGICAL DATA (WS FORM: F-6) , PAGE 2

                                          STATION:  DECATUR
                                          MONTH:    MAY
                                          YEAR:     2018
                                          LATITUDE:   34 39 N
                                          LONGITUDE:  86 56 W

[TEMPERATURE DATA]      [PRECIPITATION DATA]       SYMBOLS USED IN COLUMN 16

AVERAGE MONTHLY: 73.9   TOTAL FOR MONTH:   3.09    1 = FOG OR MIST
DPTR FM NORMAL:   5.2   DPTR FM NORMAL:   -0.63    2 = FOG REDUCING VISIBILITY
HIGHEST:    93 ON 20,15 GRTST 24HR  1.35 ON 15-15      TO 1/4 MILE OR LESS
LOWEST:     46 ON  1                               3 = THUNDER
                        SNOW, ICE PELLETS, HAIL    4 = ICE PELLETS
                        TOTAL MONTH:   0.0 INCH    5 = HAIL
                        GRTST 24HR     0.0         6 = FREEZING RAIN OR DRIZZLE
                        GRTST DEPTH:   0           7 = DUSTSTORM OR SANDSTORM:
                                                       VSBY 1/2 MILE OR LESS
                                                   8 = SMOKE OR HAZE
[NO. OF DAYS WITH]      [WEATHER - DAYS WITH]      9 = BLOWING SNOW
                                                   X = TORNADO
MAX 32 OR BELOW:   0    0.01 INCH OR MORE:   5
MAX 90 OR ABOVE:   8    0.10 INCH OR MORE:   5
MIN 32 OR BELOW:   0    0.50 INCH OR MORE:   3
MIN  0 OR BELOW:   0    1.00 INCH OR MORE:   1

[HDD (BASE 65) ]
TOTAL THIS MO.     0    CLEAR  (SCALE 0-3)  21
DPTR FM NORMAL   -31    PTCLDY (SCALE 4-7)   5
TOTAL FM JUL 1  3236    CLOUDY (SCALE 8-10)  0
DPTR FM NORMAL    13

[CDD (BASE 65) ]
TOTAL THIS MO.   237
DPTR FM NORMAL   111    [PRESSURE DATA]
TOTAL FM JAN 1   277    HIGHEST SLP M ON M
DPTR FM NORMAL    95    LOWEST  SLP 29.79 ON 17

[REMARKS]
