000
CXUS54 KMAF 241100
CF6E38
PRELIMINARY LOCAL CLIMATOLOGICAL DATA (WS FORM: F-6)

                                          STATION:   Alpine-Casparis Municipal
                                          MONTH:     APRIL
                                          YEAR:      2018
                                          LATITUDE:   30 23 N
                                          LONGITUDE: 103 41 W

  TEMPERATURE IN F:       :PCPN:    SNOW:  WIND      :SUNSHINE: SKY     :PK WND
================================================================================
1   2   3   4   5  6A  6B    7    8   9   10  11  12  13   14  15   16   17  18
                                     12Z  AVG MX 2MIN
DY MAX MIN AVG DEP HDD CDD  WTR  SNW DPTH SPD SPD DIR MIN PSBL S-S WX    SPD DR
================================================================================

 1  88  48  68   M   0   3 0.00  0.0    0  6.3 13 250   M    M   0        16 220
 2  85  52  69   M   0   4 0.00  0.0    0  8.8 20 250   M    M   0        29 270
 3  84  54  69   M   0   4 0.00  0.0    0 11.1 16 250   M    M   0        27  50
 4  76  38  57   M   8   0 0.00  0.0    0  7.6 13 150   M    M   0        20  30
 5  87  52  70   M   0   5 0.00  0.0    0 10.0 17 280   M    M   0        24 240
 6  83  51  67   M   0   2 0.00  0.0    0 10.7 20 290   M    M   0        30 280
 7  68  35  52   M  13   0 0.00  0.0    0  7.3 16  60   M    M   0        21  60
 8  91  52  72   M   0   7 0.00  0.0    0 13.9 24 270   M    M   0        32 270
 9  78  52  65   M   0   0 0.00  0.0    0  8.2 24 290   M    M   0        38 290
10  78  46  62   M   3   0 0.00  0.0    0  7.3 13 160   M    M   3        18 140
11  91  56  74   M   0   9 0.00  0.0    0 11.1 20 210   M    M   0        28 210
12  92  63  78   M   0  13 0.00  0.0    0 13.6 22 220   M    M   0        37 210
13  78  46  62   M   3   0 0.00  0.0    0 21.4 37 260   M    M   2        50 260
14  67  33  50   M  15   0 0.00  0.0    0  6.1 15 300   M    M   0        25 270
15  79  37  58   M   7   0 0.00  0.0    0  7.1 10 220   M    M   0        21 240
16  88  51  70   M   0   5 0.00  0.0    0 11.8 23 230   M    M   0        30 230
17  91  54  73   M   0   8 0.00  0.0    0 11.4 21 220   M    M   0        32 240
18  74  46  60   M   5   0 0.00  0.0    0  8.8 21 360   M    M   0        25 360
19  73  49  61   M   4   0 0.00  0.0    0  8.8 17 120   M    M   0        24 110
20  84  54  69   M   0   4 0.00  0.0    0 14.7 27 210   M    M   0        36 160
21  79  44  62   M   3   0 0.00  0.0    0  8.9 17 250   M    M   0        28 260
22  73  39  56   M   9   0 0.00  0.0    0  3.8  9  60   M    M   2         M  M
23  84  47  66   M   0   1 0.00  0.0    0  4.7 12 160   M    M   1         M  M
================================================================================
SM 1871 1099        70  65  0.00     0.0 223.4          M        8
================================================================================
AV 81.4 47.8                               9.7 FASTST   M    M   0    MAX(MPH)
                                 MISC ---->  # 37 260               # 50  260
================================================================================
NOTES:
# LAST OF SEVERAL OCCURRENCES

COLUMN 17 PEAK WIND IN M.P.H.

PRELIMINARY LOCAL CLIMATOLOGICAL DATA (WS FORM: F-6) , PAGE 2

                                          STATION:  Alpine-Casparis Municipal
                                          MONTH:    APRIL
                                          YEAR:     2018
                                          LATITUDE:   30 23 N
                                          LONGITUDE: 103 41 W

[TEMPERATURE DATA]      [PRECIPITATION DATA]       SYMBOLS USED IN COLUMN 16

AVERAGE MONTHLY: 64.6   TOTAL FOR MONTH:   0.00    1 = FOG OR MIST
DPTR FM NORMAL:     M   DPTR FM NORMAL:       M    2 = FOG REDUCING VISIBILITY
HIGHEST:    92 ON 12    GRTST 24HR  0.00 ON 23-23      TO 1/4 MILE OR LESS
LOWEST:     33 ON 14                               3 = THUNDER
                        SNOW, ICE PELLETS, HAIL    4 = ICE PELLETS
                        TOTAL MONTH:   0.0 INCH    5 = HAIL
                        GRTST 24HR     0.0         6 = FREEZING RAIN OR DRIZZLE
                        GRTST DEPTH:   0           7 = DUSTSTORM OR SANDSTORM:
                                                       VSBY 1/2 MILE OR LESS
                                                   8 = SMOKE OR HAZE
[NO. OF DAYS WITH]      [WEATHER - DAYS WITH]      9 = BLOWING SNOW
                                                   X = TORNADO
MAX 32 OR BELOW:   0    0.01 INCH OR MORE:   0
MAX 90 OR ABOVE:   4    0.10 INCH OR MORE:   0
MIN 32 OR BELOW:   0    0.50 INCH OR MORE:   0
MIN  0 OR BELOW:   0    1.00 INCH OR MORE:   0

[HDD (BASE 65) ]
TOTAL THIS MO.    70    CLEAR  (SCALE 0-3)  23
DPTR FM NORMAL     M    PTCLDY (SCALE 4-7)   0
TOTAL FM JUL 1  2035    CLOUDY (SCALE 8-10)  0
DPTR FM NORMAL     M

[CDD (BASE 65) ]
TOTAL THIS MO.    65
DPTR FM NORMAL     M    [PRESSURE DATA]
TOTAL FM JAN 1    92    HIGHEST SLP M ON M
DPTR FM NORMAL     M    LOWEST  SLP M ON M

[REMARKS]
